{"id":111906,"date":"2025-05-29T13:16:35","date_gmt":"2025-05-29T11:16:35","guid":{"rendered":"https:\/\/abinox-chr-clim.com\/index.php\/product\/table-bistro-ronde-en-acier-ajoure-bolero-noire-600mm-lot-de-15\/"},"modified":"2026-04-13T08:25:08","modified_gmt":"2026-04-13T06:25:08","slug":"table-bistro-ronde-en-acier-ajoure-bolero-noire-600mm-lot-de-15","status":"publish","type":"product","link":"https:\/\/abinox-chr-clim.com\/index.php\/product\/table-bistro-ronde-en-acier-ajoure-bolero-noire-600mm-lot-de-15\/","title":{"rendered":"Table bistro ronde en acier ajour\u00e9 Bolero noire 600mm (lot de 15)"},"content":{"rendered":"<p>Table bistro d&rsquo;ext\u00e9rieur, id\u00e9ale pour les patios, terrasses et caf\u00e9s. Plusieurs couleurs disponibles.<\/p>\n<p>\u2022 A monter soi-m\u00eame<br \/>\u2022 Utilisation int\u00e9rieure et ext\u00e9rieure<br \/>\u2022 Facile \u00e0 nettoyer<br \/>\u2022 R\u00e9f\u00e9rence soumise \u00e0 une Eco-participation de 0.2\u20ac par unit\u00e9 vendue applicable en France uniquement\u00a0<br \/>\u2022 Aspect \u00e9pur\u00e9 facile \u00e0 assortir \u00e0 tout d\u00e9cor existant<\/p>\n<p><b><u>Caract\u00e9ristiques du produit :<\/u><\/b><br \/>\u2022 Dim. : 710(H)x 600(L)x 600(P)mm<br \/>\u2022 Poids : 5 kg<br \/>\u2022 Couleur : Noir.<\/p>\n","protected":false},"excerpt":{"rendered":"<p>Structure et plateau en acier. 710(H)x 600(L)x 600(P)mm. lot de 15<\/p>\n","protected":false},"featured_media":107640,"comment_status":"open","ping_status":"closed","template":"","meta":[],"product_brand":[],"product_cat":[1202,1201,1296,1207],"product_tag":[],"class_list":{"0":"post-111906","1":"product","2":"type-product","3":"status-publish","4":"has-post-thumbnail","6":"product_cat-exterieur","7":"product_cat-mobilier","8":"product_cat-palettisable","9":"product_cat-tables","10":"product_shipping_class-free-shipping","12":"first","13":"instock","14":"featured","15":"taxable","16":"shipping-taxable","17":"purchasable","18":"product-type-simple"},"_links":{"self":[{"href":"https:\/\/abinox-chr-clim.com\/index.php\/wp-json\/wp\/v2\/product\/111906","targetHints":{"allow":["GET"]}}],"collection":[{"href":"https:\/\/abinox-chr-clim.com\/index.php\/wp-json\/wp\/v2\/product"}],"about":[{"href":"https:\/\/abinox-chr-clim.com\/index.php\/wp-json\/wp\/v2\/types\/product"}],"replies":[{"embeddable":true,"href":"https:\/\/abinox-chr-clim.com\/index.php\/wp-json\/wp\/v2\/comments?post=111906"}],"wp:featuredmedia":[{"embeddable":true,"href":"https:\/\/abinox-chr-clim.com\/index.php\/wp-json\/wp\/v2\/media\/107640"}],"wp:attachment":[{"href":"https:\/\/abinox-chr-clim.com\/index.php\/wp-json\/wp\/v2\/media?parent=111906"}],"wp:term":[{"taxonomy":"product_brand","embeddable":true,"href":"https:\/\/abinox-chr-clim.com\/index.php\/wp-json\/wp\/v2\/product_brand?post=111906"},{"taxonomy":"product_cat","embeddable":true,"href":"https:\/\/abinox-chr-clim.com\/index.php\/wp-json\/wp\/v2\/product_cat?post=111906"},{"taxonomy":"product_tag","embeddable":true,"href":"https:\/\/abinox-chr-clim.com\/index.php\/wp-json\/wp\/v2\/product_tag?post=111906"}],"curies":[{"name":"wp","href":"https:\/\/api.w.org\/{rel}","templated":true}]}}