{"id":111901,"date":"2025-05-29T13:16:26","date_gmt":"2025-05-29T11:16:26","guid":{"rendered":"https:\/\/abinox-chr-clim.com\/index.php\/product\/plancha-electrique-sur-meuble-serie-600-buffalo-600mm\/"},"modified":"2026-04-13T08:16:27","modified_gmt":"2026-04-13T06:16:27","slug":"plancha-electrique-sur-meuble-serie-600-buffalo-600mm","status":"publish","type":"product","link":"https:\/\/abinox-chr-clim.com\/index.php\/product\/plancha-electrique-sur-meuble-serie-600-buffalo-600mm\/","title":{"rendered":"Plancha \u00e9lectrique sur meuble S\u00e9rie 600 Buffalo 600mm"},"content":{"rendered":"<p>Planchas de comptoir fiables avec mont\u00e9e et retour en temp\u00e9rature rapides. Comprend un tiroir de r\u00e9cup\u00e9ration des graisses grande capacit\u00e9.<\/p>\n<p>\u2022 La plaque en acier doux durable de 10 mm d&rsquo;\u00e9paisseur conserve la chaleur plus longtemps.<br \/>\u2022 Meuble grande capacit\u00e9, id\u00e9al pour ranger les ustensiles de cuisine.<br \/>\u2022 Construction en acier inoxydable facile \u00e0 nettoyer et permettant de gagner du temps<br \/>\u2022 Grand tiroir de r\u00e9cup\u00e9ration des graisses d&rsquo;une capacit\u00e9 de 1 litre<br \/>\u2022 Cadran de contr\u00f4le convivial 50-300\u00b0C<br \/>\u2022 Les r\u00e9sistances plac\u00e9es sous la plaque de cuisson assurent une r\u00e9partition uniforme de la chaleur et une mont\u00e9e en temp\u00e9rature rapide.<br \/>\u2022 Protections anti\u00e9claboussures en acier inoxydable \u00e0 l&rsquo;arri\u00e8re et sur les c\u00f4t\u00e9s de la surface de cuisson<br \/>\u2022 Les plaques enti\u00e8rement soud\u00e9es \u00e9liminent les pi\u00e8ges \u00e0 salet\u00e9s et facilitent le nettoyage.<br \/>\u2022 La plaque lisse maximise le contact entre les aliments et la surface de cuisson, r\u00e9duisant ainsi les temps de cuisson.<br \/>\u2022 Deux zones de chaleur avec commandes ind\u00e9pendantes pour une cuisson polyvalente<\/p>\n<p><b><u>Caract\u00e9ristiques du produit :<\/u><\/b><br \/>\u2022 Dim. : 850(H) x 600(L) x 600(P) mm<br \/>\u2022 Temp\u00e9rature : 50 \u00b0C \u00e0 300 \u00b0C<br \/>\u2022 Voltage : 400V<br \/>\u2022 Poids : 35,1 kg<br \/>\u2022 Type : Electrique<br \/>\u2022 Couleur : Argent.<\/p>\n","protected":false},"excerpt":{"rendered":"<p>4,5kW. Largeur : 600 mm. Plaque lisse<\/p>\n","protected":false},"featured_media":106836,"comment_status":"open","ping_status":"closed","template":"","meta":[],"product_brand":[],"product_cat":[1185,1160,1296,1179],"product_tag":[],"class_list":{"0":"post-111901","1":"product","2":"type-product","3":"status-publish","4":"has-post-thumbnail","6":"product_cat-grils-et-plaques-de-cuisson","7":"product_cat-materiel-electrique-et-de-cuisson","8":"product_cat-palettisable","9":"product_cat-petit-materiel","10":"product_shipping_class-free-shipping","12":"first","13":"instock","14":"featured","15":"taxable","16":"shipping-taxable","17":"purchasable","18":"product-type-simple"},"_links":{"self":[{"href":"https:\/\/abinox-chr-clim.com\/index.php\/wp-json\/wp\/v2\/product\/111901","targetHints":{"allow":["GET"]}}],"collection":[{"href":"https:\/\/abinox-chr-clim.com\/index.php\/wp-json\/wp\/v2\/product"}],"about":[{"href":"https:\/\/abinox-chr-clim.com\/index.php\/wp-json\/wp\/v2\/types\/product"}],"replies":[{"embeddable":true,"href":"https:\/\/abinox-chr-clim.com\/index.php\/wp-json\/wp\/v2\/comments?post=111901"}],"wp:featuredmedia":[{"embeddable":true,"href":"https:\/\/abinox-chr-clim.com\/index.php\/wp-json\/wp\/v2\/media\/106836"}],"wp:attachment":[{"href":"https:\/\/abinox-chr-clim.com\/index.php\/wp-json\/wp\/v2\/media?parent=111901"}],"wp:term":[{"taxonomy":"product_brand","embeddable":true,"href":"https:\/\/abinox-chr-clim.com\/index.php\/wp-json\/wp\/v2\/product_brand?post=111901"},{"taxonomy":"product_cat","embeddable":true,"href":"https:\/\/abinox-chr-clim.com\/index.php\/wp-json\/wp\/v2\/product_cat?post=111901"},{"taxonomy":"product_tag","embeddable":true,"href":"https:\/\/abinox-chr-clim.com\/index.php\/wp-json\/wp\/v2\/product_tag?post=111901"}],"curies":[{"name":"wp","href":"https:\/\/api.w.org\/{rel}","templated":true}]}}