{"id":111887,"date":"2025-05-29T13:15:56","date_gmt":"2025-05-29T11:15:56","guid":{"rendered":"https:\/\/abinox-chr-clim.com\/index.php\/product\/ensemble-table-et-2-chaises-pliantes-dexterieur-en-acier-noir-bolero\/"},"modified":"2026-04-13T07:59:00","modified_gmt":"2026-04-13T05:59:00","slug":"ensemble-table-et-2-chaises-pliantes-dexterieur-en-acier-noir-bolero","status":"publish","type":"product","link":"https:\/\/abinox-chr-clim.com\/index.php\/product\/ensemble-table-et-2-chaises-pliantes-dexterieur-en-acier-noir-bolero\/","title":{"rendered":"Ensemble table et 2 chaises pliantes d&rsquo;ext\u00e9rieur en acier noir Bolero"},"content":{"rendered":"<p>Table bistro d&rsquo;ext\u00e9rieur, id\u00e9ale pour les patios, terrasses et caf\u00e9s. Plusieurs couleurs disponibles.<\/p>\n<p>\u2022 Construction l\u00e9g\u00e8re pour une installation rapide<br \/>\u2022 Les chaises empilables et pliables permettent d&rsquo;\u00e9conomiser de l&rsquo;espace de stockage<br \/>\u2022 Chaises livr\u00e9es enti\u00e8rement assembl\u00e9es, la table n\u00e9cessite un assemblage (facile \u00e0 effectuer)<br \/>\u2022 Les patins de chaises \u00e9vitent d&rsquo;endommager les sols et r\u00e9duisent le risque de glisse<br \/>\u2022 La construction en acier robuste offre du mobilier durable<br \/>\u2022 Convient pour une utilisation en int\u00e9rieur et en ext\u00e9rieur &#8211; r\u00e9sistant aux intemp\u00e9ries, \u00e0 la corrosion et aux chocs<\/p>\n<p><b><u>Caract\u00e9ristiques du produit :<\/u><\/b><br \/>\u2022 Dim. : Table : 710(H) x 600(L) x 600(P)mm | Chaises (chacune) : 800(H) x 387(L) x 471(P)mm. Hauteur d&rsquo;assise : 440 mm<br \/>\u2022 Poids : 14,7 kg<br \/>\u2022 Couleur : Noir.<\/p>\n","protected":false},"excerpt":{"rendered":"<p>Table : 710(H) x 600(L) x 600(P)mm | Hauteur d&rsquo;assise : 440mm<\/p>\n","protected":false},"featured_media":107757,"comment_status":"open","ping_status":"closed","template":"","meta":[],"product_brand":[],"product_cat":[1202,1201,1296,1207],"product_tag":[],"class_list":{"0":"post-111887","1":"product","2":"type-product","3":"status-publish","4":"has-post-thumbnail","6":"product_cat-exterieur","7":"product_cat-mobilier","8":"product_cat-palettisable","9":"product_cat-tables","10":"product_shipping_class-free-shipping","12":"first","13":"instock","14":"featured","15":"taxable","16":"shipping-taxable","17":"purchasable","18":"product-type-simple"},"_links":{"self":[{"href":"https:\/\/abinox-chr-clim.com\/index.php\/wp-json\/wp\/v2\/product\/111887","targetHints":{"allow":["GET"]}}],"collection":[{"href":"https:\/\/abinox-chr-clim.com\/index.php\/wp-json\/wp\/v2\/product"}],"about":[{"href":"https:\/\/abinox-chr-clim.com\/index.php\/wp-json\/wp\/v2\/types\/product"}],"replies":[{"embeddable":true,"href":"https:\/\/abinox-chr-clim.com\/index.php\/wp-json\/wp\/v2\/comments?post=111887"}],"wp:featuredmedia":[{"embeddable":true,"href":"https:\/\/abinox-chr-clim.com\/index.php\/wp-json\/wp\/v2\/media\/107757"}],"wp:attachment":[{"href":"https:\/\/abinox-chr-clim.com\/index.php\/wp-json\/wp\/v2\/media?parent=111887"}],"wp:term":[{"taxonomy":"product_brand","embeddable":true,"href":"https:\/\/abinox-chr-clim.com\/index.php\/wp-json\/wp\/v2\/product_brand?post=111887"},{"taxonomy":"product_cat","embeddable":true,"href":"https:\/\/abinox-chr-clim.com\/index.php\/wp-json\/wp\/v2\/product_cat?post=111887"},{"taxonomy":"product_tag","embeddable":true,"href":"https:\/\/abinox-chr-clim.com\/index.php\/wp-json\/wp\/v2\/product_tag?post=111887"}],"curies":[{"name":"wp","href":"https:\/\/api.w.org\/{rel}","templated":true}]}}