{"id":111817,"date":"2025-05-29T12:53:09","date_gmt":"2025-05-29T10:53:09","guid":{"rendered":"https:\/\/abinox-chr-clim.com\/index.php\/product\/couteau-en-bambou-sier-disposables-90-mm-lot-de-30\/"},"modified":"2026-04-14T11:49:30","modified_gmt":"2026-04-14T09:49:30","slug":"couteau-en-bambou-sier-disposables-90-mm-lot-de-30","status":"publish","type":"product","link":"https:\/\/abinox-chr-clim.com\/index.php\/product\/couteau-en-bambou-sier-disposables-90-mm-lot-de-30\/","title":{"rendered":"Couteau en bambou Sier Disposables 90 mm (lot de 30)"},"content":{"rendered":"<p>\u2022 90 mm (L)<br \/>\u2022 Fabriqu\u00e9 en bambou, 100% naturel<br \/>\u2022 Ne lib\u00e8re aucun go\u00fbt d\u00e9sagr\u00e9able<br \/>\u2022 Respectueux de l&rsquo;environnement <\/p>\n","protected":false},"excerpt":{"rendered":"<p>90 mm. Lot de 30<\/p>\n","protected":false},"featured_media":109234,"comment_status":"open","ping_status":"closed","template":"","meta":[],"product_brand":[],"product_cat":[1277,1297],"product_tag":[],"class_list":{"0":"post-111817","1":"product","2":"type-product","3":"status-publish","4":"has-post-thumbnail","6":"product_cat-divers-principal","7":"product_cat-non-palettisable","8":"product_shipping_class-free-shipping","10":"first","11":"instock","12":"featured","13":"taxable","14":"shipping-taxable","15":"purchasable","16":"product-type-simple"},"_links":{"self":[{"href":"https:\/\/abinox-chr-clim.com\/index.php\/wp-json\/wp\/v2\/product\/111817","targetHints":{"allow":["GET"]}}],"collection":[{"href":"https:\/\/abinox-chr-clim.com\/index.php\/wp-json\/wp\/v2\/product"}],"about":[{"href":"https:\/\/abinox-chr-clim.com\/index.php\/wp-json\/wp\/v2\/types\/product"}],"replies":[{"embeddable":true,"href":"https:\/\/abinox-chr-clim.com\/index.php\/wp-json\/wp\/v2\/comments?post=111817"}],"wp:featuredmedia":[{"embeddable":true,"href":"https:\/\/abinox-chr-clim.com\/index.php\/wp-json\/wp\/v2\/media\/109234"}],"wp:attachment":[{"href":"https:\/\/abinox-chr-clim.com\/index.php\/wp-json\/wp\/v2\/media?parent=111817"}],"wp:term":[{"taxonomy":"product_brand","embeddable":true,"href":"https:\/\/abinox-chr-clim.com\/index.php\/wp-json\/wp\/v2\/product_brand?post=111817"},{"taxonomy":"product_cat","embeddable":true,"href":"https:\/\/abinox-chr-clim.com\/index.php\/wp-json\/wp\/v2\/product_cat?post=111817"},{"taxonomy":"product_tag","embeddable":true,"href":"https:\/\/abinox-chr-clim.com\/index.php\/wp-json\/wp\/v2\/product_tag?post=111817"}],"curies":[{"name":"wp","href":"https:\/\/api.w.org\/{rel}","templated":true}]}}