{"id":111777,"date":"2025-05-29T12:51:44","date_gmt":"2025-05-29T10:51:44","guid":{"rendered":"https:\/\/abinox-chr-clim.com\/index.php\/product\/chaises-de-terrasse-pliantes-en-acier-bolero-perth-jaunes-lot-de-2\/"},"modified":"2025-08-26T15:09:35","modified_gmt":"2025-08-26T13:09:35","slug":"chaises-de-terrasse-pliantes-en-acier-bolero-perth-jaunes-lot-de-2","status":"publish","type":"product","link":"https:\/\/abinox-chr-clim.com\/index.php\/product\/chaises-de-terrasse-pliantes-en-acier-bolero-perth-jaunes-lot-de-2\/","title":{"rendered":"Chaises de terrasse pliantes en acier Bolero Perth jaunes (Lot de 2)"},"content":{"rendered":"<p>\u2022 Le design facile \u00e0 nettoyer permet une mise en place rapide<br \/>\u2022 Parfaite pour les petits espaces terrasse gr\u00e2ce \u00e0 son design compact<br \/>\u2022 Les embouts de pied prot\u00e8gent le sol et aident \u00e0 r\u00e9duire le risque de glisse<br \/>\u2022 Convient \u00e0 une utilisation en int\u00e9rieur ou en ext\u00e9rieur<br \/>\u2022 Le style industriel donnera une touche fra\u00eeche \u00e0 vos espaces<br \/>\u2022 Le cadre \u00e0 rev\u00eatement poudr\u00e9 avec traitement par \u00e9lectrophor\u00e8se offre une excellente durabilit\u00e9<br \/>\u2022 Le design pliable aide \u00e0 \u00e9conomiser de l&rsquo;espace de stockage<br \/>\u2022 Le coloris vif offre un style dynamique et accrocheur<br \/>\u2022 R\u00e9sistante aux UV, aux rayures et aux taches<\/p>\n<p><b><u>Caract\u00e9ristiques du produit :<\/u><\/b><br \/>\u2022 Lot : 2.0<br \/>\u2022 Dim. : 800(H) x 387(L) x 471(P) mm<br \/>\u2022 Mati\u00e8re : Acier rev\u00eatu de poudre<br \/>\u2022 Poids : 4,85 kg<br \/>\u2022 Couleur : Jaune.<\/p>\n","protected":false},"excerpt":{"rendered":"<p>Mat\u00e9riel : Acier thermolaqu\u00e9. Quantit\u00e9 par lot : 2<\/p>\n","protected":false},"featured_media":107276,"comment_status":"open","ping_status":"closed","template":"","meta":[],"product_brand":[],"product_cat":[1209,1208,1201,1296],"product_tag":[],"class_list":{"0":"post-111777","1":"product","2":"type-product","3":"status-publish","4":"has-post-thumbnail","6":"product_cat-chaises-interieur","7":"product_cat-interieur","8":"product_cat-mobilier","9":"product_cat-palettisable","10":"product_shipping_class-free-shipping","12":"first","13":"outofstock","14":"featured","15":"taxable","16":"shipping-taxable","17":"purchasable","18":"product-type-simple"},"_links":{"self":[{"href":"https:\/\/abinox-chr-clim.com\/index.php\/wp-json\/wp\/v2\/product\/111777","targetHints":{"allow":["GET"]}}],"collection":[{"href":"https:\/\/abinox-chr-clim.com\/index.php\/wp-json\/wp\/v2\/product"}],"about":[{"href":"https:\/\/abinox-chr-clim.com\/index.php\/wp-json\/wp\/v2\/types\/product"}],"replies":[{"embeddable":true,"href":"https:\/\/abinox-chr-clim.com\/index.php\/wp-json\/wp\/v2\/comments?post=111777"}],"wp:featuredmedia":[{"embeddable":true,"href":"https:\/\/abinox-chr-clim.com\/index.php\/wp-json\/wp\/v2\/media\/107276"}],"wp:attachment":[{"href":"https:\/\/abinox-chr-clim.com\/index.php\/wp-json\/wp\/v2\/media?parent=111777"}],"wp:term":[{"taxonomy":"product_brand","embeddable":true,"href":"https:\/\/abinox-chr-clim.com\/index.php\/wp-json\/wp\/v2\/product_brand?post=111777"},{"taxonomy":"product_cat","embeddable":true,"href":"https:\/\/abinox-chr-clim.com\/index.php\/wp-json\/wp\/v2\/product_cat?post=111777"},{"taxonomy":"product_tag","embeddable":true,"href":"https:\/\/abinox-chr-clim.com\/index.php\/wp-json\/wp\/v2\/product_tag?post=111777"}],"curies":[{"name":"wp","href":"https:\/\/api.w.org\/{rel}","templated":true}]}}