{"id":111761,"date":"2025-05-29T12:51:12","date_gmt":"2025-05-29T10:51:12","guid":{"rendered":"https:\/\/abinox-chr-clim.com\/index.php\/product\/couvercles-avec-bec-en-rpet-fiesta-recyclable-pour-gobelets-340-455-568ml-lot-de-400\/"},"modified":"2025-08-26T15:03:21","modified_gmt":"2025-08-26T13:03:21","slug":"couvercles-avec-bec-en-rpet-fiesta-recyclable-pour-gobelets-340-455-568ml-lot-de-400","status":"publish","type":"product","link":"https:\/\/abinox-chr-clim.com\/index.php\/product\/couvercles-avec-bec-en-rpet-fiesta-recyclable-pour-gobelets-340-455-568ml-lot-de-400\/","title":{"rendered":"Couvercles avec bec en rPET Fiesta Recyclable pour gobelets 340\/455\/568ml (lot de 400)"},"content":{"rendered":"<p>\u2022 Con\u00e7u pour boire directement au couvercle, pas besoin de paille<br \/>\u2022 Aide \u00e0 r\u00e9duire les co\u00fbts en \u00e9liminant le besoin de pailles<br \/>\u2022 Les couvercles sont compatibles avec les gobelets de 340ml (HU059), 455ml (HU060) et 568ml (HU061)<br \/>\u2022 Largement recyclable s&rsquo;il est exempt de salissures; veuillez v\u00e9rifier vos solutions de recyclage locales<br \/>\u2022 Des couvercles plats et d\u00f4mes sont \u00e9galement disponibles, voir les codes HU062 et HU063<\/p>\n<p><b><u>Caract\u00e9ristiques du produit :<\/u><\/b><br \/>\u2022 Lot : 400.0<br \/>\u2022 Dim. : 18(H) x 96(\u00d8)mm<br \/>\u2022 Mati\u00e8re : rPET<br \/>\u2022 Couleur : Transparent.<\/p>\n","protected":false},"excerpt":{"rendered":"<p>18(H)x96(\u00d8)mm. Quantit\u00e9 de l&#8217;emballage : 400<\/p>\n","protected":false},"featured_media":106624,"comment_status":"open","ping_status":"closed","template":"","meta":[],"product_brand":[],"product_cat":[1277,1297],"product_tag":[],"class_list":{"0":"post-111761","1":"product","2":"type-product","3":"status-publish","4":"has-post-thumbnail","6":"product_cat-divers-principal","7":"product_cat-non-palettisable","8":"product_shipping_class-free-shipping","10":"first","11":"outofstock","12":"featured","13":"taxable","14":"shipping-taxable","15":"purchasable","16":"product-type-simple"},"_links":{"self":[{"href":"https:\/\/abinox-chr-clim.com\/index.php\/wp-json\/wp\/v2\/product\/111761","targetHints":{"allow":["GET"]}}],"collection":[{"href":"https:\/\/abinox-chr-clim.com\/index.php\/wp-json\/wp\/v2\/product"}],"about":[{"href":"https:\/\/abinox-chr-clim.com\/index.php\/wp-json\/wp\/v2\/types\/product"}],"replies":[{"embeddable":true,"href":"https:\/\/abinox-chr-clim.com\/index.php\/wp-json\/wp\/v2\/comments?post=111761"}],"wp:featuredmedia":[{"embeddable":true,"href":"https:\/\/abinox-chr-clim.com\/index.php\/wp-json\/wp\/v2\/media\/106624"}],"wp:attachment":[{"href":"https:\/\/abinox-chr-clim.com\/index.php\/wp-json\/wp\/v2\/media?parent=111761"}],"wp:term":[{"taxonomy":"product_brand","embeddable":true,"href":"https:\/\/abinox-chr-clim.com\/index.php\/wp-json\/wp\/v2\/product_brand?post=111761"},{"taxonomy":"product_cat","embeddable":true,"href":"https:\/\/abinox-chr-clim.com\/index.php\/wp-json\/wp\/v2\/product_cat?post=111761"},{"taxonomy":"product_tag","embeddable":true,"href":"https:\/\/abinox-chr-clim.com\/index.php\/wp-json\/wp\/v2\/product_tag?post=111761"}],"curies":[{"name":"wp","href":"https:\/\/api.w.org\/{rel}","templated":true}]}}