{"id":111729,"date":"2025-05-29T12:50:08","date_gmt":"2025-05-29T10:50:08","guid":{"rendered":"https:\/\/abinox-chr-clim.com\/index.php\/product\/chaises-a-lattes-bolero-valletta-grises-lot-de-4\/"},"modified":"2026-04-14T11:30:41","modified_gmt":"2026-04-14T09:30:41","slug":"chaises-a-lattes-bolero-valletta-grises-lot-de-4","status":"publish","type":"product","link":"https:\/\/abinox-chr-clim.com\/index.php\/product\/chaises-a-lattes-bolero-valletta-grises-lot-de-4\/","title":{"rendered":"Chaises \u00e0 lattes Bolero Valletta grises (lot de 4)"},"content":{"rendered":"<p>Am\u00e9nagez votre espace ext\u00e9rieur avec les chaises \u00e0 lattes Bolero Valletta. Durables, faciles \u00e0 nettoyer et empilables pour un rangement peu encombrant, ces chaises \u00e9l\u00e9gantes sont parfaites pour les lieux commerciaux tr\u00e8s fr\u00e9quent\u00e9s.<\/p>\n<p>\u2022 Convient pour une utilisation int\u00e9rieure et ext\u00e9rieure<br \/>\u2022 Empilable &#8211; id\u00e9al pour un rangement peu encombrant<br \/>\u2022 R\u00e9sistant aux rayures, aux taches et aux UV<br \/>\u2022 Assise et dossier imitation lames en bois, en mat\u00e9riau r\u00e9sine durable<br \/>\u2022 Patins fournis pour aider \u00e0 prot\u00e9ger le sol<br \/>\u2022 Convient pour une utilisation commerciale quotidienne<br \/>\u2022 Tables assorties disponibles dans la gamme Bolero Valletta<br \/>\u2022 Les chaises sont conformes \u00e0 EN581-1:2017 Mobilier d&rsquo;ext\u00e9rieur Si\u00e8ges et tables pour le camping, un usage domestique et contractuel &#8211; Partie 1: Exigences g\u00e9n\u00e9rales de s\u00e9curit\u00e9. EN581-2: 2015\/AC 2016 Mobilier d&rsquo;ext\u00e9rieur Partie 2 Exigences de s\u00e9curit\u00e9 m\u00e9canique et m\u00e9thodes de test pour les si\u00e8ges (usage contractuel) et EN 1022:2023 Mobilier &#8211; Si\u00e8ges &#8211; D\u00e9termination de la stabilit\u00e9<\/p>\n<p><b><u>Caract\u00e9ristiques du produit :<\/u><\/b><br \/>\u2022 Couleur : Gris.<\/p>\n","protected":false},"excerpt":{"rendered":"<p>Lot de 4<\/p>\n","protected":false},"featured_media":105940,"comment_status":"open","ping_status":"closed","template":"","meta":[],"product_brand":[],"product_cat":[1209,1208,1201,1296],"product_tag":[],"class_list":{"0":"post-111729","1":"product","2":"type-product","3":"status-publish","4":"has-post-thumbnail","6":"product_cat-chaises-interieur","7":"product_cat-interieur","8":"product_cat-mobilier","9":"product_cat-palettisable","10":"product_shipping_class-free-shipping","12":"first","13":"instock","14":"featured","15":"taxable","16":"shipping-taxable","17":"purchasable","18":"product-type-simple"},"_links":{"self":[{"href":"https:\/\/abinox-chr-clim.com\/index.php\/wp-json\/wp\/v2\/product\/111729","targetHints":{"allow":["GET"]}}],"collection":[{"href":"https:\/\/abinox-chr-clim.com\/index.php\/wp-json\/wp\/v2\/product"}],"about":[{"href":"https:\/\/abinox-chr-clim.com\/index.php\/wp-json\/wp\/v2\/types\/product"}],"replies":[{"embeddable":true,"href":"https:\/\/abinox-chr-clim.com\/index.php\/wp-json\/wp\/v2\/comments?post=111729"}],"wp:featuredmedia":[{"embeddable":true,"href":"https:\/\/abinox-chr-clim.com\/index.php\/wp-json\/wp\/v2\/media\/105940"}],"wp:attachment":[{"href":"https:\/\/abinox-chr-clim.com\/index.php\/wp-json\/wp\/v2\/media?parent=111729"}],"wp:term":[{"taxonomy":"product_brand","embeddable":true,"href":"https:\/\/abinox-chr-clim.com\/index.php\/wp-json\/wp\/v2\/product_brand?post=111729"},{"taxonomy":"product_cat","embeddable":true,"href":"https:\/\/abinox-chr-clim.com\/index.php\/wp-json\/wp\/v2\/product_cat?post=111729"},{"taxonomy":"product_tag","embeddable":true,"href":"https:\/\/abinox-chr-clim.com\/index.php\/wp-json\/wp\/v2\/product_tag?post=111729"}],"curies":[{"name":"wp","href":"https:\/\/api.w.org\/{rel}","templated":true}]}}