{"id":111696,"date":"2025-05-29T12:49:01","date_gmt":"2025-05-29T10:49:01","guid":{"rendered":"https:\/\/abinox-chr-clim.com\/index.php\/product\/support-de-presentation-rond-en-bois-de-manguier-avec-pieds-en-metal-olympia-250x80mm\/"},"modified":"2025-08-26T14:55:58","modified_gmt":"2025-08-26T12:55:58","slug":"support-de-presentation-rond-en-bois-de-manguier-avec-pieds-en-metal-olympia-250x80mm","status":"publish","type":"product","link":"https:\/\/abinox-chr-clim.com\/index.php\/product\/support-de-presentation-rond-en-bois-de-manguier-avec-pieds-en-metal-olympia-250x80mm\/","title":{"rendered":"Support de pr\u00e9sentation rond en bois de manguier avec pieds en m\u00e9tal Olympia 250x80mm"},"content":{"rendered":"<p>Fabriqu\u00e9 en bois de manguier et dot\u00e9 de pieds en m\u00e9tal, ce support est id\u00e9al pour mettre en valeur les plats. Facile \u00e0 nettoyer.<\/p>\n<p>\u2022 Apporte de la hauteur \u00e0 votre pr\u00e9sentation de buffet<br \/>\u2022 Le design naturel met en valeur vos plats<br \/>\u2022 Le design facile \u00e0 nettoyer assure un renouvellement rapide de la vaisselle de buffet<br \/>\u2022 Non adapt\u00e9 pour aliments humides ou gras<br \/>\u2022 Non adapt\u00e9 pour un lavage au lave-vaisselle<\/p>\n<p><b><u>Caract\u00e9ristiques du produit :<\/u><\/b><br \/>\u2022 Dim. : 250(\u00d8)x 80(H)mm.<\/p>\n","protected":false},"excerpt":{"rendered":"<p>250(\u00d8)x80(H)mm. Mat\u00e9riau : Bois de manguier<\/p>\n","protected":false},"featured_media":106315,"comment_status":"open","ping_status":"closed","template":"","meta":[],"product_brand":[],"product_cat":[1277,1297],"product_tag":[],"class_list":{"0":"post-111696","1":"product","2":"type-product","3":"status-publish","4":"has-post-thumbnail","6":"product_cat-divers-principal","7":"product_cat-non-palettisable","8":"product_shipping_class-free-shipping","10":"first","11":"outofstock","12":"featured","13":"taxable","14":"shipping-taxable","15":"purchasable","16":"product-type-simple"},"_links":{"self":[{"href":"https:\/\/abinox-chr-clim.com\/index.php\/wp-json\/wp\/v2\/product\/111696","targetHints":{"allow":["GET"]}}],"collection":[{"href":"https:\/\/abinox-chr-clim.com\/index.php\/wp-json\/wp\/v2\/product"}],"about":[{"href":"https:\/\/abinox-chr-clim.com\/index.php\/wp-json\/wp\/v2\/types\/product"}],"replies":[{"embeddable":true,"href":"https:\/\/abinox-chr-clim.com\/index.php\/wp-json\/wp\/v2\/comments?post=111696"}],"wp:featuredmedia":[{"embeddable":true,"href":"https:\/\/abinox-chr-clim.com\/index.php\/wp-json\/wp\/v2\/media\/106315"}],"wp:attachment":[{"href":"https:\/\/abinox-chr-clim.com\/index.php\/wp-json\/wp\/v2\/media?parent=111696"}],"wp:term":[{"taxonomy":"product_brand","embeddable":true,"href":"https:\/\/abinox-chr-clim.com\/index.php\/wp-json\/wp\/v2\/product_brand?post=111696"},{"taxonomy":"product_cat","embeddable":true,"href":"https:\/\/abinox-chr-clim.com\/index.php\/wp-json\/wp\/v2\/product_cat?post=111696"},{"taxonomy":"product_tag","embeddable":true,"href":"https:\/\/abinox-chr-clim.com\/index.php\/wp-json\/wp\/v2\/product_tag?post=111696"}],"curies":[{"name":"wp","href":"https:\/\/api.w.org\/{rel}","templated":true}]}}