{"id":111688,"date":"2025-05-29T12:48:44","date_gmt":"2025-05-29T10:48:44","guid":{"rendered":"https:\/\/abinox-chr-clim.com\/index.php\/product\/sucriers-avec-couvercle-pier-olympia-whiteware-250ml-lot-de-6\/"},"modified":"2025-08-26T14:55:52","modified_gmt":"2025-08-26T12:55:52","slug":"sucriers-avec-couvercle-pier-olympia-whiteware-250ml-lot-de-6","status":"publish","type":"product","link":"https:\/\/abinox-chr-clim.com\/index.php\/product\/sucriers-avec-couvercle-pier-olympia-whiteware-250ml-lot-de-6\/","title":{"rendered":"Sucriers avec couvercle Pier Olympia Whiteware 250ml (lot de 6)"},"content":{"rendered":"<p>Servez le sucre avec style gr\u00e2ce aux sucriers Olympia Whiteware Pier. Le design empilable et r\u00e9sistant aux \u00e9clats garantit la durabilit\u00e9, tandis que la construction blanche \u00e9l\u00e9gante et la forme rustique ajoutent une touche sophistiqu\u00e9e \u00e0 n&rsquo;importe quel d\u00e9cor. Id\u00e9al pour un usage quotidien dans des environnements anim\u00e9s.<\/p>\n<p>\u2022 Dimensions 87(L)x 87(P)x 105(H)mm<br \/>\u2022 Conforme \u00e0 la norme de porcelaine vitrifi\u00e9e BS4034<br \/>\u2022 Design robuste avec bords roul\u00e9s durables<br \/>\u2022 Capacit\u00e9 250ml<br \/>\u2022 Mat\u00e9riau Porcelaine<br \/>\u2022 Poids 270g<br \/>\u2022 Couleur blanche<br \/>\u2022 Porcelaine enti\u00e8rement vitrifi\u00e9e &#8211; r\u00e9sistante \u00e0 la chaleur et aux chocs<br \/>\u2022 Finition \u00e9maill\u00e9e<\/p>\n<p><b><u>Caract\u00e9ristiques du produit :<\/u><\/b><br \/>\u2022 Lot : 6.0<br \/>\u2022 Capacit\u00e9 : 250 ml<br \/>\u2022 Mati\u00e8re : Porcelaine<br \/>\u2022 Poids : 270 g.<\/p>\n","protected":false},"excerpt":{"rendered":"<p>Capacit\u00e9 250ml. Lot de 6<\/p>\n","protected":false},"featured_media":106444,"comment_status":"open","ping_status":"closed","template":"","meta":[],"product_brand":[],"product_cat":[1277,1297],"product_tag":[],"class_list":{"0":"post-111688","1":"product","2":"type-product","3":"status-publish","4":"has-post-thumbnail","6":"product_cat-divers-principal","7":"product_cat-non-palettisable","8":"product_shipping_class-free-shipping","10":"first","11":"outofstock","12":"featured","13":"taxable","14":"shipping-taxable","15":"purchasable","16":"product-type-simple"},"_links":{"self":[{"href":"https:\/\/abinox-chr-clim.com\/index.php\/wp-json\/wp\/v2\/product\/111688","targetHints":{"allow":["GET"]}}],"collection":[{"href":"https:\/\/abinox-chr-clim.com\/index.php\/wp-json\/wp\/v2\/product"}],"about":[{"href":"https:\/\/abinox-chr-clim.com\/index.php\/wp-json\/wp\/v2\/types\/product"}],"replies":[{"embeddable":true,"href":"https:\/\/abinox-chr-clim.com\/index.php\/wp-json\/wp\/v2\/comments?post=111688"}],"wp:featuredmedia":[{"embeddable":true,"href":"https:\/\/abinox-chr-clim.com\/index.php\/wp-json\/wp\/v2\/media\/106444"}],"wp:attachment":[{"href":"https:\/\/abinox-chr-clim.com\/index.php\/wp-json\/wp\/v2\/media?parent=111688"}],"wp:term":[{"taxonomy":"product_brand","embeddable":true,"href":"https:\/\/abinox-chr-clim.com\/index.php\/wp-json\/wp\/v2\/product_brand?post=111688"},{"taxonomy":"product_cat","embeddable":true,"href":"https:\/\/abinox-chr-clim.com\/index.php\/wp-json\/wp\/v2\/product_cat?post=111688"},{"taxonomy":"product_tag","embeddable":true,"href":"https:\/\/abinox-chr-clim.com\/index.php\/wp-json\/wp\/v2\/product_tag?post=111688"}],"curies":[{"name":"wp","href":"https:\/\/api.w.org\/{rel}","templated":true}]}}