{"id":111667,"date":"2025-05-29T12:47:59","date_gmt":"2025-05-29T10:47:59","guid":{"rendered":"https:\/\/abinox-chr-clim.com\/index.php\/product\/mugs-double-paroi-bouddha-utopia-39cl-lot-de-6\/"},"modified":"2026-04-15T10:51:07","modified_gmt":"2026-04-15T08:51:07","slug":"mugs-double-paroi-bouddha-utopia-39cl-lot-de-6","status":"publish","type":"product","link":"https:\/\/abinox-chr-clim.com\/index.php\/product\/mugs-double-paroi-bouddha-utopia-39cl-lot-de-6\/","title":{"rendered":"Mugs double paroi Bouddha Utopia 39cl (lot de 6)"},"content":{"rendered":"<p>\u00c9levez votre exp\u00e9rience de boisson avec le Mug Bouddha \u00e0 double paroi minimaliste. Sa capacit\u00e9 de 390 ml et son design \u00e0 double paroi garantissent que vos boissons restent chaudes ou froides, offrant \u00e0 la fois fonctionnalit\u00e9 et style.<\/p>\n<p>\u2022 Double isolation : gardez vos boissons \u00e0 la temp\u00e9rature id\u00e9ale plus longtemps gr\u00e2ce \u00e0 la conception \u00e0 double paroi.<br \/>\u2022 Mat\u00e9riau de haute qualit\u00e9 : fabriqu\u00e9 \u00e0 partir de verre borasiliacate durable pour un usage quotidien.<br \/>\u2022 Style polyvalent : la forme minimaliste et ronde est adapt\u00e9e \u00e0 une vari\u00e9t\u00e9 de boissons chaudes, am\u00e9liorant toute pr\u00e9sentation de boisson.<\/p>\n<p><b><u>Caract\u00e9ristiques du produit :<\/u><\/b><br \/>\u2022 Lot : 6.0.<\/p>\n","protected":false},"excerpt":{"rendered":"<p>390ml. Lot de 6<\/p>\n","protected":false},"featured_media":106822,"comment_status":"open","ping_status":"closed","template":"","meta":[],"product_brand":[],"product_cat":[1023,1058,1297,1051],"product_tag":[],"class_list":{"0":"post-111667","1":"product","2":"type-product","3":"status-publish","4":"has-post-thumbnail","6":"product_cat-art-de-la-table","7":"product_cat-divers-verrerie","8":"product_cat-non-palettisable","9":"product_cat-verrerie","10":"product_shipping_class-free-shipping","12":"first","13":"outofstock","14":"featured","15":"taxable","16":"shipping-taxable","17":"purchasable","18":"product-type-simple"},"_links":{"self":[{"href":"https:\/\/abinox-chr-clim.com\/index.php\/wp-json\/wp\/v2\/product\/111667","targetHints":{"allow":["GET"]}}],"collection":[{"href":"https:\/\/abinox-chr-clim.com\/index.php\/wp-json\/wp\/v2\/product"}],"about":[{"href":"https:\/\/abinox-chr-clim.com\/index.php\/wp-json\/wp\/v2\/types\/product"}],"replies":[{"embeddable":true,"href":"https:\/\/abinox-chr-clim.com\/index.php\/wp-json\/wp\/v2\/comments?post=111667"}],"wp:featuredmedia":[{"embeddable":true,"href":"https:\/\/abinox-chr-clim.com\/index.php\/wp-json\/wp\/v2\/media\/106822"}],"wp:attachment":[{"href":"https:\/\/abinox-chr-clim.com\/index.php\/wp-json\/wp\/v2\/media?parent=111667"}],"wp:term":[{"taxonomy":"product_brand","embeddable":true,"href":"https:\/\/abinox-chr-clim.com\/index.php\/wp-json\/wp\/v2\/product_brand?post=111667"},{"taxonomy":"product_cat","embeddable":true,"href":"https:\/\/abinox-chr-clim.com\/index.php\/wp-json\/wp\/v2\/product_cat?post=111667"},{"taxonomy":"product_tag","embeddable":true,"href":"https:\/\/abinox-chr-clim.com\/index.php\/wp-json\/wp\/v2\/product_tag?post=111667"}],"curies":[{"name":"wp","href":"https:\/\/api.w.org\/{rel}","templated":true}]}}