{"id":111645,"date":"2025-05-29T12:47:13","date_gmt":"2025-05-29T10:47:13","guid":{"rendered":"https:\/\/abinox-chr-clim.com\/index.php\/product\/passoire-de-bar-triangulaire-en-acier-inoxydable-olympia\/"},"modified":"2026-04-24T11:13:00","modified_gmt":"2026-04-24T09:13:00","slug":"passoire-de-bar-triangulaire-en-acier-inoxydable-olympia","status":"publish","type":"product","link":"https:\/\/abinox-chr-clim.com\/index.php\/product\/passoire-de-bar-triangulaire-en-acier-inoxydable-olympia\/","title":{"rendered":"Passoire de bar triangulaire en acier inoxydable Olympia"},"content":{"rendered":"<p>Le passoire \u00e0 cocktail l\u00e9g\u00e8re d&rsquo;Olympia pr\u00e9sente un design triangulaire unique pour un placement s\u00e9curis\u00e9 sur les verres \u00e0 m\u00e9lange ou les shakers. Fabriqu\u00e9 en acier inoxydable, il filtre efficacement la glace et les particules, garantissant des cocktails lisses \u00e0 chaque fois.<\/p>\n<p>\u2022 Forme triangulaire unique pour reposer en toute s\u00e9curit\u00e9 sur le verre \u00e0 m\u00e9lange ou le shaker<br \/>\u2022 La bobine s&rsquo;agrippe aux parois int\u00e9rieures pour la stabilit\u00e9<br \/>\u2022 Id\u00e9al pour filtrer la glace et les particules d&rsquo;ingr\u00e9dients<br \/>\u2022 Conception l\u00e9g\u00e8re pour un \u00e9quilibre et un transport faciles<br \/>\u2022 Finition miroir pour une touche \u00e9l\u00e9gante<br \/>\u2022 Compatible lave-vaisselle pour un nettoyage facile<br \/>\u2022 Compl\u00e9ment aux autres accessoires de bar Olympia<\/p>\n<p><b><u>Caract\u00e9ristiques du produit :<\/u><\/b><br \/>\u2022 Dim. : 22(H) x 105(P) x 120(L)mm<br \/>\u2022 Mati\u00e8re : Inox<br \/>\u2022 Poids : 113g<br \/>\u2022 Couleur : Argent.<\/p>\n","protected":false},"excerpt":{"rendered":"<p>22(H) x 105(P) x 120(L)mm<\/p>\n","protected":false},"featured_media":109166,"comment_status":"open","ping_status":"closed","template":"","meta":[],"product_brand":[],"product_cat":[1107,1297,1106,1112],"product_tag":[],"class_list":{"0":"post-111645","1":"product","2":"type-product","3":"status-publish","4":"has-post-thumbnail","6":"product_cat-accessoires-de-bar","7":"product_cat-non-palettisable","8":"product_cat-restaurant-bar-et-hotel","9":"product_cat-shakers-a-cocktails-et-doseurs-dalcool","10":"product_shipping_class-free-shipping","12":"first","13":"instock","14":"featured","15":"taxable","16":"shipping-taxable","17":"purchasable","18":"product-type-simple"},"_links":{"self":[{"href":"https:\/\/abinox-chr-clim.com\/index.php\/wp-json\/wp\/v2\/product\/111645","targetHints":{"allow":["GET"]}}],"collection":[{"href":"https:\/\/abinox-chr-clim.com\/index.php\/wp-json\/wp\/v2\/product"}],"about":[{"href":"https:\/\/abinox-chr-clim.com\/index.php\/wp-json\/wp\/v2\/types\/product"}],"replies":[{"embeddable":true,"href":"https:\/\/abinox-chr-clim.com\/index.php\/wp-json\/wp\/v2\/comments?post=111645"}],"wp:featuredmedia":[{"embeddable":true,"href":"https:\/\/abinox-chr-clim.com\/index.php\/wp-json\/wp\/v2\/media\/109166"}],"wp:attachment":[{"href":"https:\/\/abinox-chr-clim.com\/index.php\/wp-json\/wp\/v2\/media?parent=111645"}],"wp:term":[{"taxonomy":"product_brand","embeddable":true,"href":"https:\/\/abinox-chr-clim.com\/index.php\/wp-json\/wp\/v2\/product_brand?post=111645"},{"taxonomy":"product_cat","embeddable":true,"href":"https:\/\/abinox-chr-clim.com\/index.php\/wp-json\/wp\/v2\/product_cat?post=111645"},{"taxonomy":"product_tag","embeddable":true,"href":"https:\/\/abinox-chr-clim.com\/index.php\/wp-json\/wp\/v2\/product_tag?post=111645"}],"curies":[{"name":"wp","href":"https:\/\/api.w.org\/{rel}","templated":true}]}}