{"id":111643,"date":"2025-05-29T12:47:09","date_gmt":"2025-05-29T10:47:09","guid":{"rendered":"https:\/\/abinox-chr-clim.com\/index.php\/product\/plat-rond-en-acier-inoxydable-martele-olympia-260x35mm\/"},"modified":"2026-01-12T09:30:34","modified_gmt":"2026-01-12T08:30:34","slug":"plat-rond-en-acier-inoxydable-martele-olympia-260x35mm","status":"publish","type":"product","link":"https:\/\/abinox-chr-clim.com\/index.php\/product\/plat-rond-en-acier-inoxydable-martele-olympia-260x35mm\/","title":{"rendered":"Plat rond en acier inoxydable martel\u00e9 Olympia 260x35mm"},"content":{"rendered":"<p>Plateau Rond en Acier Inoxydable Martel\u00e9 Olympia 260x35mm<\/p>\n<p>\u2022 Lavable au lave-vaisselle pour un nettoyage sans effort<br \/>\u2022 La conception l\u00e9g\u00e8re permet un \u00e9quilibrage et un transport faciles<br \/>\u2022 Le rebord sur\u00e9lev\u00e9 pr\u00e9vient les d\u00e9versements et les accidents<\/p>\n<p><b><u>Caract\u00e9ristiques du produit :<\/u><\/b><br \/>\u2022 Dim. : 260(\u00d8) x 35(H)mm<br \/>\u2022 Mati\u00e8re : Inox<br \/>\u2022 Poids : 501g<br \/>\u2022 Couleur : Argent.<\/p>\n","protected":false},"excerpt":{"rendered":"<p>260(\u00d8)x35(H)mm<\/p>\n","protected":false},"featured_media":106305,"comment_status":"open","ping_status":"closed","template":"","meta":[],"product_brand":[],"product_cat":[1065,1064,1066,1297],"product_tag":[],"class_list":{"0":"post-111643","1":"product","2":"type-product","3":"status-publish","4":"has-post-thumbnail","6":"product_cat-batterie-et-platerie-de-cuisine","7":"product_cat-cuisine","8":"product_cat-marmites-et-casseroles","9":"product_cat-non-palettisable","10":"product_shipping_class-free-shipping","12":"first","13":"outofstock","14":"featured","15":"taxable","16":"shipping-taxable","17":"purchasable","18":"product-type-simple"},"_links":{"self":[{"href":"https:\/\/abinox-chr-clim.com\/index.php\/wp-json\/wp\/v2\/product\/111643","targetHints":{"allow":["GET"]}}],"collection":[{"href":"https:\/\/abinox-chr-clim.com\/index.php\/wp-json\/wp\/v2\/product"}],"about":[{"href":"https:\/\/abinox-chr-clim.com\/index.php\/wp-json\/wp\/v2\/types\/product"}],"replies":[{"embeddable":true,"href":"https:\/\/abinox-chr-clim.com\/index.php\/wp-json\/wp\/v2\/comments?post=111643"}],"wp:featuredmedia":[{"embeddable":true,"href":"https:\/\/abinox-chr-clim.com\/index.php\/wp-json\/wp\/v2\/media\/106305"}],"wp:attachment":[{"href":"https:\/\/abinox-chr-clim.com\/index.php\/wp-json\/wp\/v2\/media?parent=111643"}],"wp:term":[{"taxonomy":"product_brand","embeddable":true,"href":"https:\/\/abinox-chr-clim.com\/index.php\/wp-json\/wp\/v2\/product_brand?post=111643"},{"taxonomy":"product_cat","embeddable":true,"href":"https:\/\/abinox-chr-clim.com\/index.php\/wp-json\/wp\/v2\/product_cat?post=111643"},{"taxonomy":"product_tag","embeddable":true,"href":"https:\/\/abinox-chr-clim.com\/index.php\/wp-json\/wp\/v2\/product_tag?post=111643"}],"curies":[{"name":"wp","href":"https:\/\/api.w.org\/{rel}","templated":true}]}}