{"id":111640,"date":"2025-05-29T12:47:03","date_gmt":"2025-05-29T10:47:03","guid":{"rendered":"https:\/\/abinox-chr-clim.com\/index.php\/product\/seau-a-glace-en-acier-inoxydable-avec-poignees-et-rainures-olympia-1050ml\/"},"modified":"2026-04-24T11:12:58","modified_gmt":"2026-04-24T09:12:58","slug":"seau-a-glace-en-acier-inoxydable-avec-poignees-et-rainures-olympia-1050ml","status":"publish","type":"product","link":"https:\/\/abinox-chr-clim.com\/index.php\/product\/seau-a-glace-en-acier-inoxydable-avec-poignees-et-rainures-olympia-1050ml\/","title":{"rendered":"Seau \u00e0 glace en acier inoxydable avec poign\u00e9es et rainures Olympia 1050ml"},"content":{"rendered":"<p>Gardez les boissons fra\u00eeches avec les seaux \u00e0 glace d&rsquo;Olympia. La capacit\u00e9 g\u00e9n\u00e9reuse offre un stockage de glace ample, et les deux poign\u00e9es offrent une prise confortable pour un transport facile, permettant au personnel de servir facilement des boissons fra\u00eeches.<\/p>\n<p>\u2022 Grande capacit\u00e9 pour un stockage de glace suffisant<br \/>\u2022 Con\u00e7u pour r\u00e9sister \u00e0 une utilisation quotidienne<br \/>\u2022 Facile \u00e0 transporter avec 2 poign\u00e9es robustes<br \/>\u2022 Compatible avec le lave-vaisselle pour un nettoyage sans effort<br \/>\u2022 Gardez le seau comme neuf avec le nettoyant pour acier inoxydable Jantex (CF980)<\/p>\n<p><b><u>Caract\u00e9ristiques du produit :<\/u><\/b><br \/>\u2022 Capacit\u00e9 : 1050ml<br \/>\u2022 Dim. : 136(H) x 139pW) x 144(L)mm<br \/>\u2022 Mati\u00e8re : Inox<br \/>\u2022 Poids : 340g<br \/>\u2022 Couleur : Argent.<\/p>\n","protected":false},"excerpt":{"rendered":"<p>1050ml. Mat\u00e9riau : Acier inoxydable<\/p>\n","protected":false},"featured_media":106820,"comment_status":"open","ping_status":"closed","template":"","meta":[],"product_brand":[],"product_cat":[1107,1108,1297,1106],"product_tag":[],"class_list":{"0":"post-111640","1":"product","2":"type-product","3":"status-publish","4":"has-post-thumbnail","6":"product_cat-accessoires-de-bar","7":"product_cat-accessoires-de-bar-accessoires-de-bar","8":"product_cat-non-palettisable","9":"product_cat-restaurant-bar-et-hotel","10":"product_shipping_class-free-shipping","12":"first","13":"instock","14":"featured","15":"taxable","16":"shipping-taxable","17":"purchasable","18":"product-type-simple"},"_links":{"self":[{"href":"https:\/\/abinox-chr-clim.com\/index.php\/wp-json\/wp\/v2\/product\/111640","targetHints":{"allow":["GET"]}}],"collection":[{"href":"https:\/\/abinox-chr-clim.com\/index.php\/wp-json\/wp\/v2\/product"}],"about":[{"href":"https:\/\/abinox-chr-clim.com\/index.php\/wp-json\/wp\/v2\/types\/product"}],"replies":[{"embeddable":true,"href":"https:\/\/abinox-chr-clim.com\/index.php\/wp-json\/wp\/v2\/comments?post=111640"}],"wp:featuredmedia":[{"embeddable":true,"href":"https:\/\/abinox-chr-clim.com\/index.php\/wp-json\/wp\/v2\/media\/106820"}],"wp:attachment":[{"href":"https:\/\/abinox-chr-clim.com\/index.php\/wp-json\/wp\/v2\/media?parent=111640"}],"wp:term":[{"taxonomy":"product_brand","embeddable":true,"href":"https:\/\/abinox-chr-clim.com\/index.php\/wp-json\/wp\/v2\/product_brand?post=111640"},{"taxonomy":"product_cat","embeddable":true,"href":"https:\/\/abinox-chr-clim.com\/index.php\/wp-json\/wp\/v2\/product_cat?post=111640"},{"taxonomy":"product_tag","embeddable":true,"href":"https:\/\/abinox-chr-clim.com\/index.php\/wp-json\/wp\/v2\/product_tag?post=111640"}],"curies":[{"name":"wp","href":"https:\/\/api.w.org\/{rel}","templated":true}]}}