{"id":111628,"date":"2025-05-29T12:46:37","date_gmt":"2025-05-29T10:46:37","guid":{"rendered":"https:\/\/abinox-chr-clim.com\/index.php\/product\/plateau-a-addition-rond-en-inox-olympia-150mm\/"},"modified":"2026-04-14T11:30:32","modified_gmt":"2026-04-14T09:30:32","slug":"plateau-a-addition-rond-en-inox-olympia-150mm","status":"publish","type":"product","link":"https:\/\/abinox-chr-clim.com\/index.php\/product\/plateau-a-addition-rond-en-inox-olympia-150mm\/","title":{"rendered":"Plateau \u00e0 addition rond en inox Olympia 150mm"},"content":{"rendered":"<p>Pr\u00e9sentez les factures avec une \u00e9l\u00e9gance simple gr\u00e2ce \u00e0 ce plateau \u00e0 pourboires en acier inoxydable d&rsquo;Olympia. Con\u00e7u pour distribuer les additions et recevoir les gratifications, ce plateau rond a un diam\u00e8tre modeste de 150 mm, assurant une discr\u00e9tion lors des transactions financi\u00e8res \u00e0 table. L\u00e9ger et empilable, le plateau \u00e0 pourboires en acier inoxydable Olympia rend le paiement simple et explicite pour les convives et le personnel.<br \/>\u2022 L\u00e9ger et empilable<br \/>\u2022 R\u00e9sistant aux dommages et \u00e0 la corrosion<br \/>\u2022 Rebord sur\u00e9lev\u00e9 pour une r\u00e9tention s\u00fbre du contenu<br \/>\u2022 Compatible lave-vaisselle pour un nettoyage rapide<\/p>\n<p><b><u>Caract\u00e9ristiques du produit :<\/u><\/b><br \/>\u2022 Dim. : 150(\u00d8) x 11(H)mm<br \/>\u2022 Couleur : Argent.<\/p>\n","protected":false},"excerpt":{"rendered":"<p>150(\u00d8)x11(H)mm. Mat\u00e9riau : Acier inoxydable<\/p>\n","protected":false},"featured_media":107264,"comment_status":"open","ping_status":"closed","template":"","meta":[],"product_brand":[],"product_cat":[1277,1297],"product_tag":[],"class_list":{"0":"post-111628","1":"product","2":"type-product","3":"status-publish","4":"has-post-thumbnail","6":"product_cat-divers-principal","7":"product_cat-non-palettisable","8":"product_shipping_class-free-shipping","10":"first","11":"instock","12":"featured","13":"taxable","14":"shipping-taxable","15":"purchasable","16":"product-type-simple"},"_links":{"self":[{"href":"https:\/\/abinox-chr-clim.com\/index.php\/wp-json\/wp\/v2\/product\/111628","targetHints":{"allow":["GET"]}}],"collection":[{"href":"https:\/\/abinox-chr-clim.com\/index.php\/wp-json\/wp\/v2\/product"}],"about":[{"href":"https:\/\/abinox-chr-clim.com\/index.php\/wp-json\/wp\/v2\/types\/product"}],"replies":[{"embeddable":true,"href":"https:\/\/abinox-chr-clim.com\/index.php\/wp-json\/wp\/v2\/comments?post=111628"}],"wp:featuredmedia":[{"embeddable":true,"href":"https:\/\/abinox-chr-clim.com\/index.php\/wp-json\/wp\/v2\/media\/107264"}],"wp:attachment":[{"href":"https:\/\/abinox-chr-clim.com\/index.php\/wp-json\/wp\/v2\/media?parent=111628"}],"wp:term":[{"taxonomy":"product_brand","embeddable":true,"href":"https:\/\/abinox-chr-clim.com\/index.php\/wp-json\/wp\/v2\/product_brand?post=111628"},{"taxonomy":"product_cat","embeddable":true,"href":"https:\/\/abinox-chr-clim.com\/index.php\/wp-json\/wp\/v2\/product_cat?post=111628"},{"taxonomy":"product_tag","embeddable":true,"href":"https:\/\/abinox-chr-clim.com\/index.php\/wp-json\/wp\/v2\/product_tag?post=111628"}],"curies":[{"name":"wp","href":"https:\/\/api.w.org\/{rel}","templated":true}]}}