{"id":111616,"date":"2025-05-29T12:46:13","date_gmt":"2025-05-29T10:46:13","guid":{"rendered":"https:\/\/abinox-chr-clim.com\/index.php\/product\/pochettes-a-couverts-europochette-taille-royale-noire-avec-serviette-blanche-douce-2-plis-lot-de-250\/"},"modified":"2026-04-21T11:29:09","modified_gmt":"2026-04-21T09:29:09","slug":"pochettes-a-couverts-europochette-taille-royale-noire-avec-serviette-blanche-douce-2-plis-lot-de-250","status":"publish","type":"product","link":"https:\/\/abinox-chr-clim.com\/index.php\/product\/pochettes-a-couverts-europochette-taille-royale-noire-avec-serviette-blanche-douce-2-plis-lot-de-250\/","title":{"rendered":"Pochettes \u00e0 couverts Europochette taille royale noire avec serviette blanche douce 2 plis (lot de 250)"},"content":{"rendered":"<p>\u2022 Conception 2 en 1 qui vous permet d&rsquo;\u00e9conomiser de l&rsquo;argent et du temps sur l&rsquo;achat de produits s\u00e9par\u00e9s<br \/>\u2022 Dimensions de la pochette : 100(l)x202(L)mm<br \/>\u2022 Dimensions de la serviette d\u00e9pli\u00e9e : 390(l)x390(L)mm, dimensions pli\u00e9es : 65(l)x195(L)mm<br \/>\u2022 Pr\u00e9-pli\u00e9es pour une utilisation imm\u00e9diate<br \/>\u2022 La couleur noire ajoute une touche sophistiqu\u00e9e aux d\u00e9corations de table<br \/>\u2022 Aide \u00e0 emp\u00eacher les couverts de toucher la table<\/p>\n<p><b><u>Caract\u00e9ristiques du produit :<\/u><\/b><br \/>\u2022 Lot : 250.0<br \/>\u2022 Couleur : Noir.<\/p>\n","protected":false},"excerpt":{"rendered":"<p>Taille Royale | Noir | Serviette blanche 2 plis | Lot de 250<\/p>\n","protected":false},"featured_media":106304,"comment_status":"open","ping_status":"closed","template":"","meta":[],"product_brand":[],"product_cat":[1239,1297,1238,1216],"product_tag":[],"class_list":{"0":"post-111616","1":"product","2":"type-product","3":"status-publish","4":"has-post-thumbnail","6":"product_cat-divers-produits-a-usage-unique","7":"product_cat-non-palettisable","8":"product_cat-produits-a-usage-unique","9":"product_cat-usage-unique-et-entretien","10":"product_shipping_class-free-shipping","12":"first","13":"outofstock","14":"featured","15":"taxable","16":"shipping-taxable","17":"purchasable","18":"product-type-simple"},"_links":{"self":[{"href":"https:\/\/abinox-chr-clim.com\/index.php\/wp-json\/wp\/v2\/product\/111616","targetHints":{"allow":["GET"]}}],"collection":[{"href":"https:\/\/abinox-chr-clim.com\/index.php\/wp-json\/wp\/v2\/product"}],"about":[{"href":"https:\/\/abinox-chr-clim.com\/index.php\/wp-json\/wp\/v2\/types\/product"}],"replies":[{"embeddable":true,"href":"https:\/\/abinox-chr-clim.com\/index.php\/wp-json\/wp\/v2\/comments?post=111616"}],"wp:featuredmedia":[{"embeddable":true,"href":"https:\/\/abinox-chr-clim.com\/index.php\/wp-json\/wp\/v2\/media\/106304"}],"wp:attachment":[{"href":"https:\/\/abinox-chr-clim.com\/index.php\/wp-json\/wp\/v2\/media?parent=111616"}],"wp:term":[{"taxonomy":"product_brand","embeddable":true,"href":"https:\/\/abinox-chr-clim.com\/index.php\/wp-json\/wp\/v2\/product_brand?post=111616"},{"taxonomy":"product_cat","embeddable":true,"href":"https:\/\/abinox-chr-clim.com\/index.php\/wp-json\/wp\/v2\/product_cat?post=111616"},{"taxonomy":"product_tag","embeddable":true,"href":"https:\/\/abinox-chr-clim.com\/index.php\/wp-json\/wp\/v2\/product_tag?post=111616"}],"curies":[{"name":"wp","href":"https:\/\/api.w.org\/{rel}","templated":true}]}}