{"id":111614,"date":"2025-05-29T12:46:09","date_gmt":"2025-05-29T10:46:09","guid":{"rendered":"https:\/\/abinox-chr-clim.com\/index.php\/product\/poele-aluminium-antiadhesive-induction-teflon-nisbets-essentials-24-cm\/"},"modified":"2026-04-13T08:39:58","modified_gmt":"2026-04-13T06:39:58","slug":"poele-aluminium-antiadhesive-induction-teflon-nisbets-essentials-24-cm","status":"publish","type":"product","link":"https:\/\/abinox-chr-clim.com\/index.php\/product\/poele-aluminium-antiadhesive-induction-teflon-nisbets-essentials-24-cm\/","title":{"rendered":"Po\u00eale aluminium antiadh\u00e9sive induction T\u00e9flon Nisbets Essentials 24 cm"},"content":{"rendered":"<p>Po\u00eale aluminium antiadh\u00e9sive avec queue rivet\u00e9e.<\/p>\n<p>\u2022 Le rev\u00eatement antiadh\u00e9sif en t\u00e9flon emp\u00eache les aliments de br\u00fbler ou de coller \u00e0 la po\u00eale<br \/>\u2022 L&rsquo;orifice de la poign\u00e9e permet de la suspendre facilement<br \/>\u2022 Ne convient pas aux lave-vaisselle<br \/>\u2022 R\u00e9siste au four &#8211; peut \u00eatre transf\u00e9r\u00e9 rapidement de la plaque de cuisson au four<br \/>\u2022 R\u00e9siste au four &#8211; peut \u00eatre transf\u00e9r\u00e9e rapidement de la table de cuisson au four<br \/>\u2022 La solide poign\u00e9e rivet\u00e9e permet de soulever ou de transporter facilement la po\u00eale<br \/>\u2022 Le trou de la poign\u00e9e permet de la suspendre facilement<br \/>\u2022 Convient \u00e0 tous les types de plaques de cuisson, y compris \u00e0 induction<br \/>\u2022 Lavage \u00e0 la main uniquement &#8211; ne passe pas au lave-vaisselle<br \/>\u2022 Attention : la poign\u00e9e en m\u00e9tal transf\u00e8re la chaleur &#8211; utiliser une protection appropri\u00e9e pour les mains.<\/p>\n<p><b><u>Caract\u00e9ristiques du produit :<\/u><\/b><br \/>\u2022 Capacit\u00e9 : 1,1 L<br \/>\u2022 Dim. : 40(H) x 240(\u00d8) mm<br \/>\u2022 Mati\u00e8re : Aluminium<br \/>\u2022 Poids : 670 g<br \/>\u2022 Couleur : Argent.<\/p>\n","protected":false},"excerpt":{"rendered":"<p>Dimension : 240 (\u00d8) mm. Capacit\u00e9 : 1,1L. Mat\u00e9riau : aluminium<\/p>\n","protected":false},"featured_media":108427,"comment_status":"open","ping_status":"closed","template":"","meta":[],"product_brand":[],"product_cat":[1065,1064,1066,1297],"product_tag":[],"class_list":{"0":"post-111614","1":"product","2":"type-product","3":"status-publish","4":"has-post-thumbnail","6":"product_cat-batterie-et-platerie-de-cuisine","7":"product_cat-cuisine","8":"product_cat-marmites-et-casseroles","9":"product_cat-non-palettisable","10":"product_shipping_class-free-shipping","12":"first","13":"instock","14":"featured","15":"taxable","16":"shipping-taxable","17":"purchasable","18":"product-type-simple"},"_links":{"self":[{"href":"https:\/\/abinox-chr-clim.com\/index.php\/wp-json\/wp\/v2\/product\/111614","targetHints":{"allow":["GET"]}}],"collection":[{"href":"https:\/\/abinox-chr-clim.com\/index.php\/wp-json\/wp\/v2\/product"}],"about":[{"href":"https:\/\/abinox-chr-clim.com\/index.php\/wp-json\/wp\/v2\/types\/product"}],"replies":[{"embeddable":true,"href":"https:\/\/abinox-chr-clim.com\/index.php\/wp-json\/wp\/v2\/comments?post=111614"}],"wp:featuredmedia":[{"embeddable":true,"href":"https:\/\/abinox-chr-clim.com\/index.php\/wp-json\/wp\/v2\/media\/108427"}],"wp:attachment":[{"href":"https:\/\/abinox-chr-clim.com\/index.php\/wp-json\/wp\/v2\/media?parent=111614"}],"wp:term":[{"taxonomy":"product_brand","embeddable":true,"href":"https:\/\/abinox-chr-clim.com\/index.php\/wp-json\/wp\/v2\/product_brand?post=111614"},{"taxonomy":"product_cat","embeddable":true,"href":"https:\/\/abinox-chr-clim.com\/index.php\/wp-json\/wp\/v2\/product_cat?post=111614"},{"taxonomy":"product_tag","embeddable":true,"href":"https:\/\/abinox-chr-clim.com\/index.php\/wp-json\/wp\/v2\/product_tag?post=111614"}],"curies":[{"name":"wp","href":"https:\/\/api.w.org\/{rel}","templated":true}]}}