{"id":111579,"date":"2025-05-29T12:44:56","date_gmt":"2025-05-29T10:44:56","guid":{"rendered":"https:\/\/abinox-chr-clim.com\/index.php\/product\/organisateur-de-table-en-bois-dacacia-olympia-210x160x150mm\/"},"modified":"2026-04-14T11:28:51","modified_gmt":"2026-04-14T09:28:51","slug":"organisateur-de-table-en-bois-dacacia-olympia-210x160x150mm","status":"publish","type":"product","link":"https:\/\/abinox-chr-clim.com\/index.php\/product\/organisateur-de-table-en-bois-dacacia-olympia-210x160x150mm\/","title":{"rendered":"Organisateur de table en bois d&rsquo;acacia Olympia 210x160x150mm"},"content":{"rendered":"<p>Gardez les condiments organis\u00e9s et accessibles avec l&rsquo;organisateur de table en bois d&rsquo;acacia d&rsquo;Olympia. L\u00e9ger pour un transport facile, il ajoute une touche rustique \u00e0 tout cadre de table tout en gardant les tables ordonn\u00e9es.<br \/>\u2022 Poids 750g<br \/>\u2022 Permet de ranger les condiments de mani\u00e8re ordonn\u00e9e<br \/>\u2022 Le bois d&rsquo;acacia offre un aspect naturel et charmant<br \/>\u2022 Design facile \u00e0 nettoyer pour une r\u00e9utilisation rapide<br \/>\u2022 Lavage \u00e0 la main uniquement<\/p>\n<p><b><u>Caract\u00e9ristiques du produit :<\/u><\/b><br \/>\u2022 Dim. : 210(L)x160(P)x150(H)mm<br \/>\u2022 Mati\u00e8re : Bois d&rsquo;acacia<br \/>\u2022 Poids : 750 g<br \/>\u2022 Couleur : Bois.<\/p>\n","protected":false},"excerpt":{"rendered":"<p>210(L)x160(P)x150(H)mm. Mat\u00e9riel : Bois d&rsquo;acacia<\/p>\n","protected":false},"featured_media":106299,"comment_status":"open","ping_status":"closed","template":"","meta":[],"product_brand":[],"product_cat":[1277,1297],"product_tag":[],"class_list":{"0":"post-111579","1":"product","2":"type-product","3":"status-publish","4":"has-post-thumbnail","6":"product_cat-divers-principal","7":"product_cat-non-palettisable","8":"product_shipping_class-free-shipping","10":"first","11":"instock","12":"featured","13":"taxable","14":"shipping-taxable","15":"purchasable","16":"product-type-simple"},"_links":{"self":[{"href":"https:\/\/abinox-chr-clim.com\/index.php\/wp-json\/wp\/v2\/product\/111579","targetHints":{"allow":["GET"]}}],"collection":[{"href":"https:\/\/abinox-chr-clim.com\/index.php\/wp-json\/wp\/v2\/product"}],"about":[{"href":"https:\/\/abinox-chr-clim.com\/index.php\/wp-json\/wp\/v2\/types\/product"}],"replies":[{"embeddable":true,"href":"https:\/\/abinox-chr-clim.com\/index.php\/wp-json\/wp\/v2\/comments?post=111579"}],"wp:featuredmedia":[{"embeddable":true,"href":"https:\/\/abinox-chr-clim.com\/index.php\/wp-json\/wp\/v2\/media\/106299"}],"wp:attachment":[{"href":"https:\/\/abinox-chr-clim.com\/index.php\/wp-json\/wp\/v2\/media?parent=111579"}],"wp:term":[{"taxonomy":"product_brand","embeddable":true,"href":"https:\/\/abinox-chr-clim.com\/index.php\/wp-json\/wp\/v2\/product_brand?post=111579"},{"taxonomy":"product_cat","embeddable":true,"href":"https:\/\/abinox-chr-clim.com\/index.php\/wp-json\/wp\/v2\/product_cat?post=111579"},{"taxonomy":"product_tag","embeddable":true,"href":"https:\/\/abinox-chr-clim.com\/index.php\/wp-json\/wp\/v2\/product_tag?post=111579"}],"curies":[{"name":"wp","href":"https:\/\/api.w.org\/{rel}","templated":true}]}}