{"id":111567,"date":"2025-05-29T12:44:30","date_gmt":"2025-05-29T10:44:30","guid":{"rendered":"https:\/\/abinox-chr-clim.com\/index.php\/product\/chopes-utopia-sydney-350-ml-lot-de-24\/"},"modified":"2026-04-15T10:50:47","modified_gmt":"2026-04-15T08:50:47","slug":"chopes-utopia-sydney-350-ml-lot-de-24","status":"publish","type":"product","link":"https:\/\/abinox-chr-clim.com\/index.php\/product\/chopes-utopia-sydney-350-ml-lot-de-24\/","title":{"rendered":"Chopes Utopia Sydney 350 ml (lot de 24)"},"content":{"rendered":"<p>Fabriqu\u00e9s avec ma\u00eetrise par Crown Glassware, les verres hiball de 350 ml Sydney avec un design en diamant emboss\u00e9 offrent un aspect unique et haut de gamme \u00e0 n&rsquo;importe quel service de restauration. Fabriqu\u00e9s en verre de soude et de chaux, chaque verre b\u00e9n\u00e9ficie d&rsquo;une excellente clart\u00e9 qui aide \u00e0 mettre en valeur l&rsquo;aspect de vos boissons pr\u00e9f\u00e9r\u00e9es. Et gr\u00e2ce \u00e0 la conception compatible avec le lave-vaisselle, chaque pi\u00e8ce est rapide et facile \u00e0 nettoyer.<\/p>\n<p>\u2022 Le verre sodocalcique offre une excellente clart\u00e9 pour mettre en valeur vos boissons<br \/>\u2022 Les carr\u00e9s en relief caract\u00e9ristiques frappants offrent un look unique<br \/>\u2022 Passe au lave-vaisselle pour un nettoyage efficace<\/p>\n<p><b><u>Caract\u00e9ristiques du produit :<\/u><\/b><br \/>\u2022 Lot : 24.0.<\/p>\n","protected":false},"excerpt":{"rendered":"<p>Lot de 24<\/p>\n","protected":false},"featured_media":109136,"comment_status":"open","ping_status":"closed","template":"","meta":[],"product_brand":[],"product_cat":[1023,1055,1297,1051],"product_tag":[],"class_list":{"0":"post-111567","1":"product","2":"type-product","3":"status-publish","4":"has-post-thumbnail","6":"product_cat-art-de-la-table","7":"product_cat-chopes-et-gobelets","8":"product_cat-non-palettisable","9":"product_cat-verrerie","10":"product_shipping_class-free-shipping","12":"first","13":"outofstock","14":"featured","15":"taxable","16":"shipping-taxable","17":"purchasable","18":"product-type-simple"},"_links":{"self":[{"href":"https:\/\/abinox-chr-clim.com\/index.php\/wp-json\/wp\/v2\/product\/111567","targetHints":{"allow":["GET"]}}],"collection":[{"href":"https:\/\/abinox-chr-clim.com\/index.php\/wp-json\/wp\/v2\/product"}],"about":[{"href":"https:\/\/abinox-chr-clim.com\/index.php\/wp-json\/wp\/v2\/types\/product"}],"replies":[{"embeddable":true,"href":"https:\/\/abinox-chr-clim.com\/index.php\/wp-json\/wp\/v2\/comments?post=111567"}],"wp:featuredmedia":[{"embeddable":true,"href":"https:\/\/abinox-chr-clim.com\/index.php\/wp-json\/wp\/v2\/media\/109136"}],"wp:attachment":[{"href":"https:\/\/abinox-chr-clim.com\/index.php\/wp-json\/wp\/v2\/media?parent=111567"}],"wp:term":[{"taxonomy":"product_brand","embeddable":true,"href":"https:\/\/abinox-chr-clim.com\/index.php\/wp-json\/wp\/v2\/product_brand?post=111567"},{"taxonomy":"product_cat","embeddable":true,"href":"https:\/\/abinox-chr-clim.com\/index.php\/wp-json\/wp\/v2\/product_cat?post=111567"},{"taxonomy":"product_tag","embeddable":true,"href":"https:\/\/abinox-chr-clim.com\/index.php\/wp-json\/wp\/v2\/product_tag?post=111567"}],"curies":[{"name":"wp","href":"https:\/\/api.w.org\/{rel}","templated":true}]}}