{"id":111535,"date":"2025-05-29T12:43:23","date_gmt":"2025-05-29T10:43:23","guid":{"rendered":"https:\/\/abinox-chr-clim.com\/index.php\/product\/tampons-a-recurer-en-acier-galvanise-jantex-lot-de-10\/"},"modified":"2026-04-14T11:30:18","modified_gmt":"2026-04-14T09:30:18","slug":"tampons-a-recurer-en-acier-galvanise-jantex-lot-de-10","status":"publish","type":"product","link":"https:\/\/abinox-chr-clim.com\/index.php\/product\/tampons-a-recurer-en-acier-galvanise-jantex-lot-de-10\/","title":{"rendered":"Tampons \u00e0 r\u00e9curer en acier galvanis\u00e9 Jantex (lot de 10)"},"content":{"rendered":"<p>Les tampons Jantex permettent de s&rsquo;attaquer aux t\u00e2ches de nettoyage les plus ardues. Ils offrent une abrasion puissante pour un r\u00e9curage efficace et l&rsquo;\u00e9limination des r\u00e9sidus.<\/p>\n<p>\u2022 \u00c9limine rapidement m\u00eame les r\u00e9sidus les plus tenaces, laissant votre batterie de cuisine, vaisselle, grills et fours \u00e9tincelants de propret\u00e9<br \/>\u2022 Conception compacte permettant de tirer le meilleur parti de votre espace de rangement pour mat\u00e9riel de nettoyage<br \/>\u2022 Mat\u00e9riau durable capable de r\u00e9sister \u00e0 l&rsquo;eau chaude, aux d\u00e9tergents, aux produits de nettoyage et \u00e0 la corrosion<br \/>\u2022 Peut r\u00e9sister \u00e0 des t\u00e2ches de nettoyage intensives avant de devoir \u00eatre remplac\u00e9<\/p>\n<p><b><u>Caract\u00e9ristiques du produit :<\/u><\/b><br \/>\u2022 Lot : 10.0<br \/>\u2022 Dim. : 38(H) mm<br \/>\u2022 Mati\u00e8re : Acier galvanis\u00e9<br \/>\u2022 Couleur : Argent.<\/p>\n","protected":false},"excerpt":{"rendered":"<p>Quantit\u00e9 par lot\u00a0: 10<\/p>\n","protected":false},"featured_media":109120,"comment_status":"open","ping_status":"closed","template":"","meta":[],"product_brand":[],"product_cat":[1227,1297,1232,1216],"product_tag":[],"class_list":{"0":"post-111535","1":"product","2":"type-product","3":"status-publish","4":"has-post-thumbnail","6":"product_cat-nettoyage","7":"product_cat-non-palettisable","8":"product_cat-seaux-de-lavage-et-balais-brosse","9":"product_cat-usage-unique-et-entretien","10":"product_shipping_class-free-shipping","12":"first","13":"instock","14":"featured","15":"taxable","16":"shipping-taxable","17":"purchasable","18":"product-type-simple"},"_links":{"self":[{"href":"https:\/\/abinox-chr-clim.com\/index.php\/wp-json\/wp\/v2\/product\/111535","targetHints":{"allow":["GET"]}}],"collection":[{"href":"https:\/\/abinox-chr-clim.com\/index.php\/wp-json\/wp\/v2\/product"}],"about":[{"href":"https:\/\/abinox-chr-clim.com\/index.php\/wp-json\/wp\/v2\/types\/product"}],"replies":[{"embeddable":true,"href":"https:\/\/abinox-chr-clim.com\/index.php\/wp-json\/wp\/v2\/comments?post=111535"}],"wp:featuredmedia":[{"embeddable":true,"href":"https:\/\/abinox-chr-clim.com\/index.php\/wp-json\/wp\/v2\/media\/109120"}],"wp:attachment":[{"href":"https:\/\/abinox-chr-clim.com\/index.php\/wp-json\/wp\/v2\/media?parent=111535"}],"wp:term":[{"taxonomy":"product_brand","embeddable":true,"href":"https:\/\/abinox-chr-clim.com\/index.php\/wp-json\/wp\/v2\/product_brand?post=111535"},{"taxonomy":"product_cat","embeddable":true,"href":"https:\/\/abinox-chr-clim.com\/index.php\/wp-json\/wp\/v2\/product_cat?post=111535"},{"taxonomy":"product_tag","embeddable":true,"href":"https:\/\/abinox-chr-clim.com\/index.php\/wp-json\/wp\/v2\/product_tag?post=111535"}],"curies":[{"name":"wp","href":"https:\/\/api.w.org\/{rel}","templated":true}]}}