{"id":111529,"date":"2025-05-29T12:43:11","date_gmt":"2025-05-29T10:43:11","guid":{"rendered":"https:\/\/abinox-chr-clim.com\/index.php\/product\/chariot-de-nettoyage-mobile-jantex\/"},"modified":"2026-04-15T10:55:14","modified_gmt":"2026-04-15T08:55:14","slug":"chariot-de-nettoyage-mobile-jantex","status":"publish","type":"product","link":"https:\/\/abinox-chr-clim.com\/index.php\/product\/chariot-de-nettoyage-mobile-jantex\/","title":{"rendered":"Chariot de nettoyage mobile Jantex"},"content":{"rendered":"<p>Chariot multi-usages avec tablettes et crochets pour transporter les produits d&rsquo;entretien, balais et serpilli\u00e8res.<\/p>\n<p>\u2022 Id\u00e9al pour une utilisation dans les chambres d&rsquo;h\u00f4tes, les halls, les espaces publics et les toilettes<br \/>\u2022 Poches externes et internes pour produits de nettoyage et chiffons<br \/>\u2022 Design solide et l\u00e9ger avec plateau amovible<br \/>\u2022 Tissu ext\u00e9rieur r\u00e9sistant aux liquides pour une fiabilit\u00e9 accrue<br \/>\u2022 Poign\u00e9e t\u00e9lescopique pour une man\u0153uvre facile avec un effort minimal<br \/>\u2022 Facile \u00e0 ranger apr\u00e8s utilisation<\/p>\n<p><b><u>Caract\u00e9ristiques du produit :<\/u><\/b><br \/>\u2022 Dim. : 670(H) x 510(L) x 520(P) mm<br \/>\u2022 Couleur : Noir.<\/p>\n","protected":false},"excerpt":{"rendered":"<p>670(H)x510(L)x520(P)mm<\/p>\n","protected":false},"featured_media":109119,"comment_status":"open","ping_status":"closed","template":"","meta":[],"product_brand":[],"product_cat":[1148,1147,1146,1297],"product_tag":[],"class_list":{"0":"post-111529","1":"product","2":"type-product","3":"status-publish","4":"has-post-thumbnail","6":"product_cat-chariots-de-service","7":"product_cat-chariots-et-rayonnages","8":"product_cat-mobilier-de-cuisine-chariots-et-echelles","9":"product_cat-non-palettisable","10":"product_shipping_class-free-shipping","12":"first","13":"instock","14":"featured","15":"taxable","16":"shipping-taxable","17":"purchasable","18":"product-type-simple"},"_links":{"self":[{"href":"https:\/\/abinox-chr-clim.com\/index.php\/wp-json\/wp\/v2\/product\/111529","targetHints":{"allow":["GET"]}}],"collection":[{"href":"https:\/\/abinox-chr-clim.com\/index.php\/wp-json\/wp\/v2\/product"}],"about":[{"href":"https:\/\/abinox-chr-clim.com\/index.php\/wp-json\/wp\/v2\/types\/product"}],"replies":[{"embeddable":true,"href":"https:\/\/abinox-chr-clim.com\/index.php\/wp-json\/wp\/v2\/comments?post=111529"}],"wp:featuredmedia":[{"embeddable":true,"href":"https:\/\/abinox-chr-clim.com\/index.php\/wp-json\/wp\/v2\/media\/109119"}],"wp:attachment":[{"href":"https:\/\/abinox-chr-clim.com\/index.php\/wp-json\/wp\/v2\/media?parent=111529"}],"wp:term":[{"taxonomy":"product_brand","embeddable":true,"href":"https:\/\/abinox-chr-clim.com\/index.php\/wp-json\/wp\/v2\/product_brand?post=111529"},{"taxonomy":"product_cat","embeddable":true,"href":"https:\/\/abinox-chr-clim.com\/index.php\/wp-json\/wp\/v2\/product_cat?post=111529"},{"taxonomy":"product_tag","embeddable":true,"href":"https:\/\/abinox-chr-clim.com\/index.php\/wp-json\/wp\/v2\/product_tag?post=111529"}],"curies":[{"name":"wp","href":"https:\/\/api.w.org\/{rel}","templated":true}]}}