{"id":111463,"date":"2025-05-29T12:40:50","date_gmt":"2025-05-29T10:40:50","guid":{"rendered":"https:\/\/abinox-chr-clim.com\/index.php\/product\/vitrine-chauffante-buffalo\/"},"modified":"2026-04-15T10:55:08","modified_gmt":"2026-04-15T08:55:08","slug":"vitrine-chauffante-buffalo","status":"publish","type":"product","link":"https:\/\/abinox-chr-clim.com\/index.php\/product\/vitrine-chauffante-buffalo\/","title":{"rendered":"Vitrine chauffante Buffalo"},"content":{"rendered":"<p>Styl\u00e9 et fiable, le pr\u00e9sentateur chauffant Buffalo est une superbe solution pour l&rsquo;avant de la maison, sp\u00e9cifiquement con\u00e7ue pour aider \u00e0 augmenter les ventes d&rsquo;en-cas chauds. Que vous proposiez des tourtes, des chaussons ou des rouleaux chauds, le Buffalo les garde facilement accessibles et \u00e0 la temp\u00e9rature de service id\u00e9ale, tout en mettant en valeur les produits gr\u00e2ce \u00e0 un \u00e9clairage LED \u00e9conome en \u00e9nergie.Le pr\u00e9sentateur Buffalo offre beaucoup d&rsquo;espace d&rsquo;exposition sur deux \u00e9tag\u00e8res ajustables, avec un acc\u00e8s par deux portes coulissantes. Les portes contribuent non seulement \u00e0 conserver plus de chaleur \u00e0 l&rsquo;int\u00e9rieur de l&rsquo;exposition, mais elles aident \u00e9galement \u00e0 r\u00e9duire les co\u00fbts de fonctionnement globaux et \u00e0 am\u00e9liorer l&rsquo;hygi\u00e8ne. Les temp\u00e9ratures internes sont facilement ajust\u00e9es \u00e0 l&rsquo;aide du contr\u00f4leur num\u00e9rique intuitif. Il est aussi facile \u00e0 positionner et \u00e0 nettoyer, gr\u00e2ce au pr\u00e9sentateur mont\u00e9 sur roulettes (dont deux avec frein). Utilise une seule prise 13A pour l&rsquo;alimentation.<\/p>\n<p>\u2022 \u00c9clairage int\u00e9rieur LED \u00e9conome en \u00e9nergie<br \/>\u2022 Contr\u00f4leur de temp\u00e9rature num\u00e9rique intuitif avec affichage. R\u00e9glez la temp\u00e9rature entre 30-80\u00b0C<br \/>\u2022 Capacit\u00e9 g\u00e9n\u00e9reuse de 200 litres sur deux \u00e9tag\u00e8res ajustables<br \/>\u2022 Facile \u00e0 positionner &#8211; 4 roulettes dont 2 avec freins<br \/>\u2022 Construction robuste en acier inoxydable facile \u00e0 nettoyer<br \/>\u2022 Pr\u00eat \u00e0 brancher pour une utilisation imm\u00e9diate<\/p>\n<p><b><u>Caract\u00e9ristiques du produit :<\/u><\/b><br \/>\u2022 Dim. : 1253(H) x 1000(L) x 592(P) mm<br \/>\u2022 Mati\u00e8re : Inox et verre<br \/>\u2022 Voltage : 220-240V<br \/>\u2022 Poids : 95,5 kg<br \/>\u2022 Couleur : Noir.<\/p>\n","protected":false},"excerpt":{"rendered":"<p>Capacit\u00e9 : 200L. 2kW.<\/p>\n","protected":false},"featured_media":107707,"comment_status":"open","ping_status":"closed","template":"","meta":[],"product_brand":[],"product_cat":[1199,1160,1297,1197],"product_tag":[],"class_list":{"0":"post-111463","1":"product","2":"type-product","3":"status-publish","4":"has-post-thumbnail","6":"product_cat-buffet-chaud","7":"product_cat-materiel-electrique-et-de-cuisson","8":"product_cat-non-palettisable","9":"product_cat-service-presentation","10":"product_shipping_class-free-shipping","12":"first","13":"instock","14":"featured","15":"taxable","16":"shipping-taxable","17":"purchasable","18":"product-type-simple"},"_links":{"self":[{"href":"https:\/\/abinox-chr-clim.com\/index.php\/wp-json\/wp\/v2\/product\/111463","targetHints":{"allow":["GET"]}}],"collection":[{"href":"https:\/\/abinox-chr-clim.com\/index.php\/wp-json\/wp\/v2\/product"}],"about":[{"href":"https:\/\/abinox-chr-clim.com\/index.php\/wp-json\/wp\/v2\/types\/product"}],"replies":[{"embeddable":true,"href":"https:\/\/abinox-chr-clim.com\/index.php\/wp-json\/wp\/v2\/comments?post=111463"}],"wp:featuredmedia":[{"embeddable":true,"href":"https:\/\/abinox-chr-clim.com\/index.php\/wp-json\/wp\/v2\/media\/107707"}],"wp:attachment":[{"href":"https:\/\/abinox-chr-clim.com\/index.php\/wp-json\/wp\/v2\/media?parent=111463"}],"wp:term":[{"taxonomy":"product_brand","embeddable":true,"href":"https:\/\/abinox-chr-clim.com\/index.php\/wp-json\/wp\/v2\/product_brand?post=111463"},{"taxonomy":"product_cat","embeddable":true,"href":"https:\/\/abinox-chr-clim.com\/index.php\/wp-json\/wp\/v2\/product_cat?post=111463"},{"taxonomy":"product_tag","embeddable":true,"href":"https:\/\/abinox-chr-clim.com\/index.php\/wp-json\/wp\/v2\/product_tag?post=111463"}],"curies":[{"name":"wp","href":"https:\/\/api.w.org\/{rel}","templated":true}]}}