{"id":111449,"date":"2025-05-29T12:40:22","date_gmt":"2025-05-29T10:40:22","guid":{"rendered":"https:\/\/abinox-chr-clim.com\/index.php\/product\/bouteilles-deau-rainurees-a-bouchon-mecanique-olympia-500ml-lot-de-6\/"},"modified":"2026-04-24T11:12:45","modified_gmt":"2026-04-24T09:12:45","slug":"bouteilles-deau-rainurees-a-bouchon-mecanique-olympia-500ml-lot-de-6","status":"publish","type":"product","link":"https:\/\/abinox-chr-clim.com\/index.php\/product\/bouteilles-deau-rainurees-a-bouchon-mecanique-olympia-500ml-lot-de-6\/","title":{"rendered":"Bouteilles d&rsquo;eau rainur\u00e9es \u00e0 bouchon m\u00e9canique Olympia 500ml (lot de 6)"},"content":{"rendered":"<p>Bouteilles d&rsquo;eau Olympia avec bouchons m\u00e9caniques. Le bouchon ergonomique permet de pr\u00e9-remplir et de ranger les bouteilles avant le d\u00e9but du service. Lavable au lave-verres.<\/p>\n<p>\u2022 Le couvercle ergonomique signifie \u00e9galement que le personnel peut pr\u00e9-remplir et stocker les bouteilles avant le d\u00e9but des services<br \/>\u2022 Le design minimaliste ajoute une touche \u00e9l\u00e9gante et discr\u00e8te \u00e0 vos services de table<br \/>\u2022 Construction lavable au lave-verres pour un nettoyage rapide et approfondi<br \/>\u2022 Ce produit n&rsquo;est pas marqu\u00e9 CE<\/p>\n<p><b><u>Caract\u00e9ristiques du produit :<\/u><\/b><br \/>\u2022 Lot : 6.0<br \/>\u2022 Couleur : Transparent.<\/p>\n","protected":false},"excerpt":{"rendered":"<p>500ml. Lot de 6<\/p>\n","protected":false},"featured_media":107245,"comment_status":"open","ping_status":"closed","template":"","meta":[],"product_brand":[],"product_cat":[1023,1297,1059,1051],"product_tag":[],"class_list":{"0":"post-111449","1":"product","2":"type-product","3":"status-publish","4":"has-post-thumbnail","6":"product_cat-art-de-la-table","7":"product_cat-non-palettisable","8":"product_cat-pichets-et-carafes","9":"product_cat-verrerie","10":"product_shipping_class-free-shipping","12":"first","13":"outofstock","14":"featured","15":"taxable","16":"shipping-taxable","17":"purchasable","18":"product-type-simple"},"_links":{"self":[{"href":"https:\/\/abinox-chr-clim.com\/index.php\/wp-json\/wp\/v2\/product\/111449","targetHints":{"allow":["GET"]}}],"collection":[{"href":"https:\/\/abinox-chr-clim.com\/index.php\/wp-json\/wp\/v2\/product"}],"about":[{"href":"https:\/\/abinox-chr-clim.com\/index.php\/wp-json\/wp\/v2\/types\/product"}],"replies":[{"embeddable":true,"href":"https:\/\/abinox-chr-clim.com\/index.php\/wp-json\/wp\/v2\/comments?post=111449"}],"wp:featuredmedia":[{"embeddable":true,"href":"https:\/\/abinox-chr-clim.com\/index.php\/wp-json\/wp\/v2\/media\/107245"}],"wp:attachment":[{"href":"https:\/\/abinox-chr-clim.com\/index.php\/wp-json\/wp\/v2\/media?parent=111449"}],"wp:term":[{"taxonomy":"product_brand","embeddable":true,"href":"https:\/\/abinox-chr-clim.com\/index.php\/wp-json\/wp\/v2\/product_brand?post=111449"},{"taxonomy":"product_cat","embeddable":true,"href":"https:\/\/abinox-chr-clim.com\/index.php\/wp-json\/wp\/v2\/product_cat?post=111449"},{"taxonomy":"product_tag","embeddable":true,"href":"https:\/\/abinox-chr-clim.com\/index.php\/wp-json\/wp\/v2\/product_tag?post=111449"}],"curies":[{"name":"wp","href":"https:\/\/api.w.org\/{rel}","templated":true}]}}