{"id":111429,"date":"2025-05-29T12:39:40","date_gmt":"2025-05-29T10:39:40","guid":{"rendered":"https:\/\/abinox-chr-clim.com\/index.php\/product\/verres-long-drink-en-cristal-olympia-arno-430ml-lot-de-6\/"},"modified":"2026-04-24T11:16:14","modified_gmt":"2026-04-24T09:16:14","slug":"verres-long-drink-en-cristal-olympia-arno-430ml-lot-de-6","status":"publish","type":"product","link":"https:\/\/abinox-chr-clim.com\/index.php\/product\/verres-long-drink-en-cristal-olympia-arno-430ml-lot-de-6\/","title":{"rendered":"Verres long drink en cristal Olympia Arno 430ml (lot de 6)"},"content":{"rendered":"<p>Renouvelez votre verrerie avec les verres Arno Olympia. Fabriqu\u00e9s en cristal pour plus de durabilit\u00e9 et de transparence, ces verres offrent une esth\u00e9tique moderne et une utilisation durable, ce qui les rend parfaits pour les environnements d\u00e9contract\u00e9s et formels.<\/p>\n<p>\u2022 Les verres ne portent pas le marquage CE<br \/>\u2022 Le cristal de haute qualit\u00e9 offre une excellente transparence<br \/>\u2022 Gr\u00e2ce \u00e0 leur forme compacte, les verres sont id\u00e9aux pour servir des alcools ou des liqueurs sur glace<br \/>\u2022 La base \u00e9paisse am\u00e9liore la stabilit\u00e9 pour r\u00e9duire le risque de renversements<\/p>\n<p><b><u>Caract\u00e9ristiques du produit :<\/u><\/b><br \/>\u2022 Lot : 6.0<br \/>\u2022 Capacit\u00e9 : 430ml<br \/>\u2022 Dim. : 149(H) x 70(\u00d8) mm<br \/>\u2022 Mati\u00e8re : Verre en cristal<br \/>\u2022 Poids : 218 g.<\/p>\n","protected":false},"excerpt":{"rendered":"<p>430ml. Lot de 6<\/p>\n","protected":false},"featured_media":106279,"comment_status":"open","ping_status":"closed","template":"","meta":[],"product_brand":[],"product_cat":[1023,1055,1297,1051],"product_tag":[],"class_list":{"0":"post-111429","1":"product","2":"type-product","3":"status-publish","4":"has-post-thumbnail","6":"product_cat-art-de-la-table","7":"product_cat-chopes-et-gobelets","8":"product_cat-non-palettisable","9":"product_cat-verrerie","10":"product_shipping_class-free-shipping","12":"first","13":"instock","14":"featured","15":"taxable","16":"shipping-taxable","17":"purchasable","18":"product-type-simple"},"_links":{"self":[{"href":"https:\/\/abinox-chr-clim.com\/index.php\/wp-json\/wp\/v2\/product\/111429","targetHints":{"allow":["GET"]}}],"collection":[{"href":"https:\/\/abinox-chr-clim.com\/index.php\/wp-json\/wp\/v2\/product"}],"about":[{"href":"https:\/\/abinox-chr-clim.com\/index.php\/wp-json\/wp\/v2\/types\/product"}],"replies":[{"embeddable":true,"href":"https:\/\/abinox-chr-clim.com\/index.php\/wp-json\/wp\/v2\/comments?post=111429"}],"wp:featuredmedia":[{"embeddable":true,"href":"https:\/\/abinox-chr-clim.com\/index.php\/wp-json\/wp\/v2\/media\/106279"}],"wp:attachment":[{"href":"https:\/\/abinox-chr-clim.com\/index.php\/wp-json\/wp\/v2\/media?parent=111429"}],"wp:term":[{"taxonomy":"product_brand","embeddable":true,"href":"https:\/\/abinox-chr-clim.com\/index.php\/wp-json\/wp\/v2\/product_brand?post=111429"},{"taxonomy":"product_cat","embeddable":true,"href":"https:\/\/abinox-chr-clim.com\/index.php\/wp-json\/wp\/v2\/product_cat?post=111429"},{"taxonomy":"product_tag","embeddable":true,"href":"https:\/\/abinox-chr-clim.com\/index.php\/wp-json\/wp\/v2\/product_tag?post=111429"}],"curies":[{"name":"wp","href":"https:\/\/api.w.org\/{rel}","templated":true}]}}