{"id":111415,"date":"2025-05-29T12:39:12","date_gmt":"2025-05-29T10:39:12","guid":{"rendered":"https:\/\/abinox-chr-clim.com\/index.php\/product\/couvercles-pet-pour-barquettes-ovales-en-bagasse-fiesta-recyclable\/"},"modified":"2026-04-24T11:03:56","modified_gmt":"2026-04-24T09:03:56","slug":"couvercles-pet-pour-barquettes-ovales-en-bagasse-fiesta-recyclable","status":"publish","type":"product","link":"https:\/\/abinox-chr-clim.com\/index.php\/product\/couvercles-pet-pour-barquettes-ovales-en-bagasse-fiesta-recyclable\/","title":{"rendered":"Couvercles PET pour barquettes ovales en bagasse Fiesta Recyclable"},"content":{"rendered":"<p>Fournies dans un paquet de 100, ces couvercles en PET sont compatibles avec les bases de conteneurs ovales en bagasse de 850 ml de Fiesta (HW627) et les bases de conteneurs \u00e0 2 compartiments de 900 ml (HW628) &#8211; vendues s\u00e9par\u00e9ment. Le mat\u00e9riau PET est largement recyclable apr\u00e8s utilisation et sa finition transparente permet de bien identifier les aliments et, lorsqu&rsquo;il est plac\u00e9 en vitrine, de montrer facilement les aliments disponibles \u00e0 l&rsquo;int\u00e9rieur pour les clients.Veuillez noter que ces couvercles ne doivent pas \u00eatre utilis\u00e9s avec des aliments chauds ni pour chauffer des aliments.<\/p>\n<p>\u2022 Mat\u00e9riau PET &#8211; largement recyclable<br \/>\u2022 Barquettes ovales vendues s\u00e9par\u00e9ment voir codes &#8211; 850ml (HW627) et 900ml (HW628)<br \/>\u2022 A utiliser de pr\u00e9f\u00e9rence avec des aliments froids<\/p>\n<p><b><u>Caract\u00e9ristiques du produit :<\/u><\/b><br \/>\u2022 Lot : 100.0<br \/>\u2022 Dim. : 13(H) x 240(L)mm<br \/>\u2022 Couleur : Transparent.<\/p>\n","protected":false},"excerpt":{"rendered":"<p>Convient \u00e0 la gamme de barquettes ovales en bagasse Fiesta Recyclable de 850ml &#038; 900ml. Lot de 100<\/p>\n","protected":false},"featured_media":107701,"comment_status":"open","ping_status":"closed","template":"","meta":[],"product_brand":[],"product_cat":[1241,1297,1238,1216],"product_tag":[],"class_list":{"0":"post-111415","1":"product","2":"type-product","3":"status-publish","4":"has-post-thumbnail","6":"product_cat-emballages-vente-a-emporter","7":"product_cat-non-palettisable","8":"product_cat-produits-a-usage-unique","9":"product_cat-usage-unique-et-entretien","10":"product_shipping_class-free-shipping","12":"first","13":"instock","14":"featured","15":"taxable","16":"shipping-taxable","17":"purchasable","18":"product-type-simple"},"_links":{"self":[{"href":"https:\/\/abinox-chr-clim.com\/index.php\/wp-json\/wp\/v2\/product\/111415","targetHints":{"allow":["GET"]}}],"collection":[{"href":"https:\/\/abinox-chr-clim.com\/index.php\/wp-json\/wp\/v2\/product"}],"about":[{"href":"https:\/\/abinox-chr-clim.com\/index.php\/wp-json\/wp\/v2\/types\/product"}],"replies":[{"embeddable":true,"href":"https:\/\/abinox-chr-clim.com\/index.php\/wp-json\/wp\/v2\/comments?post=111415"}],"wp:featuredmedia":[{"embeddable":true,"href":"https:\/\/abinox-chr-clim.com\/index.php\/wp-json\/wp\/v2\/media\/107701"}],"wp:attachment":[{"href":"https:\/\/abinox-chr-clim.com\/index.php\/wp-json\/wp\/v2\/media?parent=111415"}],"wp:term":[{"taxonomy":"product_brand","embeddable":true,"href":"https:\/\/abinox-chr-clim.com\/index.php\/wp-json\/wp\/v2\/product_brand?post=111415"},{"taxonomy":"product_cat","embeddable":true,"href":"https:\/\/abinox-chr-clim.com\/index.php\/wp-json\/wp\/v2\/product_cat?post=111415"},{"taxonomy":"product_tag","embeddable":true,"href":"https:\/\/abinox-chr-clim.com\/index.php\/wp-json\/wp\/v2\/product_tag?post=111415"}],"curies":[{"name":"wp","href":"https:\/\/api.w.org\/{rel}","templated":true}]}}