{"id":111411,"date":"2025-05-29T12:39:03","date_gmt":"2025-05-29T10:39:03","guid":{"rendered":"https:\/\/abinox-chr-clim.com\/index.php\/product\/couvercles-en-pp-fiesta-recyclable-pour-barquettes-rectangulaires-lot-de-300\/"},"modified":"2026-04-24T11:14:48","modified_gmt":"2026-04-24T09:14:48","slug":"couvercles-en-pp-fiesta-recyclable-pour-barquettes-rectangulaires-lot-de-300","status":"publish","type":"product","link":"https:\/\/abinox-chr-clim.com\/index.php\/product\/couvercles-en-pp-fiesta-recyclable-pour-barquettes-rectangulaires-lot-de-300\/","title":{"rendered":"Couvercles en PP Fiesta Recyclable pour barquettes rectangulaires (Lot de 300)"},"content":{"rendered":"<p>Stockez et transportez des aliments efficacement avec les conteneurs alimentaires recyclables Fiesta et les couvercles. Disponibles dans une gamme de tailles, ils offrent un stockage fiable et s\u00e9curis\u00e9. Les couvercles bien ajust\u00e9s aident \u00e0 minimiser les d\u00e9versements et \u00e0 maintenir les aliments \u00e0 leur temp\u00e9rature requise.<\/p>\n<p>\u2022 Scelle de mani\u00e8re s\u00fbre pour retenir la chaleur et garder les aliments frais<br \/>\u2022 Design \u00e0 dessus plat pour un empilage et un rangement faciles<br \/>\u2022 Peut r\u00e9sister \u00e0 des temp\u00e9ratures plus \u00e9lev\u00e9es que les couvercles en PET traditionnels<br \/>\u2022 Le PP est largement recyclable; v\u00e9rifiez avec votre conseil local pour les directives de recyclage<br \/>\u2022 Convient \u00e0 toutes les barquettes alimentaires rectangulaires en papier Fiesta 500 ml HW620, 650 ml HW621, 750 ml HW622 et 1000 ml HW623<br \/>\u2022 Couvercles en papier (voir code HW624) et couvercles en PET (voir code HW626) \u00e9galement disponibles<\/p>\n<p><b><u>Caract\u00e9ristiques du produit :<\/u><\/b><br \/>\u2022 Lot : 300.0<br \/>\u2022 Dim. : 11(H) x 173(L) x 123(P) mm.<\/p>\n","protected":false},"excerpt":{"rendered":"<p>173(L)x123(P)x16(H)mm. Quantit\u00e9 du lot : 300<\/p>\n","protected":false},"featured_media":107240,"comment_status":"open","ping_status":"closed","template":"","meta":[],"product_brand":[],"product_cat":[1241,1297,1238,1216],"product_tag":[],"class_list":{"0":"post-111411","1":"product","2":"type-product","3":"status-publish","4":"has-post-thumbnail","6":"product_cat-emballages-vente-a-emporter","7":"product_cat-non-palettisable","8":"product_cat-produits-a-usage-unique","9":"product_cat-usage-unique-et-entretien","10":"product_shipping_class-free-shipping","12":"first","13":"instock","14":"featured","15":"taxable","16":"shipping-taxable","17":"purchasable","18":"product-type-simple"},"_links":{"self":[{"href":"https:\/\/abinox-chr-clim.com\/index.php\/wp-json\/wp\/v2\/product\/111411","targetHints":{"allow":["GET"]}}],"collection":[{"href":"https:\/\/abinox-chr-clim.com\/index.php\/wp-json\/wp\/v2\/product"}],"about":[{"href":"https:\/\/abinox-chr-clim.com\/index.php\/wp-json\/wp\/v2\/types\/product"}],"replies":[{"embeddable":true,"href":"https:\/\/abinox-chr-clim.com\/index.php\/wp-json\/wp\/v2\/comments?post=111411"}],"wp:featuredmedia":[{"embeddable":true,"href":"https:\/\/abinox-chr-clim.com\/index.php\/wp-json\/wp\/v2\/media\/107240"}],"wp:attachment":[{"href":"https:\/\/abinox-chr-clim.com\/index.php\/wp-json\/wp\/v2\/media?parent=111411"}],"wp:term":[{"taxonomy":"product_brand","embeddable":true,"href":"https:\/\/abinox-chr-clim.com\/index.php\/wp-json\/wp\/v2\/product_brand?post=111411"},{"taxonomy":"product_cat","embeddable":true,"href":"https:\/\/abinox-chr-clim.com\/index.php\/wp-json\/wp\/v2\/product_cat?post=111411"},{"taxonomy":"product_tag","embeddable":true,"href":"https:\/\/abinox-chr-clim.com\/index.php\/wp-json\/wp\/v2\/product_tag?post=111411"}],"curies":[{"name":"wp","href":"https:\/\/api.w.org\/{rel}","templated":true}]}}