{"id":111273,"date":"2025-05-29T12:25:05","date_gmt":"2025-05-29T10:25:05","guid":{"rendered":"https:\/\/abinox-chr-clim.com\/index.php\/product\/lampe-de-table-dexterieur-led-tristar\/"},"modified":"2026-04-24T11:03:16","modified_gmt":"2026-04-24T09:03:16","slug":"lampe-de-table-dexterieur-led-tristar","status":"publish","type":"product","link":"https:\/\/abinox-chr-clim.com\/index.php\/product\/lampe-de-table-dexterieur-led-tristar\/","title":{"rendered":"Lampe de table d&rsquo;ext\u00e9rieur LED Tristar"},"content":{"rendered":"<p>\u2022 Rechargeable avec chargeur fourni<br \/>\u2022 Une fois compl\u00e8tement charg\u00e9, utilisation sans fil pendant 8 \u00e0 15 heures<br \/>\u2022 Consommation \u00e9lectrique de 3 W et classe \u00e9nerg\u00e9tique B<br \/>\u2022 Utilisation sans tracas en int\u00e9rieur et en ext\u00e9rieur gr\u00e2ce \u00e0 l&rsquo;indice de protection IP44 <\/p>\n","protected":false},"excerpt":{"rendered":"<p>Lampe de table LED<\/p>\n","protected":false},"featured_media":109023,"comment_status":"open","ping_status":"closed","template":"","meta":[],"product_brand":[],"product_cat":[1024,1023,1297],"product_tag":[],"class_list":{"0":"post-111273","1":"product","2":"type-product","3":"status-publish","4":"has-post-thumbnail","6":"product_cat-accessoires-de-table","7":"product_cat-art-de-la-table","8":"product_cat-non-palettisable","9":"product_shipping_class-free-shipping","11":"first","12":"outofstock","13":"featured","14":"taxable","15":"shipping-taxable","16":"purchasable","17":"product-type-simple"},"_links":{"self":[{"href":"https:\/\/abinox-chr-clim.com\/index.php\/wp-json\/wp\/v2\/product\/111273","targetHints":{"allow":["GET"]}}],"collection":[{"href":"https:\/\/abinox-chr-clim.com\/index.php\/wp-json\/wp\/v2\/product"}],"about":[{"href":"https:\/\/abinox-chr-clim.com\/index.php\/wp-json\/wp\/v2\/types\/product"}],"replies":[{"embeddable":true,"href":"https:\/\/abinox-chr-clim.com\/index.php\/wp-json\/wp\/v2\/comments?post=111273"}],"wp:featuredmedia":[{"embeddable":true,"href":"https:\/\/abinox-chr-clim.com\/index.php\/wp-json\/wp\/v2\/media\/109023"}],"wp:attachment":[{"href":"https:\/\/abinox-chr-clim.com\/index.php\/wp-json\/wp\/v2\/media?parent=111273"}],"wp:term":[{"taxonomy":"product_brand","embeddable":true,"href":"https:\/\/abinox-chr-clim.com\/index.php\/wp-json\/wp\/v2\/product_brand?post=111273"},{"taxonomy":"product_cat","embeddable":true,"href":"https:\/\/abinox-chr-clim.com\/index.php\/wp-json\/wp\/v2\/product_cat?post=111273"},{"taxonomy":"product_tag","embeddable":true,"href":"https:\/\/abinox-chr-clim.com\/index.php\/wp-json\/wp\/v2\/product_tag?post=111273"}],"curies":[{"name":"wp","href":"https:\/\/api.w.org\/{rel}","templated":true}]}}