{"id":111235,"date":"2025-05-29T12:23:47","date_gmt":"2025-05-29T10:23:47","guid":{"rendered":"https:\/\/abinox-chr-clim.com\/index.php\/product\/gant-de-four-double-vogue\/"},"modified":"2026-02-18T10:51:45","modified_gmt":"2026-02-18T09:51:45","slug":"gant-de-four-double-vogue","status":"publish","type":"product","link":"https:\/\/abinox-chr-clim.com\/index.php\/product\/gant-de-four-double-vogue\/","title":{"rendered":"Gant de four double Vogue"},"content":{"rendered":"<p>R\u00e9sistant \u00e0 la chaleur et durable. La grande longueur prot\u00e8ge les poignets et les avant-bras. Lavable en machine.<\/p>\n<p>\u2022 Dimensions 896(L)x 200(P)mm<br \/>\u2022 Dimensions des poches 240(L)x 200(P)mm<br \/>\u2022 Mati\u00e8re 100% coton<br \/>\u2022 Poids du tissu 249gsm<br \/>\u2022 Couleur brute<br \/>\u2022 Lavable en machine<br \/>\u2022 Permet de manipuler des produits extr\u00eamement chauds avec un minimum de rayonnement thermique vers les mains<\/p>\n<p><b><u>Caract\u00e9ristiques du produit :<\/u><\/b><br \/>\u2022 Dim. : 200(L) x 896(L) mm<br \/>\u2022 Mati\u00e8re : 100% coton<br \/>\u2022 Couleur : Beige.<\/p>\n","protected":false},"excerpt":{"rendered":"<p>En coton<\/p>\n","protected":false},"featured_media":109005,"comment_status":"open","ping_status":"closed","template":"","meta":[],"product_brand":[],"product_cat":[1277,1297],"product_tag":[],"class_list":{"0":"post-111235","1":"product","2":"type-product","3":"status-publish","4":"has-post-thumbnail","6":"product_cat-divers-principal","7":"product_cat-non-palettisable","8":"product_shipping_class-free-shipping","10":"first","11":"outofstock","12":"featured","13":"taxable","14":"shipping-taxable","15":"purchasable","16":"product-type-simple"},"_links":{"self":[{"href":"https:\/\/abinox-chr-clim.com\/index.php\/wp-json\/wp\/v2\/product\/111235","targetHints":{"allow":["GET"]}}],"collection":[{"href":"https:\/\/abinox-chr-clim.com\/index.php\/wp-json\/wp\/v2\/product"}],"about":[{"href":"https:\/\/abinox-chr-clim.com\/index.php\/wp-json\/wp\/v2\/types\/product"}],"replies":[{"embeddable":true,"href":"https:\/\/abinox-chr-clim.com\/index.php\/wp-json\/wp\/v2\/comments?post=111235"}],"wp:featuredmedia":[{"embeddable":true,"href":"https:\/\/abinox-chr-clim.com\/index.php\/wp-json\/wp\/v2\/media\/109005"}],"wp:attachment":[{"href":"https:\/\/abinox-chr-clim.com\/index.php\/wp-json\/wp\/v2\/media?parent=111235"}],"wp:term":[{"taxonomy":"product_brand","embeddable":true,"href":"https:\/\/abinox-chr-clim.com\/index.php\/wp-json\/wp\/v2\/product_brand?post=111235"},{"taxonomy":"product_cat","embeddable":true,"href":"https:\/\/abinox-chr-clim.com\/index.php\/wp-json\/wp\/v2\/product_cat?post=111235"},{"taxonomy":"product_tag","embeddable":true,"href":"https:\/\/abinox-chr-clim.com\/index.php\/wp-json\/wp\/v2\/product_tag?post=111235"}],"curies":[{"name":"wp","href":"https:\/\/api.w.org\/{rel}","templated":true}]}}