{"id":111186,"date":"2025-05-29T12:22:04","date_gmt":"2025-05-29T10:22:04","guid":{"rendered":"https:\/\/abinox-chr-clim.com\/index.php\/product\/marmite-a-soupe-buffalo-heat-and-hold-9l\/"},"modified":"2026-04-15T10:57:44","modified_gmt":"2026-04-15T08:57:44","slug":"marmite-a-soupe-buffalo-heat-and-hold-9l","status":"publish","type":"product","link":"https:\/\/abinox-chr-clim.com\/index.php\/product\/marmite-a-soupe-buffalo-heat-and-hold-9l\/","title":{"rendered":"Marmite \u00e0 soupe Buffalo Heat and Hold 9L"},"content":{"rendered":"<p>Tr\u00e8s polyvalente et fiable, la marmite \u00e0 soupe permet d&rsquo;amener facilement les pr\u00e9parations r\u00e9frig\u00e9r\u00e9es \u00e0 la temp\u00e9rature de service dans un seul appareil compact.<\/p>\n<p>\u2022 Chauffe les pr\u00e9parations en toute s\u00e9curit\u00e9, du froid \u00e0 la temp\u00e9rature de service &#8211; pas besoin de chauffer sur une autre plaque<br \/>\u2022 Commandes num\u00e9riques pour passer du mode chauffe au maintien de la temp\u00e9rature<br \/>\u2022 Avec une alarme de rappel pour m\u00e9langer et de meilleurs r\u00e9sultats<br \/>\u2022 Design carr\u00e9 en acier inoxydable poli<br \/>\u2022 Capacit\u00e9 g\u00e9n\u00e9reuse de 9L<br \/>\u2022 Cuve int\u00e9rieure solide en acier inoxydable<\/p>\n<p><b><u>Caract\u00e9ristiques du produit :<\/u><\/b><br \/>\u2022 Dim. : 410(H) x 312(\u00d8) mm<br \/>\u2022 Mati\u00e8re : Inox<br \/>\u2022 Voltage : 220-240V<br \/>\u2022 Poids : 5,78 kg<br \/>\u2022 Couleur : Argent.<\/p>\n","protected":false},"excerpt":{"rendered":"<p>1.4 kW. Capacit\u00e9 : 9L. Chauffe et maintien au chaud<\/p>\n","protected":false},"featured_media":108995,"comment_status":"open","ping_status":"closed","template":"","meta":[],"product_brand":[],"product_cat":[1277,1297],"product_tag":[],"class_list":{"0":"post-111186","1":"product","2":"type-product","3":"status-publish","4":"has-post-thumbnail","6":"product_cat-divers-principal","7":"product_cat-non-palettisable","8":"product_shipping_class-free-shipping","10":"first","11":"outofstock","12":"featured","13":"taxable","14":"shipping-taxable","15":"purchasable","16":"product-type-simple"},"_links":{"self":[{"href":"https:\/\/abinox-chr-clim.com\/index.php\/wp-json\/wp\/v2\/product\/111186","targetHints":{"allow":["GET"]}}],"collection":[{"href":"https:\/\/abinox-chr-clim.com\/index.php\/wp-json\/wp\/v2\/product"}],"about":[{"href":"https:\/\/abinox-chr-clim.com\/index.php\/wp-json\/wp\/v2\/types\/product"}],"replies":[{"embeddable":true,"href":"https:\/\/abinox-chr-clim.com\/index.php\/wp-json\/wp\/v2\/comments?post=111186"}],"wp:featuredmedia":[{"embeddable":true,"href":"https:\/\/abinox-chr-clim.com\/index.php\/wp-json\/wp\/v2\/media\/108995"}],"wp:attachment":[{"href":"https:\/\/abinox-chr-clim.com\/index.php\/wp-json\/wp\/v2\/media?parent=111186"}],"wp:term":[{"taxonomy":"product_brand","embeddable":true,"href":"https:\/\/abinox-chr-clim.com\/index.php\/wp-json\/wp\/v2\/product_brand?post=111186"},{"taxonomy":"product_cat","embeddable":true,"href":"https:\/\/abinox-chr-clim.com\/index.php\/wp-json\/wp\/v2\/product_cat?post=111186"},{"taxonomy":"product_tag","embeddable":true,"href":"https:\/\/abinox-chr-clim.com\/index.php\/wp-json\/wp\/v2\/product_tag?post=111186"}],"curies":[{"name":"wp","href":"https:\/\/api.w.org\/{rel}","templated":true}]}}