{"id":111169,"date":"2025-05-29T12:21:29","date_gmt":"2025-05-29T10:21:29","guid":{"rendered":"https:\/\/abinox-chr-clim.com\/index.php\/product\/ensemble-pelle-et-balai-utilisation-legere-jantex\/"},"modified":"2026-04-14T11:14:17","modified_gmt":"2026-04-14T09:14:17","slug":"ensemble-pelle-et-balai-utilisation-legere-jantex","status":"publish","type":"product","link":"https:\/\/abinox-chr-clim.com\/index.php\/product\/ensemble-pelle-et-balai-utilisation-legere-jantex\/","title":{"rendered":"Ensemble pelle et balai utilisation l\u00e9g\u00e8re Jantex"},"content":{"rendered":"<p>Ensemble pelle et balai tr\u00e8s r\u00e9sistant, avec un manche extra-long de 800 mm pour faciliter l&rsquo;utilisation. Parfait pour les  couloirs, les zones de r\u00e9ception et les halls d&rsquo;entr\u00e9e.<\/p>\n<p>\u2022 Manche de 800\u00a0mm de hauteur, donc pas besoin de se pencher pour balayer<br \/>\u2022 Large ouverture de la pelle de 275 mm<br \/>\u2022 Robuste mais l\u00e9ger pour un nettoyage rapide et facile<br \/>\u2022 Parfait pour les travaux de nettoyage l\u00e9gers, pour un brossage plus intensif, voir les autres pelles et balais Jantex CD059 + CK851<\/p>\n<p><b><u>Caract\u00e9ristiques du produit :<\/u><\/b><br \/>\u2022 Dim. : 275(L) mm<br \/>\u2022 Mati\u00e8re : Polypropyl\u00e8ne<br \/>\u2022 Couleur : Noir.<\/p>\n","protected":false},"excerpt":{"rendered":"<p>Largeur de la pelle \u00e0 poussi\u00e8re : 275 mm<\/p>\n","protected":false},"featured_media":107675,"comment_status":"open","ping_status":"closed","template":"","meta":[],"product_brand":[],"product_cat":[1227,1297,1216],"product_tag":[],"class_list":{"0":"post-111169","1":"product","2":"type-product","3":"status-publish","4":"has-post-thumbnail","6":"product_cat-nettoyage","7":"product_cat-non-palettisable","8":"product_cat-usage-unique-et-entretien","9":"product_shipping_class-free-shipping","11":"first","12":"instock","13":"featured","14":"taxable","15":"shipping-taxable","16":"purchasable","17":"product-type-simple"},"_links":{"self":[{"href":"https:\/\/abinox-chr-clim.com\/index.php\/wp-json\/wp\/v2\/product\/111169","targetHints":{"allow":["GET"]}}],"collection":[{"href":"https:\/\/abinox-chr-clim.com\/index.php\/wp-json\/wp\/v2\/product"}],"about":[{"href":"https:\/\/abinox-chr-clim.com\/index.php\/wp-json\/wp\/v2\/types\/product"}],"replies":[{"embeddable":true,"href":"https:\/\/abinox-chr-clim.com\/index.php\/wp-json\/wp\/v2\/comments?post=111169"}],"wp:featuredmedia":[{"embeddable":true,"href":"https:\/\/abinox-chr-clim.com\/index.php\/wp-json\/wp\/v2\/media\/107675"}],"wp:attachment":[{"href":"https:\/\/abinox-chr-clim.com\/index.php\/wp-json\/wp\/v2\/media?parent=111169"}],"wp:term":[{"taxonomy":"product_brand","embeddable":true,"href":"https:\/\/abinox-chr-clim.com\/index.php\/wp-json\/wp\/v2\/product_brand?post=111169"},{"taxonomy":"product_cat","embeddable":true,"href":"https:\/\/abinox-chr-clim.com\/index.php\/wp-json\/wp\/v2\/product_cat?post=111169"},{"taxonomy":"product_tag","embeddable":true,"href":"https:\/\/abinox-chr-clim.com\/index.php\/wp-json\/wp\/v2\/product_tag?post=111169"}],"curies":[{"name":"wp","href":"https:\/\/api.w.org\/{rel}","templated":true}]}}