{"id":111167,"date":"2025-05-29T12:21:25","date_gmt":"2025-05-29T10:21:25","guid":{"rendered":"https:\/\/abinox-chr-clim.com\/index.php\/product\/poubelle-a-pedale-ronde-jantex-noire-5l\/"},"modified":"2026-04-15T10:46:21","modified_gmt":"2026-04-15T08:46:21","slug":"poubelle-a-pedale-ronde-jantex-noire-5l","status":"publish","type":"product","link":"https:\/\/abinox-chr-clim.com\/index.php\/product\/poubelle-a-pedale-ronde-jantex-noire-5l\/","title":{"rendered":"Poubelle \u00e0 p\u00e9dale ronde Jantex noire 5L"},"content":{"rendered":"<p>Gardez les espaces int\u00e9rieurs propres avec les poubelles \u00e0 p\u00e9dale Jantex. Parfait pour les espaces restreints, la poubelle s&rsquo;adapte parfaitement sous les bureaux et \u00e0 c\u00f4t\u00e9 des lits pour une gestion facile des d\u00e9chets. Elle est dot\u00e9e d&rsquo;un couvercle \u00e0 fermeture douce et est fabriqu\u00e9e en mat\u00e9riau ABS noir facile \u00e0 nettoyer.<\/p>\n<p>\u2022 Design compact gain de place<br \/>\u2022 \u00c0 associer avec la brosse WC noire Jantex (Code &#8211; HT481)<br \/>\u2022 Comprend un seau int\u00e9rieur pour faciliter l&rsquo;\u00e9limination des d\u00e9chets<\/p>\n<p><b><u>Caract\u00e9ristiques du produit :<\/u><\/b><br \/>\u2022 Capacit\u00e9 : 5 L<br \/>\u2022 Dim. : 290(H) x 245(L) x 245(P) mm<br \/>\u2022 Mati\u00e8re : ABS<br \/>\u2022 Couleur : Noir.<\/p>\n","protected":false},"excerpt":{"rendered":"<p>Couvercle \u00e0 fermeture douce. Construction ABS.  290(H) x 245(L) x 245(P)mm<\/p>\n","protected":false},"featured_media":108990,"comment_status":"open","ping_status":"closed","template":"","meta":[],"product_brand":[],"product_cat":[1217,1297,1221,1216],"product_tag":[],"class_list":{"0":"post-111167","1":"product","2":"type-product","3":"status-publish","4":"has-post-thumbnail","6":"product_cat-collecte-des-dechets","7":"product_cat-non-palettisable","8":"product_cat-sacs-poubelle","9":"product_cat-usage-unique-et-entretien","10":"product_shipping_class-free-shipping","12":"first","13":"outofstock","14":"featured","15":"taxable","16":"shipping-taxable","17":"purchasable","18":"product-type-simple"},"_links":{"self":[{"href":"https:\/\/abinox-chr-clim.com\/index.php\/wp-json\/wp\/v2\/product\/111167","targetHints":{"allow":["GET"]}}],"collection":[{"href":"https:\/\/abinox-chr-clim.com\/index.php\/wp-json\/wp\/v2\/product"}],"about":[{"href":"https:\/\/abinox-chr-clim.com\/index.php\/wp-json\/wp\/v2\/types\/product"}],"replies":[{"embeddable":true,"href":"https:\/\/abinox-chr-clim.com\/index.php\/wp-json\/wp\/v2\/comments?post=111167"}],"wp:featuredmedia":[{"embeddable":true,"href":"https:\/\/abinox-chr-clim.com\/index.php\/wp-json\/wp\/v2\/media\/108990"}],"wp:attachment":[{"href":"https:\/\/abinox-chr-clim.com\/index.php\/wp-json\/wp\/v2\/media?parent=111167"}],"wp:term":[{"taxonomy":"product_brand","embeddable":true,"href":"https:\/\/abinox-chr-clim.com\/index.php\/wp-json\/wp\/v2\/product_brand?post=111167"},{"taxonomy":"product_cat","embeddable":true,"href":"https:\/\/abinox-chr-clim.com\/index.php\/wp-json\/wp\/v2\/product_cat?post=111167"},{"taxonomy":"product_tag","embeddable":true,"href":"https:\/\/abinox-chr-clim.com\/index.php\/wp-json\/wp\/v2\/product_tag?post=111167"}],"curies":[{"name":"wp","href":"https:\/\/api.w.org\/{rel}","templated":true}]}}