{"id":111147,"date":"2025-05-29T12:20:46","date_gmt":"2025-05-29T10:20:46","guid":{"rendered":"https:\/\/abinox-chr-clim.com\/index.php\/product\/gant-de-four-en-silicone-avec-manchette-vogue\/"},"modified":"2026-04-02T10:40:52","modified_gmt":"2026-04-02T08:40:52","slug":"gant-de-four-en-silicone-avec-manchette-vogue","status":"publish","type":"product","link":"https:\/\/abinox-chr-clim.com\/index.php\/product\/gant-de-four-en-silicone-avec-manchette-vogue\/","title":{"rendered":"Gant de four en silicone avec manchette Vogue"},"content":{"rendered":"<p>Le gant de four en silicone r\u00e9sistant \u00e0 la chaleur assure une bonne prise en main tout en prot\u00e9geant les mains des temp\u00e9ratures \u00e9lev\u00e9es.<\/p>\n<p>\u2022 Mati\u00e8re Silicone<br \/>\u2022 Couleur noire<br \/>\u2022 Lavable en machine<br \/>\u2022 Prise antid\u00e9rapante<br \/>\u2022 Base en silicone avec une doublure ax\u00e9e sur le confort<br \/>\u2022 Permet de manipuler des produits extr\u00eamement chauds avec un minimum de rayonnement thermique vers les mains<\/p>\n<p><b><u>Caract\u00e9ristiques du produit :<\/u><\/b><br \/>\u2022 Mati\u00e8re : Silicone<br \/>\u2022 Couleur : Noir.<\/p>\n","protected":false},"excerpt":{"rendered":"<p>En silicone<\/p>\n","protected":false},"featured_media":108980,"comment_status":"open","ping_status":"closed","template":"","meta":[],"product_brand":[],"product_cat":[1277,1297],"product_tag":[],"class_list":{"0":"post-111147","1":"product","2":"type-product","3":"status-publish","4":"has-post-thumbnail","6":"product_cat-divers-principal","7":"product_cat-non-palettisable","8":"product_shipping_class-free-shipping","10":"first","11":"outofstock","12":"featured","13":"taxable","14":"shipping-taxable","15":"purchasable","16":"product-type-simple"},"_links":{"self":[{"href":"https:\/\/abinox-chr-clim.com\/index.php\/wp-json\/wp\/v2\/product\/111147","targetHints":{"allow":["GET"]}}],"collection":[{"href":"https:\/\/abinox-chr-clim.com\/index.php\/wp-json\/wp\/v2\/product"}],"about":[{"href":"https:\/\/abinox-chr-clim.com\/index.php\/wp-json\/wp\/v2\/types\/product"}],"replies":[{"embeddable":true,"href":"https:\/\/abinox-chr-clim.com\/index.php\/wp-json\/wp\/v2\/comments?post=111147"}],"wp:featuredmedia":[{"embeddable":true,"href":"https:\/\/abinox-chr-clim.com\/index.php\/wp-json\/wp\/v2\/media\/108980"}],"wp:attachment":[{"href":"https:\/\/abinox-chr-clim.com\/index.php\/wp-json\/wp\/v2\/media?parent=111147"}],"wp:term":[{"taxonomy":"product_brand","embeddable":true,"href":"https:\/\/abinox-chr-clim.com\/index.php\/wp-json\/wp\/v2\/product_brand?post=111147"},{"taxonomy":"product_cat","embeddable":true,"href":"https:\/\/abinox-chr-clim.com\/index.php\/wp-json\/wp\/v2\/product_cat?post=111147"},{"taxonomy":"product_tag","embeddable":true,"href":"https:\/\/abinox-chr-clim.com\/index.php\/wp-json\/wp\/v2\/product_tag?post=111147"}],"curies":[{"name":"wp","href":"https:\/\/api.w.org\/{rel}","templated":true}]}}