{"id":111121,"date":"2025-05-29T12:19:44","date_gmt":"2025-05-29T10:19:44","guid":{"rendered":"https:\/\/abinox-chr-clim.com\/index.php\/product\/chaises-pliantes-en-rotin-pe-bolero-noires-lot-de-2\/"},"modified":"2026-04-14T11:14:15","modified_gmt":"2026-04-14T09:14:15","slug":"chaises-pliantes-en-rotin-pe-bolero-noires-lot-de-2","status":"publish","type":"product","link":"https:\/\/abinox-chr-clim.com\/index.php\/product\/chaises-pliantes-en-rotin-pe-bolero-noires-lot-de-2\/","title":{"rendered":"Chaises pliantes en rotin PE Bolero noires (lot de 2)"},"content":{"rendered":"<p>Besoin d&rsquo;une solution d&rsquo;assise \u00e0 la fois pratique et robuste &#63; Ne cherchez pas plus loin que les chaises pliantes en rotin de Bolero. Ces chaises se montent et se plient en un clin d&rsquo;\u0153il et sont faciles \u00e0 transporter et \u00e0 ranger. Cela les rend id\u00e9ales pour les entreprises de restauration mobile, ou les restaurants et pubs qui ont besoin de si\u00e8ges facilement accessibles lors des services charg\u00e9s. Mais la fonctionnalit\u00e9 ne s&rsquo;arr\u00eate pas l\u00e0. Les cadres en acier enduits de poudre se nettoient rapidement et r\u00e9sistent aux taches et aux rayons UV. De plus, les embouts aux pieds garantissent que vos sols restent sans \u00e9raflures.<\/p>\n<p>\u2022 La conception pliable permet un transport facile et un rangement peu encombrant, les pieds se verrouillent solidement en place lorsqu&rsquo;ils sont ouverts<br \/>\u2022 Convient pour une utilisation int\u00e9rieure et ext\u00e9rieure<br \/>\u2022 Facile \u00e0 nettoyer, r\u00e9sistant aux taches<br \/>\u2022 Livr\u00e9 enti\u00e8rement assembl\u00e9 pour une utilisation d\u00e8s r\u00e9ception<br \/>\u2022 Fourni avec des patins pour aider \u00e0 prot\u00e9ger les sols<br \/>\u2022 Design en rotin PE sur l&rsquo;assise et le dossier<br \/>\u2022 Livr\u00e9 par lot de 2<br \/>\u2022 Tables assorties disponibles &#8211; GR772, GR770<\/p>\n<p><b><u>Caract\u00e9ristiques du produit :<\/u><\/b><br \/>\u2022 Lot : 2.0<br \/>\u2022 Dim. : 805(H) x 445(L) x 570(P)mm<br \/>\u2022 Couleur : Noir.<\/p>\n","protected":false},"excerpt":{"rendered":"<p>805(H)x445(L)x570(P)mm. Quantit\u00e9 par paquet : 2<\/p>\n","protected":false},"featured_media":106255,"comment_status":"open","ping_status":"closed","template":"","meta":[],"product_brand":[],"product_cat":[1209,1208,1201,1297],"product_tag":[],"class_list":{"0":"post-111121","1":"product","2":"type-product","3":"status-publish","4":"has-post-thumbnail","6":"product_cat-chaises-interieur","7":"product_cat-interieur","8":"product_cat-mobilier","9":"product_cat-non-palettisable","10":"product_shipping_class-free-shipping","12":"first","13":"instock","14":"featured","15":"taxable","16":"shipping-taxable","17":"purchasable","18":"product-type-simple"},"_links":{"self":[{"href":"https:\/\/abinox-chr-clim.com\/index.php\/wp-json\/wp\/v2\/product\/111121","targetHints":{"allow":["GET"]}}],"collection":[{"href":"https:\/\/abinox-chr-clim.com\/index.php\/wp-json\/wp\/v2\/product"}],"about":[{"href":"https:\/\/abinox-chr-clim.com\/index.php\/wp-json\/wp\/v2\/types\/product"}],"replies":[{"embeddable":true,"href":"https:\/\/abinox-chr-clim.com\/index.php\/wp-json\/wp\/v2\/comments?post=111121"}],"wp:featuredmedia":[{"embeddable":true,"href":"https:\/\/abinox-chr-clim.com\/index.php\/wp-json\/wp\/v2\/media\/106255"}],"wp:attachment":[{"href":"https:\/\/abinox-chr-clim.com\/index.php\/wp-json\/wp\/v2\/media?parent=111121"}],"wp:term":[{"taxonomy":"product_brand","embeddable":true,"href":"https:\/\/abinox-chr-clim.com\/index.php\/wp-json\/wp\/v2\/product_brand?post=111121"},{"taxonomy":"product_cat","embeddable":true,"href":"https:\/\/abinox-chr-clim.com\/index.php\/wp-json\/wp\/v2\/product_cat?post=111121"},{"taxonomy":"product_tag","embeddable":true,"href":"https:\/\/abinox-chr-clim.com\/index.php\/wp-json\/wp\/v2\/product_tag?post=111121"}],"curies":[{"name":"wp","href":"https:\/\/api.w.org\/{rel}","templated":true}]}}