{"id":111039,"date":"2025-05-29T12:16:48","date_gmt":"2025-05-29T10:16:48","guid":{"rendered":"https:\/\/abinox-chr-clim.com\/index.php\/product\/bols-a-oreilles-olympia-whiteware-250ml-lot-de-6\/"},"modified":"2026-04-14T11:25:47","modified_gmt":"2026-04-14T09:25:47","slug":"bols-a-oreilles-olympia-whiteware-250ml-lot-de-6","status":"publish","type":"product","link":"https:\/\/abinox-chr-clim.com\/index.php\/product\/bols-a-oreilles-olympia-whiteware-250ml-lot-de-6\/","title":{"rendered":"Bols \u00e0 oreilles Olympia Whiteware 250ml (lot de 6)"},"content":{"rendered":"<p>Bol \u00e0 oreilles avec bord roul\u00e9 renforc\u00e9 pour une meilleure r\u00e9sistance aux \u00e9clats. Fabriqu\u00e9 en porcelaine vitrifi\u00e9e, il passe au micro-ondes, au four et au lave-vaisselle. Empilable.<\/p>\n<p>\u2022 Empilable pour un rangement facile et peu encombrant<br \/>\u2022 La couleur blanche met en valeur les ingr\u00e9dients<br \/>\u2022 R\u00e9pond aux normes vitrifi\u00e9es pour la vaisselle d&rsquo;h\u00f4tel\u00a0BS4034<br \/>\u2022 Adapt\u00e9 \u00e0 une utilisation au micro-ondes<br \/>\u2022 Bords roul\u00e9s renforc\u00e9s pour une durabilit\u00e9 accrue<\/p>\n<p><b><u>Caract\u00e9ristiques du produit :<\/u><\/b><br \/>\u2022 Lot : 6.0<br \/>\u2022 Couleur : Blanc.<\/p>\n","protected":false},"excerpt":{"rendered":"<p>250ml. 130(L)x105(P)x50(H)mm. Lot de 6<\/p>\n","protected":false},"featured_media":108933,"comment_status":"open","ping_status":"closed","template":"","meta":[],"product_brand":[],"product_cat":[1277,1297],"product_tag":[],"class_list":{"0":"post-111039","1":"product","2":"type-product","3":"status-publish","4":"has-post-thumbnail","6":"product_cat-divers-principal","7":"product_cat-non-palettisable","8":"product_shipping_class-free-shipping","10":"first","11":"outofstock","12":"featured","13":"taxable","14":"shipping-taxable","15":"purchasable","16":"product-type-simple"},"_links":{"self":[{"href":"https:\/\/abinox-chr-clim.com\/index.php\/wp-json\/wp\/v2\/product\/111039","targetHints":{"allow":["GET"]}}],"collection":[{"href":"https:\/\/abinox-chr-clim.com\/index.php\/wp-json\/wp\/v2\/product"}],"about":[{"href":"https:\/\/abinox-chr-clim.com\/index.php\/wp-json\/wp\/v2\/types\/product"}],"replies":[{"embeddable":true,"href":"https:\/\/abinox-chr-clim.com\/index.php\/wp-json\/wp\/v2\/comments?post=111039"}],"wp:featuredmedia":[{"embeddable":true,"href":"https:\/\/abinox-chr-clim.com\/index.php\/wp-json\/wp\/v2\/media\/108933"}],"wp:attachment":[{"href":"https:\/\/abinox-chr-clim.com\/index.php\/wp-json\/wp\/v2\/media?parent=111039"}],"wp:term":[{"taxonomy":"product_brand","embeddable":true,"href":"https:\/\/abinox-chr-clim.com\/index.php\/wp-json\/wp\/v2\/product_brand?post=111039"},{"taxonomy":"product_cat","embeddable":true,"href":"https:\/\/abinox-chr-clim.com\/index.php\/wp-json\/wp\/v2\/product_cat?post=111039"},{"taxonomy":"product_tag","embeddable":true,"href":"https:\/\/abinox-chr-clim.com\/index.php\/wp-json\/wp\/v2\/product_tag?post=111039"}],"curies":[{"name":"wp","href":"https:\/\/api.w.org\/{rel}","templated":true}]}}