{"id":110941,"date":"2025-05-29T12:13:26","date_gmt":"2025-05-29T10:13:26","guid":{"rendered":"https:\/\/abinox-chr-clim.com\/index.php\/product\/peignes-a-glacage-vogue-lot-de-3\/"},"modified":"2026-04-24T11:04:49","modified_gmt":"2026-04-24T09:04:49","slug":"peignes-a-glacage-vogue-lot-de-3","status":"publish","type":"product","link":"https:\/\/abinox-chr-clim.com\/index.php\/product\/peignes-a-glacage-vogue-lot-de-3\/","title":{"rendered":"Peignes \u00e0 gla\u00e7age Vogue (Lot de 3)"},"content":{"rendered":"<p>D\u00e9corez vos g\u00e2teaux \u00e0 la perfection avec les peignes \u00e0 gla\u00e7age Vogue. Vendus par lots de 3, les peignes offrent un design diff\u00e9rent de chaque c\u00f4t\u00e9, vous obtenez donc six effets diff\u00e9rents pour votre gla\u00e7age. Que ce soit un motif ondul\u00e9 d\u00e9licat ou des boucles et tourbillons complexes, les peignes \u00e0 gla\u00e7age Vogue facilitent un peu la d\u00e9coration de g\u00e2teaux.Chaque peigne est l\u00e9ger et facile \u00e0 utiliser, donc m\u00eame si vous d\u00e9corez de plus grandes quantit\u00e9s de g\u00e2teaux, les peignes r\u00e9duisent la fatigue du bras. De plus, la poign\u00e9e int\u00e9gr\u00e9e vous permet de tenir les peignes en toute s\u00e9curit\u00e9, r\u00e9duisant ainsi les risques d&rsquo;erreurs.<\/p>\n<p>\u2022 Lot de 3 &#8211; 2 designs par peigne \u00e0 gla\u00e7age &#8211; 6 designs au total<br \/>\u2022 Id\u00e9al pour cr\u00e9er des motifs comme des spirales, des cr\u00eates et des vagues sur le gla\u00e7age des g\u00e2teaux<br \/>\u2022 Comprend une poign\u00e9e pour plus de confort lors de l&rsquo;utilisation. Aide \u00e0 la stabilit\u00e9 lors des travaux d\u00e9licats<br \/>\u2022 L\u00e9ger, id\u00e9al pour une utilisation prolong\u00e9e<\/p>\n<p><b><u>Caract\u00e9ristiques du produit :<\/u><\/b><br \/>\u2022 Lot : 3.0<br \/>\u2022 Couleur : Blanc.<\/p>\n","protected":false},"excerpt":{"rendered":"<p>Ensemble de 3. 6 motifs de peigne<\/p>\n","protected":false},"featured_media":108883,"comment_status":"open","ping_status":"closed","template":"","meta":[],"product_brand":[],"product_cat":[1064,1297,1087,1093],"product_tag":[],"class_list":{"0":"post-110941","1":"product","2":"type-product","3":"status-publish","4":"has-post-thumbnail","6":"product_cat-cuisine","7":"product_cat-non-palettisable","8":"product_cat-patisserie","9":"product_cat-ustensiles","10":"product_shipping_class-free-shipping","12":"first","13":"instock","14":"featured","15":"taxable","16":"shipping-taxable","17":"purchasable","18":"product-type-simple"},"_links":{"self":[{"href":"https:\/\/abinox-chr-clim.com\/index.php\/wp-json\/wp\/v2\/product\/110941","targetHints":{"allow":["GET"]}}],"collection":[{"href":"https:\/\/abinox-chr-clim.com\/index.php\/wp-json\/wp\/v2\/product"}],"about":[{"href":"https:\/\/abinox-chr-clim.com\/index.php\/wp-json\/wp\/v2\/types\/product"}],"replies":[{"embeddable":true,"href":"https:\/\/abinox-chr-clim.com\/index.php\/wp-json\/wp\/v2\/comments?post=110941"}],"wp:featuredmedia":[{"embeddable":true,"href":"https:\/\/abinox-chr-clim.com\/index.php\/wp-json\/wp\/v2\/media\/108883"}],"wp:attachment":[{"href":"https:\/\/abinox-chr-clim.com\/index.php\/wp-json\/wp\/v2\/media?parent=110941"}],"wp:term":[{"taxonomy":"product_brand","embeddable":true,"href":"https:\/\/abinox-chr-clim.com\/index.php\/wp-json\/wp\/v2\/product_brand?post=110941"},{"taxonomy":"product_cat","embeddable":true,"href":"https:\/\/abinox-chr-clim.com\/index.php\/wp-json\/wp\/v2\/product_cat?post=110941"},{"taxonomy":"product_tag","embeddable":true,"href":"https:\/\/abinox-chr-clim.com\/index.php\/wp-json\/wp\/v2\/product_tag?post=110941"}],"curies":[{"name":"wp","href":"https:\/\/api.w.org\/{rel}","templated":true}]}}