{"id":110893,"date":"2025-05-29T12:11:52","date_gmt":"2025-05-29T10:11:52","guid":{"rendered":"https:\/\/abinox-chr-clim.com\/index.php\/product\/chaises-en-acier-avec-assise-en-bois-bolero-blanches-lot-de-4\/"},"modified":"2026-04-14T10:53:19","modified_gmt":"2026-04-14T08:53:19","slug":"chaises-en-acier-avec-assise-en-bois-bolero-blanches-lot-de-4","status":"publish","type":"product","link":"https:\/\/abinox-chr-clim.com\/index.php\/product\/chaises-en-acier-avec-assise-en-bois-bolero-blanches-lot-de-4\/","title":{"rendered":"Chaises en acier avec assise en bois Bolero blanches (lot de 4)"},"content":{"rendered":"<p>Parfaite pour une utilisation dans les bars et les restaurants, la chaise en acier galvanis\u00e9 et en fr\u00eane Bolero est r\u00e9sistante, \u00e9l\u00e9gante et confortable. Facile \u00e0 nettoyer et \u00e0 entretenir.<\/p>\n<p>\u2022 Assise en bois de manguier pour plus de style, de confort et de durabilit\u00e9<br \/>\u2022 Inspir\u00e9 par la tendance int\u00e9rieure industrielle<br \/>\u2022 Cadre en acier galvanis\u00e9 tr\u00e8s r\u00e9sistant<br \/>\u2022 R\u00e9f\u00e9rence soumise \u00e0 une Eco-participation de 4.41\u20ac par unit\u00e9 vendue applicable en France uniquement\u00a0<br \/>\u2022 La construction empilable vous aide \u00e0 \u00e9conomiser de l&rsquo;espace de stockage<br \/>\u2022 Con\u00e7u pour une utilisation en int\u00e9rieur<br \/>\u2022 Pieds antid\u00e9rapants antitraces<\/p>\n<p><b><u>Caract\u00e9ristiques du produit :<\/u><\/b><br \/>\u2022 Lot : 4.0<br \/>\u2022 Dim. : 847(H) x 434(L) x 500(P) mm<br \/>\u2022 Mati\u00e8re : Bois d&rsquo;acier et fr\u00eane<br \/>\u2022 Poids : 6,6 kg<br \/>\u2022 Couleur : Blanc.<\/p>\n","protected":false},"excerpt":{"rendered":"<p>Acier galvanis\u00e9. Assise en fr\u00eane. Empilable. Hauteur d&rsquo;assise : 445mm<\/p>\n","protected":false},"featured_media":108866,"comment_status":"open","ping_status":"closed","template":"","meta":[],"product_brand":[],"product_cat":[1209,1208,1201,1297],"product_tag":[],"class_list":{"0":"post-110893","1":"product","2":"type-product","3":"status-publish","4":"has-post-thumbnail","6":"product_cat-chaises-interieur","7":"product_cat-interieur","8":"product_cat-mobilier","9":"product_cat-non-palettisable","10":"product_shipping_class-free-shipping","12":"first","13":"instock","14":"featured","15":"taxable","16":"shipping-taxable","17":"purchasable","18":"product-type-simple"},"_links":{"self":[{"href":"https:\/\/abinox-chr-clim.com\/index.php\/wp-json\/wp\/v2\/product\/110893","targetHints":{"allow":["GET"]}}],"collection":[{"href":"https:\/\/abinox-chr-clim.com\/index.php\/wp-json\/wp\/v2\/product"}],"about":[{"href":"https:\/\/abinox-chr-clim.com\/index.php\/wp-json\/wp\/v2\/types\/product"}],"replies":[{"embeddable":true,"href":"https:\/\/abinox-chr-clim.com\/index.php\/wp-json\/wp\/v2\/comments?post=110893"}],"wp:featuredmedia":[{"embeddable":true,"href":"https:\/\/abinox-chr-clim.com\/index.php\/wp-json\/wp\/v2\/media\/108866"}],"wp:attachment":[{"href":"https:\/\/abinox-chr-clim.com\/index.php\/wp-json\/wp\/v2\/media?parent=110893"}],"wp:term":[{"taxonomy":"product_brand","embeddable":true,"href":"https:\/\/abinox-chr-clim.com\/index.php\/wp-json\/wp\/v2\/product_brand?post=110893"},{"taxonomy":"product_cat","embeddable":true,"href":"https:\/\/abinox-chr-clim.com\/index.php\/wp-json\/wp\/v2\/product_cat?post=110893"},{"taxonomy":"product_tag","embeddable":true,"href":"https:\/\/abinox-chr-clim.com\/index.php\/wp-json\/wp\/v2\/product_tag?post=110893"}],"curies":[{"name":"wp","href":"https:\/\/api.w.org\/{rel}","templated":true}]}}