{"id":110885,"date":"2025-05-29T12:11:38","date_gmt":"2025-05-29T10:11:38","guid":{"rendered":"https:\/\/abinox-chr-clim.com\/index.php\/product\/flutes-a-champagne-utopia-dante-150ml\/"},"modified":"2026-04-24T11:09:45","modified_gmt":"2026-04-24T09:09:45","slug":"flutes-a-champagne-utopia-dante-150ml","status":"publish","type":"product","link":"https:\/\/abinox-chr-clim.com\/index.php\/product\/flutes-a-champagne-utopia-dante-150ml\/","title":{"rendered":"Fl\u00fbtes \u00e0 champagne Utopia Dante 150ml"},"content":{"rendered":"<p>Verres de style vintage de qualit\u00e9 sup\u00e9rieure, parfaits pour servir des cocktails. Passent au lave-verre.<\/p>\n<p>\u2022 Dante cr\u00e9e un look unique et accrocheur<br \/>\u2022 Id\u00e9al pour servir une vari\u00e9t\u00e9 de boissons<br \/>\u2022 Le choix parfait pour une pr\u00e9sentation de cocktail \u00e9l\u00e9gante<br \/>\u2022 Lave-vaisselle<br \/>\u2022 De la marque sp\u00e9cialis\u00e9e en arts de la table Utopia<\/p>\n<p><b><u>Caract\u00e9ristiques du produit :<\/u><\/b><br \/>\u2022 Lot : 6.0<br \/>\u2022 Capacit\u00e9 : 15 cl<br \/>\u2022 Dim. : 180(H) x 72(\u00d8) mm<br \/>\u2022 Mati\u00e8re : Verre<br \/>\u2022 Poids : 350 g.<\/p>\n","protected":false},"excerpt":{"rendered":"<p>150 ml. Lot de 6<\/p>\n","protected":false},"featured_media":107765,"comment_status":"open","ping_status":"closed","template":"","meta":[],"product_brand":[],"product_cat":[1023,1054,1297,1051],"product_tag":[],"class_list":{"0":"post-110885","1":"product","2":"type-product","3":"status-publish","4":"has-post-thumbnail","6":"product_cat-art-de-la-table","7":"product_cat-champagne","8":"product_cat-non-palettisable","9":"product_cat-verrerie","10":"product_shipping_class-free-shipping","12":"first","13":"outofstock","14":"featured","15":"taxable","16":"shipping-taxable","17":"purchasable","18":"product-type-simple"},"_links":{"self":[{"href":"https:\/\/abinox-chr-clim.com\/index.php\/wp-json\/wp\/v2\/product\/110885","targetHints":{"allow":["GET"]}}],"collection":[{"href":"https:\/\/abinox-chr-clim.com\/index.php\/wp-json\/wp\/v2\/product"}],"about":[{"href":"https:\/\/abinox-chr-clim.com\/index.php\/wp-json\/wp\/v2\/types\/product"}],"replies":[{"embeddable":true,"href":"https:\/\/abinox-chr-clim.com\/index.php\/wp-json\/wp\/v2\/comments?post=110885"}],"wp:featuredmedia":[{"embeddable":true,"href":"https:\/\/abinox-chr-clim.com\/index.php\/wp-json\/wp\/v2\/media\/107765"}],"wp:attachment":[{"href":"https:\/\/abinox-chr-clim.com\/index.php\/wp-json\/wp\/v2\/media?parent=110885"}],"wp:term":[{"taxonomy":"product_brand","embeddable":true,"href":"https:\/\/abinox-chr-clim.com\/index.php\/wp-json\/wp\/v2\/product_brand?post=110885"},{"taxonomy":"product_cat","embeddable":true,"href":"https:\/\/abinox-chr-clim.com\/index.php\/wp-json\/wp\/v2\/product_cat?post=110885"},{"taxonomy":"product_tag","embeddable":true,"href":"https:\/\/abinox-chr-clim.com\/index.php\/wp-json\/wp\/v2\/product_tag?post=110885"}],"curies":[{"name":"wp","href":"https:\/\/api.w.org\/{rel}","templated":true}]}}