{"id":110884,"date":"2025-05-29T12:11:34","date_gmt":"2025-05-29T10:11:34","guid":{"rendered":"https:\/\/abinox-chr-clim.com\/index.php\/product\/chaises-en-acier-blanc-bolero-bistro-lot-de-4\/"},"modified":"2026-04-14T09:33:48","modified_gmt":"2026-04-14T07:33:48","slug":"chaises-en-acier-blanc-bolero-bistro-lot-de-4","status":"publish","type":"product","link":"https:\/\/abinox-chr-clim.com\/index.php\/product\/chaises-en-acier-blanc-bolero-bistro-lot-de-4\/","title":{"rendered":"Chaises en acier blanc Bolero Bistro (lot de 4)"},"content":{"rendered":"<p>Chaise \u00e9l\u00e9gante en m\u00e9tal au style industriel. Le rev\u00eatement acier poudr\u00e9 prot\u00e8ge en cas d&rsquo;utilisation intensive quotidienne dans les lieux les plus fr\u00e9quent\u00e9s et permet une utilisation en ext\u00e9rieur. Empilable pour un transport et un stockage faciles, avec des pieds antid\u00e9rapants en caoutchouc pour plus de stabilit\u00e9.<\/p>\n<p>\u2022 Convient pour une utilisation en int\u00e9rieur et en ext\u00e9rieur couvert<br \/>\u2022 Empilables<br \/>\u2022 Pieds en caoutchouc antid\u00e9rapants<br \/>\u2022 R\u00e9f\u00e9rence soumise \u00e0 une Eco-participation de 1.18\u20ac par unit\u00e9 vendue applicable en France uniquement\u00a0<br \/>\u2022 S&rsquo;inspire du style industriel<br \/>\u2022 M\u00e9langez et assortissez avec d&rsquo;autres couleurs de la gamme<br \/>\u2022 Livr\u00e9es enti\u00e8rement assembl\u00e9es pour une utilisation d\u00e8s la sortie de l&#8217;emballage<br \/>\u2022 Acier galvanis\u00e9<br \/>\u2022 Facile \u00e0 nettoyer<\/p>\n<p><b><u>Caract\u00e9ristiques du produit :<\/u><\/b><br \/>\u2022 Lot : 4.0<br \/>\u2022 Dim. : 850(H) x 430(L) x 510(P) mm<br \/>\u2022 Mati\u00e8re : Acier galvanis\u00e9<br \/>\u2022 Poids : 5,1 kg<br \/>\u2022 Couleur : Blanc.<\/p>\n","protected":false},"excerpt":{"rendered":"<p>Acier galvanis\u00e9. Hauteur d&rsquo;assise : 440 mm. Empilable<\/p>\n","protected":false},"featured_media":107644,"comment_status":"open","ping_status":"closed","template":"","meta":[],"product_brand":[],"product_cat":[1209,1208,1201,1297],"product_tag":[],"class_list":{"0":"post-110884","1":"product","2":"type-product","3":"status-publish","4":"has-post-thumbnail","6":"product_cat-chaises-interieur","7":"product_cat-interieur","8":"product_cat-mobilier","9":"product_cat-non-palettisable","10":"product_shipping_class-free-shipping","12":"first","13":"instock","14":"featured","15":"taxable","16":"shipping-taxable","17":"purchasable","18":"product-type-simple"},"_links":{"self":[{"href":"https:\/\/abinox-chr-clim.com\/index.php\/wp-json\/wp\/v2\/product\/110884","targetHints":{"allow":["GET"]}}],"collection":[{"href":"https:\/\/abinox-chr-clim.com\/index.php\/wp-json\/wp\/v2\/product"}],"about":[{"href":"https:\/\/abinox-chr-clim.com\/index.php\/wp-json\/wp\/v2\/types\/product"}],"replies":[{"embeddable":true,"href":"https:\/\/abinox-chr-clim.com\/index.php\/wp-json\/wp\/v2\/comments?post=110884"}],"wp:featuredmedia":[{"embeddable":true,"href":"https:\/\/abinox-chr-clim.com\/index.php\/wp-json\/wp\/v2\/media\/107644"}],"wp:attachment":[{"href":"https:\/\/abinox-chr-clim.com\/index.php\/wp-json\/wp\/v2\/media?parent=110884"}],"wp:term":[{"taxonomy":"product_brand","embeddable":true,"href":"https:\/\/abinox-chr-clim.com\/index.php\/wp-json\/wp\/v2\/product_brand?post=110884"},{"taxonomy":"product_cat","embeddable":true,"href":"https:\/\/abinox-chr-clim.com\/index.php\/wp-json\/wp\/v2\/product_cat?post=110884"},{"taxonomy":"product_tag","embeddable":true,"href":"https:\/\/abinox-chr-clim.com\/index.php\/wp-json\/wp\/v2\/product_tag?post=110884"}],"curies":[{"name":"wp","href":"https:\/\/api.w.org\/{rel}","templated":true}]}}