{"id":110881,"date":"2025-05-29T12:11:29","date_gmt":"2025-05-29T10:11:29","guid":{"rendered":"https:\/\/abinox-chr-clim.com\/index.php\/product\/congelateur-a-glace-de-comptoir-polar-serie-g-4-bacs-napoli\/"},"modified":"2026-04-14T11:13:46","modified_gmt":"2026-04-14T09:13:46","slug":"congelateur-a-glace-de-comptoir-polar-serie-g-4-bacs-napoli","status":"publish","type":"product","link":"https:\/\/abinox-chr-clim.com\/index.php\/product\/congelateur-a-glace-de-comptoir-polar-serie-g-4-bacs-napoli\/","title":{"rendered":"Cong\u00e9lateur \u00e0 glace de comptoir Polar S\u00e9rie G 4 bacs Napoli"},"content":{"rendered":"<p>Cong\u00e9lateur \u00e0 glace puissant et compact, id\u00e9al pour les zones de vente au d\u00e9tail et les \u00e9v\u00e9nements \u00e0 rythme soutenu. Les commandes num\u00e9riques pr\u00e9cises et l&rsquo;\u00e9l\u00e9gant couvercle en verre permettent d&rsquo;optimiser la dur\u00e9e de conservation des glaces.<\/p>\n<p>\u2022 Convient \u00e0 4 bacs GN 1\/3 ou bacs Napoli<br \/>\u2022 Construction en acier inoxydable et en verre, solide et facile \u00e0 nettoyer<br \/>\u2022 Refroidissement statique &#8211; pas de ventilateurs bruyants<br \/>\u2022 D\u00e9givrage manuel simple<br \/>\u2022 Commandes et affichage num\u00e9riques conviviaux<br \/>\u2022 Acc\u00e8s facile et utilisation hygi\u00e9nique gr\u00e2ce au couvercle \u00e0 charni\u00e8re<\/p>\n<p><b><u>Caract\u00e9ristiques du produit :<\/u><\/b><br \/>\u2022 Capacit\u00e9 : 87 L<br \/>\u2022 Dim. : 377(H) x 865(L) x 735(P) mm<br \/>\u2022 Mati\u00e8re : Inox et verre<br \/>\u2022 Fr\u00e9on : R290 \/ GWP 3 \/ 45g<br \/>\u2022 Temp\u00e9rature : -24 \u00b0C \u00e0 -15 \u00b0C<br \/>\u2022 Voltage : 220-240V<br \/>\u2022 Poids : 44 kg<br \/>\u2022 Classe \u00e9nerg\u00e9tique : 45914<br \/>\u2022 Classe climatique : 4<br \/>\u2022 Temp\u00e9rature ambiante MAX : 30 \u00b0C<br \/>\u2022 Couleur : Argent.<\/p>\n","protected":false},"excerpt":{"rendered":"<p>210W. Capacit\u00e9 : 4 bacs Napoli<\/p>\n","protected":false},"featured_media":107182,"comment_status":"open","ping_status":"closed","template":"","meta":[],"product_brand":[],"product_cat":[1249,1253,1296],"product_tag":[],"class_list":{"0":"post-110881","1":"product","2":"type-product","3":"status-publish","4":"has-post-thumbnail","6":"product_cat-froid","7":"product_cat-machines-a-glacons-froid","8":"product_cat-palettisable","10":"first","11":"instock","12":"featured","13":"taxable","14":"shipping-taxable","15":"purchasable","16":"product-type-simple"},"_links":{"self":[{"href":"https:\/\/abinox-chr-clim.com\/index.php\/wp-json\/wp\/v2\/product\/110881","targetHints":{"allow":["GET"]}}],"collection":[{"href":"https:\/\/abinox-chr-clim.com\/index.php\/wp-json\/wp\/v2\/product"}],"about":[{"href":"https:\/\/abinox-chr-clim.com\/index.php\/wp-json\/wp\/v2\/types\/product"}],"replies":[{"embeddable":true,"href":"https:\/\/abinox-chr-clim.com\/index.php\/wp-json\/wp\/v2\/comments?post=110881"}],"wp:featuredmedia":[{"embeddable":true,"href":"https:\/\/abinox-chr-clim.com\/index.php\/wp-json\/wp\/v2\/media\/107182"}],"wp:attachment":[{"href":"https:\/\/abinox-chr-clim.com\/index.php\/wp-json\/wp\/v2\/media?parent=110881"}],"wp:term":[{"taxonomy":"product_brand","embeddable":true,"href":"https:\/\/abinox-chr-clim.com\/index.php\/wp-json\/wp\/v2\/product_brand?post=110881"},{"taxonomy":"product_cat","embeddable":true,"href":"https:\/\/abinox-chr-clim.com\/index.php\/wp-json\/wp\/v2\/product_cat?post=110881"},{"taxonomy":"product_tag","embeddable":true,"href":"https:\/\/abinox-chr-clim.com\/index.php\/wp-json\/wp\/v2\/product_tag?post=110881"}],"curies":[{"name":"wp","href":"https:\/\/api.w.org\/{rel}","templated":true}]}}