{"id":110879,"date":"2025-05-29T12:11:25","date_gmt":"2025-05-29T10:11:25","guid":{"rendered":"https:\/\/abinox-chr-clim.com\/index.php\/product\/bac-en-polypropylene-avec-couvercle-vogue-gn-1-1-150mm-lot-de-2\/"},"modified":"2026-03-10T10:25:59","modified_gmt":"2026-03-10T09:25:59","slug":"bac-en-polypropylene-avec-couvercle-vogue-gn-1-1-150mm-lot-de-2","status":"publish","type":"product","link":"https:\/\/abinox-chr-clim.com\/index.php\/product\/bac-en-polypropylene-avec-couvercle-vogue-gn-1-1-150mm-lot-de-2\/","title":{"rendered":"Bac en  polypropyl\u00e8ne avec couvercle Vogue GN 1\/1 150mm (lot de 2)"},"content":{"rendered":"<p>530 x 325mm.<\/p>\n<p>\u2022 Compatible cong\u00e9lateur &#8211; y compris chambres froides et chambres de cong\u00e9lation<br \/>\u2022 Conception facile \u00e0 nettoyer<br \/>\u2022 Les languettes de couvercle pro\u00e9minentes facilitent l&rsquo;ouverture<br \/>\u2022 Dimension GN standard &#8211; peut \u00eatre rapidement d\u00e9plac\u00e9 entre les stations de pr\u00e9paration et de stockage<br \/>\u2022 Compl\u00e8tement s\u00fbr pour les aliments et sans BPA<br \/>\u2022 Le couvercle \u00e0 encliqueter aide \u00e0 garder le contenu frais et prolonge la dur\u00e9e de stockage<br \/>\u2022 Empilable pour un rangement facile et peu encombrant<\/p>\n<p><b><u>Caract\u00e9ristiques du produit :<\/u><\/b><br \/>\u2022 Lot : 2.0<br \/>\u2022 Capacit\u00e9 : 19,5 L<br \/>\u2022 Dim. : 325(H) x 530(L) x 150(P) mm<br \/>\u2022 Mati\u00e8re : Polypropyl\u00e8ne<br \/>\u2022 Temp\u00e9rature : -40\u00b0C \u00e0 +70\u00b0C<br \/>\u2022 Poids : 2,6 kg.<\/p>\n","protected":false},"excerpt":{"rendered":"<p>Capacit\u00e9 : 19,5L. GN 1\/1. Mat\u00e9riel : Polypropyl\u00e8ne. Avec couvercle<\/p>\n","protected":false},"featured_media":105898,"comment_status":"open","ping_status":"closed","template":"","meta":[],"product_brand":[],"product_cat":[1281,1280,1064,1297],"product_tag":[],"class_list":{"0":"post-110879","1":"product","2":"type-product","3":"status-publish","4":"has-post-thumbnail","6":"product_cat-bacs-gn-conteneurs-alimentaires-et-bacs-gastronorme-cuisine","7":"product_cat-conteneurs-alimentaires-et-bacs-gastronorme-cuisine","8":"product_cat-cuisine","9":"product_cat-non-palettisable","10":"product_shipping_class-free-shipping","12":"first","13":"outofstock","14":"featured","15":"taxable","16":"shipping-taxable","17":"purchasable","18":"product-type-simple"},"_links":{"self":[{"href":"https:\/\/abinox-chr-clim.com\/index.php\/wp-json\/wp\/v2\/product\/110879","targetHints":{"allow":["GET"]}}],"collection":[{"href":"https:\/\/abinox-chr-clim.com\/index.php\/wp-json\/wp\/v2\/product"}],"about":[{"href":"https:\/\/abinox-chr-clim.com\/index.php\/wp-json\/wp\/v2\/types\/product"}],"replies":[{"embeddable":true,"href":"https:\/\/abinox-chr-clim.com\/index.php\/wp-json\/wp\/v2\/comments?post=110879"}],"wp:featuredmedia":[{"embeddable":true,"href":"https:\/\/abinox-chr-clim.com\/index.php\/wp-json\/wp\/v2\/media\/105898"}],"wp:attachment":[{"href":"https:\/\/abinox-chr-clim.com\/index.php\/wp-json\/wp\/v2\/media?parent=110879"}],"wp:term":[{"taxonomy":"product_brand","embeddable":true,"href":"https:\/\/abinox-chr-clim.com\/index.php\/wp-json\/wp\/v2\/product_brand?post=110879"},{"taxonomy":"product_cat","embeddable":true,"href":"https:\/\/abinox-chr-clim.com\/index.php\/wp-json\/wp\/v2\/product_cat?post=110879"},{"taxonomy":"product_tag","embeddable":true,"href":"https:\/\/abinox-chr-clim.com\/index.php\/wp-json\/wp\/v2\/product_tag?post=110879"}],"curies":[{"name":"wp","href":"https:\/\/api.w.org\/{rel}","templated":true}]}}