{"id":110878,"date":"2025-05-29T12:11:23","date_gmt":"2025-05-29T10:11:23","guid":{"rendered":"https:\/\/abinox-chr-clim.com\/index.php\/product\/aspirateur-eau-et-poussiere-numatic-charles-cvc370-2\/"},"modified":"2026-04-14T11:29:22","modified_gmt":"2026-04-14T09:29:22","slug":"aspirateur-eau-et-poussiere-numatic-charles-cvc370-2","status":"publish","type":"product","link":"https:\/\/abinox-chr-clim.com\/index.php\/product\/aspirateur-eau-et-poussiere-numatic-charles-cvc370-2\/","title":{"rendered":"Aspirateur eau et poussi\u00e8re Numatic Charles CVC370-2"},"content":{"rendered":"<p>Un aspirateur \u00e0 eau et poussi\u00e8re, id\u00e9al pour ramasser la salet\u00e9, ainsi que pour d\u00e9boucher les \u00e9viers et ramasser les liquides renvers\u00e9s. Facile \u00e0 vider et \u00e0 man\u0153uvrer.<\/p>\n<p>\u2022 Roulettes solides antitraces<br \/>\u2022 Kit d&rsquo;accessoires l\u00e9ger de 11 pi\u00e8ces &#8211; convient pour une grande vari\u00e9t\u00e9 de t\u00e2ches de nettoyage<\/p>\n<p><b><u>Caract\u00e9ristiques du produit :<\/u><\/b><br \/>\u2022 Capacit\u00e9 : 9L humide. 15 litres \u00e0 sec<br \/>\u2022 Dim. : 510(H) x 355(\u00d8) mm<br \/>\u2022 Puissance : 1.2 kW<br \/>\u2022 Voltage : 230V<br \/>\u2022 Poids : 7,1 kg<br \/>\u2022 Type : 1060W. 13A<br \/>\u2022 Couleur : Bleu.<\/p>\n","protected":false},"excerpt":{"rendered":"<p>CVC370. 1060W. Capacit\u00e9 9\/15L<\/p>\n","protected":false},"featured_media":108851,"comment_status":"open","ping_status":"closed","template":"","meta":[],"product_brand":[],"product_cat":[1228,1227,1297,1216],"product_tag":[],"class_list":{"0":"post-110878","1":"product","2":"type-product","3":"status-publish","4":"has-post-thumbnail","6":"product_cat-aspirateurs","7":"product_cat-nettoyage","8":"product_cat-non-palettisable","9":"product_cat-usage-unique-et-entretien","10":"product_shipping_class-free-shipping","12":"first","13":"outofstock","14":"featured","15":"taxable","16":"shipping-taxable","17":"purchasable","18":"product-type-simple"},"_links":{"self":[{"href":"https:\/\/abinox-chr-clim.com\/index.php\/wp-json\/wp\/v2\/product\/110878","targetHints":{"allow":["GET"]}}],"collection":[{"href":"https:\/\/abinox-chr-clim.com\/index.php\/wp-json\/wp\/v2\/product"}],"about":[{"href":"https:\/\/abinox-chr-clim.com\/index.php\/wp-json\/wp\/v2\/types\/product"}],"replies":[{"embeddable":true,"href":"https:\/\/abinox-chr-clim.com\/index.php\/wp-json\/wp\/v2\/comments?post=110878"}],"wp:featuredmedia":[{"embeddable":true,"href":"https:\/\/abinox-chr-clim.com\/index.php\/wp-json\/wp\/v2\/media\/108851"}],"wp:attachment":[{"href":"https:\/\/abinox-chr-clim.com\/index.php\/wp-json\/wp\/v2\/media?parent=110878"}],"wp:term":[{"taxonomy":"product_brand","embeddable":true,"href":"https:\/\/abinox-chr-clim.com\/index.php\/wp-json\/wp\/v2\/product_brand?post=110878"},{"taxonomy":"product_cat","embeddable":true,"href":"https:\/\/abinox-chr-clim.com\/index.php\/wp-json\/wp\/v2\/product_cat?post=110878"},{"taxonomy":"product_tag","embeddable":true,"href":"https:\/\/abinox-chr-clim.com\/index.php\/wp-json\/wp\/v2\/product_tag?post=110878"}],"curies":[{"name":"wp","href":"https:\/\/api.w.org\/{rel}","templated":true}]}}