{"id":110819,"date":"2025-05-29T12:07:27","date_gmt":"2025-05-29T10:07:27","guid":{"rendered":"https:\/\/abinox-chr-clim.com\/index.php\/product\/plat-de-stockage-alimentaire-en-acier-inoxydable-tout-en-un-masterclass-27l\/"},"modified":"2026-04-24T11:14:17","modified_gmt":"2026-04-24T09:14:17","slug":"plat-de-stockage-alimentaire-en-acier-inoxydable-tout-en-un-masterclass-27l","status":"publish","type":"product","link":"https:\/\/abinox-chr-clim.com\/index.php\/product\/plat-de-stockage-alimentaire-en-acier-inoxydable-tout-en-un-masterclass-27l\/","title":{"rendered":"Plat de stockage alimentaire en acier inoxydable tout-en-un Masterclass 2,7L"},"content":{"rendered":"<p>Cuisinez, congelez, chauffez et savourez avec ces r\u00e9cipients alimentaires r\u00e9volutionnaires de MasterClass. Fabriqu\u00e9s en acier inoxydable robuste et hygi\u00e9nique. Ils sont s\u00fbrs pour le cong\u00e9lateur, le four et m\u00eame le micro-ondes. Chaque r\u00e9cipient est dot\u00e9 d&rsquo;un couvercle herm\u00e9tique et anti-fuite, accompagn\u00e9 d&rsquo;une valve de vapeur rabattable pour un passage au micro-ondes sans souci. Une excellente alternative aux r\u00e9cipients en plastique et en verre.<\/p>\n<p>\u2022 Compatible r\u00e9frig\u00e9rateur et cong\u00e9lateur<br \/>\u2022 Compatibilit\u00e9 four \u00e0 180\u00b0C<br \/>\u2022 Sans BPA, PFOA et PTFE<br \/>\u2022 Compatible lave-vaisselle<\/p>\n<p><b><u>Caract\u00e9ristiques du produit :<\/u><\/b><br \/>\u2022 Dim. : 120(H) x 160(L) x 225(P) mm<br \/>\u2022 Mati\u00e8re : Inox<br \/>\u2022 Poids : 505 g<br \/>\u2022 Couleur : Argent.<\/p>\n","protected":false},"excerpt":{"rendered":"<p>Capacit\u00e9: 2,7L<\/p>\n","protected":false},"featured_media":105891,"comment_status":"open","ping_status":"closed","template":"","meta":[],"product_brand":[],"product_cat":[1072,1280,1064,1297],"product_tag":[],"class_list":{"0":"post-110819","1":"product","2":"type-product","3":"status-publish","4":"has-post-thumbnail","6":"product_cat-conteneurs-a-ingredients","7":"product_cat-conteneurs-alimentaires-et-bacs-gastronorme-cuisine","8":"product_cat-cuisine","9":"product_cat-non-palettisable","10":"product_shipping_class-free-shipping","12":"first","13":"outofstock","14":"featured","15":"taxable","16":"shipping-taxable","17":"purchasable","18":"product-type-simple"},"_links":{"self":[{"href":"https:\/\/abinox-chr-clim.com\/index.php\/wp-json\/wp\/v2\/product\/110819","targetHints":{"allow":["GET"]}}],"collection":[{"href":"https:\/\/abinox-chr-clim.com\/index.php\/wp-json\/wp\/v2\/product"}],"about":[{"href":"https:\/\/abinox-chr-clim.com\/index.php\/wp-json\/wp\/v2\/types\/product"}],"replies":[{"embeddable":true,"href":"https:\/\/abinox-chr-clim.com\/index.php\/wp-json\/wp\/v2\/comments?post=110819"}],"wp:featuredmedia":[{"embeddable":true,"href":"https:\/\/abinox-chr-clim.com\/index.php\/wp-json\/wp\/v2\/media\/105891"}],"wp:attachment":[{"href":"https:\/\/abinox-chr-clim.com\/index.php\/wp-json\/wp\/v2\/media?parent=110819"}],"wp:term":[{"taxonomy":"product_brand","embeddable":true,"href":"https:\/\/abinox-chr-clim.com\/index.php\/wp-json\/wp\/v2\/product_brand?post=110819"},{"taxonomy":"product_cat","embeddable":true,"href":"https:\/\/abinox-chr-clim.com\/index.php\/wp-json\/wp\/v2\/product_cat?post=110819"},{"taxonomy":"product_tag","embeddable":true,"href":"https:\/\/abinox-chr-clim.com\/index.php\/wp-json\/wp\/v2\/product_tag?post=110819"}],"curies":[{"name":"wp","href":"https:\/\/api.w.org\/{rel}","templated":true}]}}