{"id":110809,"date":"2025-05-29T12:07:07","date_gmt":"2025-05-29T10:07:07","guid":{"rendered":"https:\/\/abinox-chr-clim.com\/index.php\/product\/chariot-de-nettoyage-jantex-noir\/"},"modified":"2026-04-02T10:12:41","modified_gmt":"2026-04-02T08:12:41","slug":"chariot-de-nettoyage-jantex-noir","status":"publish","type":"product","link":"https:\/\/abinox-chr-clim.com\/index.php\/product\/chariot-de-nettoyage-jantex-noir\/","title":{"rendered":"Chariot de nettoyage Jantex noir"},"content":{"rendered":"<p>Chariot multi-usages avec tablettes et crochets pour transporter les produits d&rsquo;entretien, balais et serpilli\u00e8res.<\/p>\n<p>\u2022 Rangement pour tous vos articles de nettoyage essentiels, y compris les serpilli\u00e8res, les seaux essoreurs, les balais, les chiffons et les produits d&rsquo;entretien<br \/>\u2022 Maniabilit\u00e9 douce et construction solide pour une robustesse \u00e0 l&rsquo;arr\u00eat<br \/>\u2022 Version avec armoire verrouillable disponible voir code FU998<br \/>\u2022 Sac de rechange disponible sous le code FU999<br \/>\u2022 Assemblage n\u00e9cessaire &#8211; voir les instructions incluses<\/p>\n<p><b><u>Caract\u00e9ristiques du produit :<\/u><\/b><br \/>\u2022 Dim. : 990(H) x 1300(L) x 490(P) mm<br \/>\u2022 Mati\u00e8re : Polypropyl\u00e8ne<br \/>\u2022 Poids : 15,4 kg<br \/>\u2022 Couleur : Noir.<\/p>\n","protected":false},"excerpt":{"rendered":"<p>990(H)x1300(L)x490(P)mm<\/p>\n","protected":false},"featured_media":107171,"comment_status":"open","ping_status":"closed","template":"","meta":[],"product_brand":[],"product_cat":[1227,1297,1216],"product_tag":[],"class_list":{"0":"post-110809","1":"product","2":"type-product","3":"status-publish","4":"has-post-thumbnail","6":"product_cat-nettoyage","7":"product_cat-non-palettisable","8":"product_cat-usage-unique-et-entretien","9":"product_shipping_class-free-shipping","11":"first","12":"instock","13":"featured","14":"taxable","15":"shipping-taxable","16":"purchasable","17":"product-type-simple"},"_links":{"self":[{"href":"https:\/\/abinox-chr-clim.com\/index.php\/wp-json\/wp\/v2\/product\/110809","targetHints":{"allow":["GET"]}}],"collection":[{"href":"https:\/\/abinox-chr-clim.com\/index.php\/wp-json\/wp\/v2\/product"}],"about":[{"href":"https:\/\/abinox-chr-clim.com\/index.php\/wp-json\/wp\/v2\/types\/product"}],"replies":[{"embeddable":true,"href":"https:\/\/abinox-chr-clim.com\/index.php\/wp-json\/wp\/v2\/comments?post=110809"}],"wp:featuredmedia":[{"embeddable":true,"href":"https:\/\/abinox-chr-clim.com\/index.php\/wp-json\/wp\/v2\/media\/107171"}],"wp:attachment":[{"href":"https:\/\/abinox-chr-clim.com\/index.php\/wp-json\/wp\/v2\/media?parent=110809"}],"wp:term":[{"taxonomy":"product_brand","embeddable":true,"href":"https:\/\/abinox-chr-clim.com\/index.php\/wp-json\/wp\/v2\/product_brand?post=110809"},{"taxonomy":"product_cat","embeddable":true,"href":"https:\/\/abinox-chr-clim.com\/index.php\/wp-json\/wp\/v2\/product_cat?post=110809"},{"taxonomy":"product_tag","embeddable":true,"href":"https:\/\/abinox-chr-clim.com\/index.php\/wp-json\/wp\/v2\/product_tag?post=110809"}],"curies":[{"name":"wp","href":"https:\/\/api.w.org\/{rel}","templated":true}]}}