{"id":110800,"date":"2025-05-29T12:06:50","date_gmt":"2025-05-29T10:06:50","guid":{"rendered":"https:\/\/abinox-chr-clim.com\/index.php\/product\/chariot-a-glace-cambro-ics125l-avec-couvercle-coulissant-bleu-ardoise\/"},"modified":"2026-04-24T10:47:43","modified_gmt":"2026-04-24T08:47:43","slug":"chariot-a-glace-cambro-ics125l-avec-couvercle-coulissant-bleu-ardoise","status":"publish","type":"product","link":"https:\/\/abinox-chr-clim.com\/index.php\/product\/chariot-a-glace-cambro-ics125l-avec-couvercle-coulissant-bleu-ardoise\/","title":{"rendered":"Chariot \u00e0 glace Cambro ICS125L avec couvercle coulissant bleu ardoise"},"content":{"rendered":"<p>Solutions de transport alimentaire \u00e0 chargement frontal. Isolation en mousse durable et adapt\u00e9s au transport d&rsquo;aliments chauds ou froids. Chargement frontal pour un acc\u00e8s facile avec joint amovible herm\u00e9tique pour une \u00e9tanch\u00e9it\u00e9 s\u00fbre.<\/p>\n<p>\u2022 Le couvercle coulissant unique glisse vers l&rsquo;arri\u00e8re et vers le bas pour r\u00e9duire la contamination.<br \/>\u2022 Puits encastr\u00e9 et \u00e9gouttoir pour \u00e9loigner la glace de l&rsquo;eau.<br \/>\u2022 Retient la glace pendant des jours gr\u00e2ce \u00e0 une \u00e9paisse isolation en mousse sans CFC<br \/>\u2022 Homologu\u00e9 NSF<\/p>\n<p><b><u>Caract\u00e9ristiques du produit :<\/u><\/b><br \/>\u2022 Dim. : 745(H) x 585(L) x 800(P) mm<br \/>\u2022 Mati\u00e8re : Poly\u00e9thyl\u00e8ne de haute densit\u00e9<br \/>\u2022 Poids : 27,4 kg<br \/>\u2022 Couleur : Bleu.<\/p>\n","protected":false},"excerpt":{"rendered":"<p>745(H) x 585(L) x 800(P)mm<\/p>\n","protected":false},"featured_media":107169,"comment_status":"open","ping_status":"closed","template":"","meta":[],"product_brand":[],"product_cat":[1280,1064,1296,1074],"product_tag":[],"class_list":{"0":"post-110800","1":"product","2":"type-product","3":"status-publish","4":"has-post-thumbnail","6":"product_cat-conteneurs-alimentaires-et-bacs-gastronorme-cuisine","7":"product_cat-cuisine","8":"product_cat-palettisable","9":"product_cat-thermobox-et-sacs","10":"product_shipping_class-free-shipping","12":"first","13":"instock","14":"featured","15":"taxable","16":"shipping-taxable","17":"purchasable","18":"product-type-simple"},"_links":{"self":[{"href":"https:\/\/abinox-chr-clim.com\/index.php\/wp-json\/wp\/v2\/product\/110800","targetHints":{"allow":["GET"]}}],"collection":[{"href":"https:\/\/abinox-chr-clim.com\/index.php\/wp-json\/wp\/v2\/product"}],"about":[{"href":"https:\/\/abinox-chr-clim.com\/index.php\/wp-json\/wp\/v2\/types\/product"}],"replies":[{"embeddable":true,"href":"https:\/\/abinox-chr-clim.com\/index.php\/wp-json\/wp\/v2\/comments?post=110800"}],"wp:featuredmedia":[{"embeddable":true,"href":"https:\/\/abinox-chr-clim.com\/index.php\/wp-json\/wp\/v2\/media\/107169"}],"wp:attachment":[{"href":"https:\/\/abinox-chr-clim.com\/index.php\/wp-json\/wp\/v2\/media?parent=110800"}],"wp:term":[{"taxonomy":"product_brand","embeddable":true,"href":"https:\/\/abinox-chr-clim.com\/index.php\/wp-json\/wp\/v2\/product_brand?post=110800"},{"taxonomy":"product_cat","embeddable":true,"href":"https:\/\/abinox-chr-clim.com\/index.php\/wp-json\/wp\/v2\/product_cat?post=110800"},{"taxonomy":"product_tag","embeddable":true,"href":"https:\/\/abinox-chr-clim.com\/index.php\/wp-json\/wp\/v2\/product_tag?post=110800"}],"curies":[{"name":"wp","href":"https:\/\/api.w.org\/{rel}","templated":true}]}}