{"id":110798,"date":"2025-05-29T12:06:46","date_gmt":"2025-05-29T10:06:46","guid":{"rendered":"https:\/\/abinox-chr-clim.com\/index.php\/product\/kit-casier-de-demarrage-pour-rayonnages-cambro-basics-plus-profondeur-610-mm\/"},"modified":"2026-04-24T10:47:41","modified_gmt":"2026-04-24T08:47:41","slug":"kit-casier-de-demarrage-pour-rayonnages-cambro-basics-plus-profondeur-610-mm","status":"publish","type":"product","link":"https:\/\/abinox-chr-clim.com\/index.php\/product\/kit-casier-de-demarrage-pour-rayonnages-cambro-basics-plus-profondeur-610-mm\/","title":{"rendered":"Kit casier de d\u00e9marrage pour rayonnages Cambro Basics Plus profondeur 610 mm"},"content":{"rendered":"<p>Les kits de d\u00e9marrage pour \u00e9tag\u00e8res Cambro sont con\u00e7us pour fournir une base de d\u00e9part pour votre installation d&rsquo;\u00e9tag\u00e8res. Enti\u00e8rement personnalisables, ils vous permettent de construire autour de vos \u00e9tag\u00e8res pour tirer le meilleur parti de l&rsquo;espace disponible. Pour les unit\u00e9s de 610mm.<\/p>\n<p>\u2022 Chaque casier est con\u00e7u avec 7 glissi\u00e8res espac\u00e9es de 7,6cm<br \/>\u2022 Supporte 90,7kg par unit\u00e9<br \/>\u2022 Supporte 18,1kg par glissi\u00e8re<br \/>\u2022 Con\u00e7u pour contenir les plaques de cuisson dont la temp\u00e9rature est comprise entre -40 &#730;C et 177 &#730;C.<br \/>\u2022 Compatible avec toutes les s\u00e9ries Camshelving\u00ae\u00a0: Premium, Elements et Basics Plus<\/p>\n<p><b><u>Caract\u00e9ristiques du produit :<\/u><\/b><br \/>\u2022 Dim. : 120(H) x 525(L) x 626(P) mm<br \/>\u2022 Mati\u00e8re : Fibre de verre<br \/>\u2022 Poids : 4,41 kg<br \/>\u2022 Couleur : Argent.<\/p>\n","protected":false},"excerpt":{"rendered":"<p>Convient \u00e0 l&rsquo;\u00e9tag\u00e8re Cambro Basics Plus (unit\u00e9s de 610 mm de profondeur)<\/p>\n","protected":false},"featured_media":107168,"comment_status":"open","ping_status":"closed","template":"","meta":[],"product_brand":[],"product_cat":[1147,1146,1297],"product_tag":[],"class_list":{"0":"post-110798","1":"product","2":"type-product","3":"status-publish","4":"has-post-thumbnail","6":"product_cat-chariots-et-rayonnages","7":"product_cat-mobilier-de-cuisine-chariots-et-echelles","8":"product_cat-non-palettisable","9":"product_shipping_class-free-shipping","11":"first","12":"instock","13":"featured","14":"taxable","15":"shipping-taxable","16":"purchasable","17":"product-type-simple"},"_links":{"self":[{"href":"https:\/\/abinox-chr-clim.com\/index.php\/wp-json\/wp\/v2\/product\/110798","targetHints":{"allow":["GET"]}}],"collection":[{"href":"https:\/\/abinox-chr-clim.com\/index.php\/wp-json\/wp\/v2\/product"}],"about":[{"href":"https:\/\/abinox-chr-clim.com\/index.php\/wp-json\/wp\/v2\/types\/product"}],"replies":[{"embeddable":true,"href":"https:\/\/abinox-chr-clim.com\/index.php\/wp-json\/wp\/v2\/comments?post=110798"}],"wp:featuredmedia":[{"embeddable":true,"href":"https:\/\/abinox-chr-clim.com\/index.php\/wp-json\/wp\/v2\/media\/107168"}],"wp:attachment":[{"href":"https:\/\/abinox-chr-clim.com\/index.php\/wp-json\/wp\/v2\/media?parent=110798"}],"wp:term":[{"taxonomy":"product_brand","embeddable":true,"href":"https:\/\/abinox-chr-clim.com\/index.php\/wp-json\/wp\/v2\/product_brand?post=110798"},{"taxonomy":"product_cat","embeddable":true,"href":"https:\/\/abinox-chr-clim.com\/index.php\/wp-json\/wp\/v2\/product_cat?post=110798"},{"taxonomy":"product_tag","embeddable":true,"href":"https:\/\/abinox-chr-clim.com\/index.php\/wp-json\/wp\/v2\/product_tag?post=110798"}],"curies":[{"name":"wp","href":"https:\/\/api.w.org\/{rel}","templated":true}]}}

Kit casier de démarrage pour rayonnages Cambro Basics Plus profondeur 610 mm

<p>Les kits de démarrage pour étagères Cambro sont conçus pour fournir une base de départ pour votre installation d&rsquo;étagères. Entièrement personnalisables, ils vous permettent de construire autour de vos étagères pour tirer le meilleur parti de l&rsquo;espace disponible. Pour les unités de 610mm.</p>
<p>• Chaque casier est conçu avec 7 glissières espacées de 7,6cm<br />• Supporte 90,7kg par unité<br />• Supporte 18,1kg par glissière<br />• Conçu pour contenir les plaques de cuisson dont la température est comprise entre -40 &#730;C et 177 &#730;C.<br />• Compatible avec toutes les séries Camshelving® : Premium, Elements et Basics Plus</p>
<p><b><u>Caractéristiques du produit :</u></b><br />• Dim. : 120(H) x 525(L) x 626(P) mm<br />• Matière : Fibre de verre<br />• Poids : 4,41 kg<br />• Couleur : Argent.</p>

<p>Convient à l&rsquo;étagère Cambro Basics Plus (unités de 610 mm de profondeur)</p>
