{"id":110797,"date":"2025-05-29T12:06:44","date_gmt":"2025-05-29T10:06:44","guid":{"rendered":"https:\/\/abinox-chr-clim.com\/index.php\/product\/kit-casier-supplementaire-pour-rayonnages-cambro-basics-plus-profondeur-530-mm\/"},"modified":"2026-04-24T10:47:40","modified_gmt":"2026-04-24T08:47:40","slug":"kit-casier-supplementaire-pour-rayonnages-cambro-basics-plus-profondeur-530-mm","status":"publish","type":"product","link":"https:\/\/abinox-chr-clim.com\/index.php\/product\/kit-casier-supplementaire-pour-rayonnages-cambro-basics-plus-profondeur-530-mm\/","title":{"rendered":"Kit casier suppl\u00e9mentaire pour rayonnages Cambro Basics Plus profondeur 530 mm"},"content":{"rendered":"<p>Le kit d&rsquo;extension pour \u00e9tag\u00e8res Cambro est con\u00e7u pour am\u00e9liorer l&rsquo;organisation des unit\u00e9s d&rsquo;\u00e9tag\u00e8res Cambro. Le kit comprend des s\u00e9parateurs pour s\u00e9parer et cat\u00e9goriser les articles efficacement. Facilement personnalisables, ils optimisent l&rsquo;espace de stockage et rationalisent la gestion des stocks. Pour les unit\u00e9s de 530 mm.<\/p>\n<p>\u2022 Chaque casier est con\u00e7u avec 7 glissi\u00e8res espac\u00e9es de 7,6cm<br \/>\u2022 Supporte 90,7kg par unit\u00e9<br \/>\u2022 Supporte 18,1kg par glissi\u00e8re<br \/>\u2022 Con\u00e7u pour contenir les plaques de cuisson dont la temp\u00e9rature est comprise entre -40 &#730;C et 177 &#730;C.<br \/>\u2022 Compatible avec toutes les s\u00e9ries Camshelving\u00ae\u00a0: Premium, Elements et Basics Plus<\/p>\n<p><b><u>Caract\u00e9ristiques du produit :<\/u><\/b><br \/>\u2022 Dim. : 63(H) x 515(L) x 552(P) mm<br \/>\u2022 Mati\u00e8re : Fibre de verre<br \/>\u2022 Poids : 2,07 kg<br \/>\u2022 Couleur : Argent.<\/p>\n","protected":false},"excerpt":{"rendered":"<p>Convient \u00e0 l&rsquo;\u00e9tag\u00e8re Cambro Basics Plus (unit\u00e9s de 530 mm de profondeur)<\/p>\n","protected":false},"featured_media":108822,"comment_status":"open","ping_status":"closed","template":"","meta":[],"product_brand":[],"product_cat":[1147,1146,1297],"product_tag":[],"class_list":{"0":"post-110797","1":"product","2":"type-product","3":"status-publish","4":"has-post-thumbnail","6":"product_cat-chariots-et-rayonnages","7":"product_cat-mobilier-de-cuisine-chariots-et-echelles","8":"product_cat-non-palettisable","9":"product_shipping_class-free-shipping","11":"first","12":"instock","13":"featured","14":"taxable","15":"shipping-taxable","16":"purchasable","17":"product-type-simple"},"_links":{"self":[{"href":"https:\/\/abinox-chr-clim.com\/index.php\/wp-json\/wp\/v2\/product\/110797","targetHints":{"allow":["GET"]}}],"collection":[{"href":"https:\/\/abinox-chr-clim.com\/index.php\/wp-json\/wp\/v2\/product"}],"about":[{"href":"https:\/\/abinox-chr-clim.com\/index.php\/wp-json\/wp\/v2\/types\/product"}],"replies":[{"embeddable":true,"href":"https:\/\/abinox-chr-clim.com\/index.php\/wp-json\/wp\/v2\/comments?post=110797"}],"wp:featuredmedia":[{"embeddable":true,"href":"https:\/\/abinox-chr-clim.com\/index.php\/wp-json\/wp\/v2\/media\/108822"}],"wp:attachment":[{"href":"https:\/\/abinox-chr-clim.com\/index.php\/wp-json\/wp\/v2\/media?parent=110797"}],"wp:term":[{"taxonomy":"product_brand","embeddable":true,"href":"https:\/\/abinox-chr-clim.com\/index.php\/wp-json\/wp\/v2\/product_brand?post=110797"},{"taxonomy":"product_cat","embeddable":true,"href":"https:\/\/abinox-chr-clim.com\/index.php\/wp-json\/wp\/v2\/product_cat?post=110797"},{"taxonomy":"product_tag","embeddable":true,"href":"https:\/\/abinox-chr-clim.com\/index.php\/wp-json\/wp\/v2\/product_tag?post=110797"}],"curies":[{"name":"wp","href":"https:\/\/api.w.org\/{rel}","templated":true}]}}

Kit casier supplémentaire pour rayonnages Cambro Basics Plus profondeur 530 mm

<p>Le kit d&rsquo;extension pour étagères Cambro est conçu pour améliorer l&rsquo;organisation des unités d&rsquo;étagères Cambro. Le kit comprend des séparateurs pour séparer et catégoriser les articles efficacement. Facilement personnalisables, ils optimisent l&rsquo;espace de stockage et rationalisent la gestion des stocks. Pour les unités de 530 mm.</p>
<p>• Chaque casier est conçu avec 7 glissières espacées de 7,6cm<br />• Supporte 90,7kg par unité<br />• Supporte 18,1kg par glissière<br />• Conçu pour contenir les plaques de cuisson dont la température est comprise entre -40 &#730;C et 177 &#730;C.<br />• Compatible avec toutes les séries Camshelving® : Premium, Elements et Basics Plus</p>
<p><b><u>Caractéristiques du produit :</u></b><br />• Dim. : 63(H) x 515(L) x 552(P) mm<br />• Matière : Fibre de verre<br />• Poids : 2,07 kg<br />• Couleur : Argent.</p>

<p>Convient à l&rsquo;étagère Cambro Basics Plus (unités de 530 mm de profondeur)</p>
