{"id":110779,"date":"2025-05-29T12:06:08","date_gmt":"2025-05-29T10:06:08","guid":{"rendered":"https:\/\/abinox-chr-clim.com\/index.php\/product\/armoire-sur-pieds-en-acier-inoxydable-vogue-900x900x600mm\/"},"modified":"2026-04-24T11:09:39","modified_gmt":"2026-04-24T09:09:39","slug":"armoire-sur-pieds-en-acier-inoxydable-vogue-900x900x600mm","status":"publish","type":"product","link":"https:\/\/abinox-chr-clim.com\/index.php\/product\/armoire-sur-pieds-en-acier-inoxydable-vogue-900x900x600mm\/","title":{"rendered":"Armoire sur pieds en acier inoxydable Vogue 900x900x600mm"},"content":{"rendered":"<p>Solution de stockage ambiant pratique et fiable pour les zones commerciales. Construction solide en acier inoxydable avec portes coulissantes d&rsquo;acc\u00e8s facile et \u00e9tag\u00e8re centrale. Mont\u00e9 sur des pieds r\u00e9glables pour une installation facile.<\/p>\n<p>\u2022 Rangement ambiant id\u00e9al pour les casseroles et autres grands ustensiles<br \/>\u2022 Les portes coulissantes peuvent \u00eatre ouvertes sans prendre de place suppl\u00e9mentaire<br \/>\u2022 Tablette centrale pour exploiter au maximum la capacit\u00e9 de stockage<br \/>\u2022 Acier inoxydable de qualit\u00e9 430, \u00e9tag\u00e8re du milieu\u00a0: SUS430 1,0\u00a0MM<br \/>\u2022 Fourni avec quatre pieds pour sur\u00e9lever l&rsquo;armoire du sol, les pieds sont r\u00e9glables, la plage de r\u00e9glage est de 140 mm \u00e0 160 mm<br \/>\u2022 Livr\u00e9 emball\u00e9 \u00e0 plat avec instructions de montage faciles \u00e0 suivre<br \/>\u2022 Rapide et facile \u00e0 nettoyer, \u00e0 entretenir et \u00e0 maintenir hygi\u00e9nique<\/p>\n<p><b><u>Caract\u00e9ristiques du produit :<\/u><\/b><br \/>\u2022 Mati\u00e8re : Inox<br \/>\u2022 Poids : 65,6 kg<br \/>\u2022 Couleur : Argent.<\/p>\n","protected":false},"excerpt":{"rendered":"<p>900x900x600mm<\/p>\n","protected":false},"featured_media":107626,"comment_status":"open","ping_status":"closed","template":"","meta":[],"product_brand":[],"product_cat":[1147,1153,1146,1297],"product_tag":[],"class_list":{"0":"post-110779","1":"product","2":"type-product","3":"status-publish","4":"has-post-thumbnail","6":"product_cat-chariots-et-rayonnages","7":"product_cat-etageres-murales-et-placards","8":"product_cat-mobilier-de-cuisine-chariots-et-echelles","9":"product_cat-non-palettisable","10":"product_shipping_class-free-shipping","12":"first","13":"instock","14":"featured","15":"taxable","16":"shipping-taxable","17":"purchasable","18":"product-type-simple"},"_links":{"self":[{"href":"https:\/\/abinox-chr-clim.com\/index.php\/wp-json\/wp\/v2\/product\/110779","targetHints":{"allow":["GET"]}}],"collection":[{"href":"https:\/\/abinox-chr-clim.com\/index.php\/wp-json\/wp\/v2\/product"}],"about":[{"href":"https:\/\/abinox-chr-clim.com\/index.php\/wp-json\/wp\/v2\/types\/product"}],"replies":[{"embeddable":true,"href":"https:\/\/abinox-chr-clim.com\/index.php\/wp-json\/wp\/v2\/comments?post=110779"}],"wp:featuredmedia":[{"embeddable":true,"href":"https:\/\/abinox-chr-clim.com\/index.php\/wp-json\/wp\/v2\/media\/107626"}],"wp:attachment":[{"href":"https:\/\/abinox-chr-clim.com\/index.php\/wp-json\/wp\/v2\/media?parent=110779"}],"wp:term":[{"taxonomy":"product_brand","embeddable":true,"href":"https:\/\/abinox-chr-clim.com\/index.php\/wp-json\/wp\/v2\/product_brand?post=110779"},{"taxonomy":"product_cat","embeddable":true,"href":"https:\/\/abinox-chr-clim.com\/index.php\/wp-json\/wp\/v2\/product_cat?post=110779"},{"taxonomy":"product_tag","embeddable":true,"href":"https:\/\/abinox-chr-clim.com\/index.php\/wp-json\/wp\/v2\/product_tag?post=110779"}],"curies":[{"name":"wp","href":"https:\/\/api.w.org\/{rel}","templated":true}]}}

<p>Solution de stockage ambiant pratique et fiable pour les zones commerciales. Construction solide en acier inoxydable avec portes coulissantes d&rsquo;accès facile et étagère centrale. Monté sur des pieds réglables pour une installation facile.</p>
<p>• Rangement ambiant idéal pour les casseroles et autres grands ustensiles<br />• Les portes coulissantes peuvent être ouvertes sans prendre de place supplémentaire<br />• Tablette centrale pour exploiter au maximum la capacité de stockage<br />• Acier inoxydable de qualité 430, étagère du milieu : SUS430 1,0 MM<br />• Fourni avec quatre pieds pour surélever l&rsquo;armoire du sol, les pieds sont réglables, la plage de réglage est de 140 mm à 160 mm<br />• Livré emballé à plat avec instructions de montage faciles à suivre<br />• Rapide et facile à nettoyer, à entretenir et à maintenir hygiénique</p>
<p><b><u>Caractéristiques du produit :</u></b><br />• Matière : Inox<br />• Poids : 65,6 kg<br />• Couleur : Argent.</p>
