{"id":110759,"date":"2025-05-29T12:05:29","date_gmt":"2025-05-29T10:05:29","guid":{"rendered":"https:\/\/abinox-chr-clim.com\/index.php\/product\/chaises-dinterieur-rembourrees-bolero-camden-lot-de-2\/"},"modified":"2026-04-14T10:54:54","modified_gmt":"2026-04-14T08:54:54","slug":"chaises-dinterieur-rembourrees-bolero-camden-lot-de-2","status":"publish","type":"product","link":"https:\/\/abinox-chr-clim.com\/index.php\/product\/chaises-dinterieur-rembourrees-bolero-camden-lot-de-2\/","title":{"rendered":"Chaises d&rsquo;int\u00e9rieur rembourr\u00e9es Bolero Camden (lot de 2)"},"content":{"rendered":"<p>Les chaises rembourr\u00e9es Bolero Camden sont durables et robustes et pr\u00e9sentent un design moderne. Elles sont livr\u00e9es enti\u00e8rement assembl\u00e9es par lot de 2, pr\u00eates \u00e0 l&#8217;emploi d\u00e8s leur sortie de l&#8217;emballage.<\/p>\n<p>\u2022 Le design Camden offre un beau style moderne \u00e0 une salle<br \/>\u2022 Livr\u00e9es enti\u00e8rement assembl\u00e9es par lot de 2, pr\u00eates \u00e0 l&#8217;emploi d\u00e8s leur sortie de l&#8217;emballage<br \/>\u2022 Le cadre en acier durable et robuste est peint avec un design effet bois<br \/>\u2022 Le rembourrage du si\u00e8ge offre un confort et un soutien suppl\u00e9mentaires<br \/>\u2022 Patins en plastique noir fournis pour aider \u00e0 prot\u00e9ger le sol et \u00e9viter les rayures<br \/>\u2022 Convient uniquement pour une utilisation en int\u00e9rieur<\/p>\n<p><b><u>Caract\u00e9ristiques du produit :<\/u><\/b><br \/>\u2022 Lot : 2.0<br \/>\u2022 Dim. : 745(H) x 500(L) mm<br \/>\u2022 Mati\u00e8re : Acier<br \/>\u2022 Poids : 5,8 kg<br \/>\u2022 Couleur : Marron.<\/p>\n","protected":false},"excerpt":{"rendered":"<p>Lot de 2<\/p>\n","protected":false},"featured_media":107165,"comment_status":"open","ping_status":"closed","template":"","meta":[],"product_brand":[],"product_cat":[1209,1208,1201,1297],"product_tag":[],"class_list":{"0":"post-110759","1":"product","2":"type-product","3":"status-publish","4":"has-post-thumbnail","6":"product_cat-chaises-interieur","7":"product_cat-interieur","8":"product_cat-mobilier","9":"product_cat-non-palettisable","10":"product_shipping_class-free-shipping","12":"first","13":"instock","14":"featured","15":"taxable","16":"shipping-taxable","17":"purchasable","18":"product-type-simple"},"_links":{"self":[{"href":"https:\/\/abinox-chr-clim.com\/index.php\/wp-json\/wp\/v2\/product\/110759","targetHints":{"allow":["GET"]}}],"collection":[{"href":"https:\/\/abinox-chr-clim.com\/index.php\/wp-json\/wp\/v2\/product"}],"about":[{"href":"https:\/\/abinox-chr-clim.com\/index.php\/wp-json\/wp\/v2\/types\/product"}],"replies":[{"embeddable":true,"href":"https:\/\/abinox-chr-clim.com\/index.php\/wp-json\/wp\/v2\/comments?post=110759"}],"wp:featuredmedia":[{"embeddable":true,"href":"https:\/\/abinox-chr-clim.com\/index.php\/wp-json\/wp\/v2\/media\/107165"}],"wp:attachment":[{"href":"https:\/\/abinox-chr-clim.com\/index.php\/wp-json\/wp\/v2\/media?parent=110759"}],"wp:term":[{"taxonomy":"product_brand","embeddable":true,"href":"https:\/\/abinox-chr-clim.com\/index.php\/wp-json\/wp\/v2\/product_brand?post=110759"},{"taxonomy":"product_cat","embeddable":true,"href":"https:\/\/abinox-chr-clim.com\/index.php\/wp-json\/wp\/v2\/product_cat?post=110759"},{"taxonomy":"product_tag","embeddable":true,"href":"https:\/\/abinox-chr-clim.com\/index.php\/wp-json\/wp\/v2\/product_tag?post=110759"}],"curies":[{"name":"wp","href":"https:\/\/api.w.org\/{rel}","templated":true}]}}