{"id":110724,"date":"2025-05-29T12:04:23","date_gmt":"2025-05-29T10:04:23","guid":{"rendered":"https:\/\/abinox-chr-clim.com\/index.php\/product\/bain-marie-4-pots-serie-600-buffalo\/"},"modified":"2026-04-02T10:29:15","modified_gmt":"2026-04-02T08:29:15","slug":"bain-marie-4-pots-serie-600-buffalo","status":"publish","type":"product","link":"https:\/\/abinox-chr-clim.com\/index.php\/product\/bain-marie-4-pots-serie-600-buffalo\/","title":{"rendered":"Bain-marie 4 pots S\u00e9rie 600 Buffalo"},"content":{"rendered":"<p>Bain-marie quatre pots poss\u00e8de une molette de r\u00e9glage de la temp\u00e9rature et un robinet de vidange pratique pour l&rsquo;\u00e9vacuation de l&rsquo;eau. La chaleur humide emp\u00eache les br\u00fblures et permet de r\u00e9chauffer les aliments de mani\u00e8re efficace et s\u00fbre.<\/p>\n<p>\u2022 Comprend 4 pots en acier inoxydable de 4L avec couvercles<br \/>\u2022 Bo\u00eetier en acier inoxydable<br \/>\u2022 Plage de temp\u00e9rature r\u00e9glable de 30-90&#8451;<br \/>\u2022 Op\u00e9ration douce de chaleur humide &#8211; r\u00e9duit le dess\u00e8chement des aliments<br \/>\u2022 Protection contre la surchauffe avec fonction de r\u00e9initialisation simple<br \/>\u2022 Robinet avant pour un drainage facile<br \/>\u2022 Transformez-le en une unit\u00e9 autonome &#8211; Compatible avec les unit\u00e9s de base CU470 et CU484 de la s\u00e9rie 600<br \/>\u2022 S&rsquo;harmonise avec le reste de la gamme de la s\u00e9rie Buffalo 600<\/p>\n<p><b><u>Caract\u00e9ristiques du produit :<\/u><\/b><br \/>\u2022 Dim. : 295(H) x 600(L) x 640(P) mm<br \/>\u2022 Mati\u00e8re : Inox<br \/>\u2022 Voltage : 220-240V<br \/>\u2022 Couleur : Argent.<\/p>\n","protected":false},"excerpt":{"rendered":"<p>1,5 kW. Capacit\u00e9 : 4x 4L<\/p>\n","protected":false},"featured_media":108791,"comment_status":"open","ping_status":"closed","template":"","meta":[],"product_brand":[],"product_cat":[1198,1160,1296,1197],"product_tag":[],"class_list":{"0":"post-110724","1":"product","2":"type-product","3":"status-publish","4":"has-post-thumbnail","6":"product_cat-bain-marie","7":"product_cat-materiel-electrique-et-de-cuisson","8":"product_cat-palettisable","9":"product_cat-service-presentation","10":"product_shipping_class-free-shipping","12":"first","13":"instock","14":"featured","15":"taxable","16":"shipping-taxable","17":"purchasable","18":"product-type-simple"},"_links":{"self":[{"href":"https:\/\/abinox-chr-clim.com\/index.php\/wp-json\/wp\/v2\/product\/110724","targetHints":{"allow":["GET"]}}],"collection":[{"href":"https:\/\/abinox-chr-clim.com\/index.php\/wp-json\/wp\/v2\/product"}],"about":[{"href":"https:\/\/abinox-chr-clim.com\/index.php\/wp-json\/wp\/v2\/types\/product"}],"replies":[{"embeddable":true,"href":"https:\/\/abinox-chr-clim.com\/index.php\/wp-json\/wp\/v2\/comments?post=110724"}],"wp:featuredmedia":[{"embeddable":true,"href":"https:\/\/abinox-chr-clim.com\/index.php\/wp-json\/wp\/v2\/media\/108791"}],"wp:attachment":[{"href":"https:\/\/abinox-chr-clim.com\/index.php\/wp-json\/wp\/v2\/media?parent=110724"}],"wp:term":[{"taxonomy":"product_brand","embeddable":true,"href":"https:\/\/abinox-chr-clim.com\/index.php\/wp-json\/wp\/v2\/product_brand?post=110724"},{"taxonomy":"product_cat","embeddable":true,"href":"https:\/\/abinox-chr-clim.com\/index.php\/wp-json\/wp\/v2\/product_cat?post=110724"},{"taxonomy":"product_tag","embeddable":true,"href":"https:\/\/abinox-chr-clim.com\/index.php\/wp-json\/wp\/v2\/product_tag?post=110724"}],"curies":[{"name":"wp","href":"https:\/\/api.w.org\/{rel}","templated":true}]}}