{"id":110613,"date":"2025-05-29T12:00:27","date_gmt":"2025-05-29T10:00:27","guid":{"rendered":"https:\/\/abinox-chr-clim.com\/index.php\/product\/aiguiseur-de-couteaux-electrique-trois-etapes-vogue\/"},"modified":"2026-04-13T07:57:53","modified_gmt":"2026-04-13T05:57:53","slug":"aiguiseur-de-couteaux-electrique-trois-etapes-vogue","status":"publish","type":"product","link":"https:\/\/abinox-chr-clim.com\/index.php\/product\/aiguiseur-de-couteaux-electrique-trois-etapes-vogue\/","title":{"rendered":"Aiguiseur de couteaux \u00e9lectrique trois \u00e9tapes Vogue"},"content":{"rendered":"<p>L&rsquo;aiguiseur \u00e0 couteaux \u00e9lectrique Vogue en trois \u00e9tapes est un moyen rapide et sans tracas pour remettre presque n&rsquo;importe quel couteau de cuisine pr\u00eat pour une journ\u00e9e charg\u00e9e de pr\u00e9paration.Comme son nom l&rsquo;indique, l&rsquo;aiguiseur de couteaux Vogue dispose de trois fonctions d&rsquo;aff\u00fbtage &#8211; broyage grossier, broyage fin et polissage, donc peu importe \u00e0 quel point votre lame est \u00e9mouss\u00e9e, l&rsquo;aiguiseur peut redonner au tranchant un \u00e9tat comme neuf. Le puissant moteur \u00e9lectrique garantit que tout l&rsquo;effort est retir\u00e9 &#8211; il suffit de l&rsquo;allumer et de faire passer doucement le couteau dans la section appropri\u00e9e.La solution parfaite pour prolonger la dur\u00e9e de vie de vos couteaux professionnels.<\/p>\n<p>\u2022 Convient \u00e0 tous les couteaux, en m\u00e9tal et en c\u00e9ramique<br \/>\u2022 Fonction de meuleuse d&rsquo;angle<br \/>\u2022 Moteur \u00e0 \u00e9conomie d&rsquo;\u00e9nergie avec thermostat et fusible de protection contre la surchauffe, une fois que la temp\u00e9rature d\u00e9passe 65, il s&rsquo;\u00e9teint automatiquement.<\/p>\n<p><b><u>Caract\u00e9ristiques du produit :<\/u><\/b><br \/>\u2022 Voltage : 220-240V<br \/>\u2022 Couleur : Argent.<\/p>\n","protected":false},"excerpt":{"rendered":"<p>18W. Aff\u00fbtage en trois \u00e9tapes<\/p>\n","protected":false},"featured_media":106582,"comment_status":"open","ping_status":"closed","template":"","meta":[],"product_brand":[],"product_cat":[1076,1075,1064,1297],"product_tag":[],"class_list":{"0":"post-110613","1":"product","2":"type-product","3":"status-publish","4":"has-post-thumbnail","6":"product_cat-aiguiseurs-a-couteaux","7":"product_cat-couteaux","8":"product_cat-cuisine","9":"product_cat-non-palettisable","10":"product_shipping_class-free-shipping","12":"first","13":"instock","14":"featured","15":"taxable","16":"shipping-taxable","17":"purchasable","18":"product-type-simple"},"_links":{"self":[{"href":"https:\/\/abinox-chr-clim.com\/index.php\/wp-json\/wp\/v2\/product\/110613","targetHints":{"allow":["GET"]}}],"collection":[{"href":"https:\/\/abinox-chr-clim.com\/index.php\/wp-json\/wp\/v2\/product"}],"about":[{"href":"https:\/\/abinox-chr-clim.com\/index.php\/wp-json\/wp\/v2\/types\/product"}],"replies":[{"embeddable":true,"href":"https:\/\/abinox-chr-clim.com\/index.php\/wp-json\/wp\/v2\/comments?post=110613"}],"wp:featuredmedia":[{"embeddable":true,"href":"https:\/\/abinox-chr-clim.com\/index.php\/wp-json\/wp\/v2\/media\/106582"}],"wp:attachment":[{"href":"https:\/\/abinox-chr-clim.com\/index.php\/wp-json\/wp\/v2\/media?parent=110613"}],"wp:term":[{"taxonomy":"product_brand","embeddable":true,"href":"https:\/\/abinox-chr-clim.com\/index.php\/wp-json\/wp\/v2\/product_brand?post=110613"},{"taxonomy":"product_cat","embeddable":true,"href":"https:\/\/abinox-chr-clim.com\/index.php\/wp-json\/wp\/v2\/product_cat?post=110613"},{"taxonomy":"product_tag","embeddable":true,"href":"https:\/\/abinox-chr-clim.com\/index.php\/wp-json\/wp\/v2\/product_tag?post=110613"}],"curies":[{"name":"wp","href":"https:\/\/api.w.org\/{rel}","templated":true}]}}