{"id":110571,"date":"2025-05-29T11:58:59","date_gmt":"2025-05-29T09:58:59","guid":{"rendered":"https:\/\/abinox-chr-clim.com\/index.php\/product\/barquettes-profondes-en-aluminium-lot-de-200\/"},"modified":"2026-04-24T10:21:10","modified_gmt":"2026-04-24T08:21:10","slug":"barquettes-profondes-en-aluminium-lot-de-200","status":"publish","type":"product","link":"https:\/\/abinox-chr-clim.com\/index.php\/product\/barquettes-profondes-en-aluminium-lot-de-200\/","title":{"rendered":"Barquettes profondes en aluminium (lot de 200)"},"content":{"rendered":"<p>Besoin de garder vos plats \u00e0 emporter au chaud et au frais &#63; Alors les barquettes alimentaires Briton sont parfaites pour vous. Con\u00e7ues avec une grande vari\u00e9t\u00e9 de mat\u00e9riaux recyclables, les r\u00e9cipients peuvent contenir des aliments en toute s\u00e9curit\u00e9, tout en d\u00e9tournant les d\u00e9chets des sites d&rsquo;enfouissement.<\/p>\n<p>\u2022 Capacit\u00e9 : 2,5L<\/p>\n<p><b><u>Caract\u00e9ristiques du produit :<\/u><\/b><br \/>\u2022 Lot : 200.0<br \/>\u2022 Capacit\u00e9 : 2,5 L<br \/>\u2022 Dim. : 51(H) x 230(L) mm<br \/>\u2022 Mati\u00e8re : Aluminium<br \/>\u2022 Poids : 4,81 kg<br \/>\u2022 Couleur : Argent.<\/p>\n","protected":false},"excerpt":{"rendered":"<p>Profondeur : 51mm. Lot de 200<\/p>\n","protected":false},"featured_media":107151,"comment_status":"open","ping_status":"closed","template":"","meta":[],"product_brand":[],"product_cat":[1241,1297,1238,1216],"product_tag":[],"class_list":{"0":"post-110571","1":"product","2":"type-product","3":"status-publish","4":"has-post-thumbnail","6":"product_cat-emballages-vente-a-emporter","7":"product_cat-non-palettisable","8":"product_cat-produits-a-usage-unique","9":"product_cat-usage-unique-et-entretien","10":"product_shipping_class-free-shipping","12":"first","13":"outofstock","14":"featured","15":"taxable","16":"shipping-taxable","17":"purchasable","18":"product-type-simple"},"_links":{"self":[{"href":"https:\/\/abinox-chr-clim.com\/index.php\/wp-json\/wp\/v2\/product\/110571","targetHints":{"allow":["GET"]}}],"collection":[{"href":"https:\/\/abinox-chr-clim.com\/index.php\/wp-json\/wp\/v2\/product"}],"about":[{"href":"https:\/\/abinox-chr-clim.com\/index.php\/wp-json\/wp\/v2\/types\/product"}],"replies":[{"embeddable":true,"href":"https:\/\/abinox-chr-clim.com\/index.php\/wp-json\/wp\/v2\/comments?post=110571"}],"wp:featuredmedia":[{"embeddable":true,"href":"https:\/\/abinox-chr-clim.com\/index.php\/wp-json\/wp\/v2\/media\/107151"}],"wp:attachment":[{"href":"https:\/\/abinox-chr-clim.com\/index.php\/wp-json\/wp\/v2\/media?parent=110571"}],"wp:term":[{"taxonomy":"product_brand","embeddable":true,"href":"https:\/\/abinox-chr-clim.com\/index.php\/wp-json\/wp\/v2\/product_brand?post=110571"},{"taxonomy":"product_cat","embeddable":true,"href":"https:\/\/abinox-chr-clim.com\/index.php\/wp-json\/wp\/v2\/product_cat?post=110571"},{"taxonomy":"product_tag","embeddable":true,"href":"https:\/\/abinox-chr-clim.com\/index.php\/wp-json\/wp\/v2\/product_tag?post=110571"}],"curies":[{"name":"wp","href":"https:\/\/api.w.org\/{rel}","templated":true}]}}